{"id":9587,"date":"2018-10-04T16:51:52","date_gmt":"2018-10-04T14:51:52","guid":{"rendered":"https:\/\/siemck.pl\/?page_id=9587"},"modified":"2023-10-27T14:48:16","modified_gmt":"2023-10-27T12:48:16","slug":"wspolkultura","status":"publish","type":"page","link":"https:\/\/www.siemck.pl\/wspolkultura\/","title":{"rendered":"Wsp\u00f3\u0142kultura"},"content":{"rendered":"<p>[vc_row][vc_column][vc_tta_tabs style=&#8221;modern&#8221; shape=&#8221;square&#8221; spacing=&#8221;2&#8243; active_section=&#8221;1&#8243; css_animation=&#8221;fadeIn&#8221;][vc_tta_section title=&#8221;O projekcie&#8221; tab_id=&#8221;o-projekcie&#8221;][vc_column_text]<img loading=\"lazy\" class=\"wp-image-22971 aligncenter\" src=\"https:\/\/www.siemck.pl\/wp-content\/uploads\/wspolkultura-2023-na-strone-400x244.jpg\" alt=\"\" width=\"589\" height=\"359\" srcset=\"https:\/\/www.siemck.pl\/wp-content\/uploads\/wspolkultura-2023-na-strone-400x244.jpg 400w, https:\/\/www.siemck.pl\/wp-content\/uploads\/wspolkultura-2023-na-strone-2000x1220.jpg 2000w, https:\/\/www.siemck.pl\/wp-content\/uploads\/wspolkultura-2023-na-strone-768x469.jpg 768w, https:\/\/www.siemck.pl\/wp-content\/uploads\/wspolkultura-2023-na-strone-600x366.jpg 600w, https:\/\/www.siemck.pl\/wp-content\/uploads\/wspolkultura-2023-na-strone-1536x937.jpg 1536w, https:\/\/www.siemck.pl\/wp-content\/uploads\/wspolkultura-2023-na-strone-2048x1249.jpg 2048w\" sizes=\"(max-width: 589px) 100vw, 589px\" \/><\/p>\n<p>&nbsp;<\/p>\n<p>&#x1f534; <strong>Wyniki konkursu Wsp\u00f3\u0142\/kultura vol. 3<\/strong><\/p>\n<p>W dniu 26 czerwca 2023 mia\u0142o miejsce spotkanie z autorami inicjatyw, kt\u00f3re wp\u0142yn\u0119\u0142y do SCK w ramach projektu Wsp\u00f3\u0142\/kultura vol. 3.<\/p>\n<p>Serdecznie gratulujemy wszystkim pomys\u0142odawcom, poniewa\u017c \u017cadna inicjatywa nie zosta\u0142a odrzucona.<\/p>\n<p>Komisja w sk\u0142adzie: Ma\u0142gorzata W\u00f3jcik (Animatorka projektu z ramienia Narodowego Centrum Kultury), Monika Pojda-Dzieko\u0144ska (Z-ca Dyrektora SCK), Rados\u0142aw Matysek (SCK), Marek Ko\u0142buk (SCK), Celina Bagi\u0144ska-W\u0142odarek (SCK); konsultacja merytoryczna: Hanna Kostrzewska (autorka raptoru z diagnozy projektu);<\/p>\n<p>&#8211; w wyniku obrad zarekomendowa\u0142a po\u0142\u0105czenie inicjatyw: \u201e\u015apiew, kt\u00f3ry \u0142\u0105czy, muzyka, kt\u00f3ra leczy\u201d oraz \u201eDzie\u0144 Przyja\u017ani Polsko \u2013 Ukrai\u0144skiej\u201d.<\/p>\n<p>&#8211; do realizacji przyj\u0119\u0142a wszystkie projekty, z nast\u0119puj\u0105cymi kwotami finansowania:<\/p>\n<ol>\n<li>Dagmara Jazowska, Inna Biliaieva &#8211; \u201eDzie\u0144 Przyja\u017ani Polsko \u2013 Ukrai\u0144skiej\u201d wraz z \u201e\u015apiew, kt\u00f3ry \u0142\u0105czy, muzyka, kt\u00f3ra leczy\u201d- 11\u00a0000<\/li>\n<li>Magdalena Wr\u00f3blewska-\u017balik &#8211; Rozbawiona Prze\u0142ajka \u2013 4000<\/li>\n<li>Anna Lempa, Klaudia Kaszyca &#8211; Prze\u0142ajka i Ba\u0144g\u00f3w &#8211; okiem mieszka\u0144c\u00f3w \u2013 2000<\/li>\n<li>Aleksandra Kuczek &#8211; To my \u2013 poznajcie nas \u2013 4000<\/li>\n<li>Jan Wieczorek &#8211; W bramach Huty Laura \u2013 4000<\/li>\n<li>Pawe\u0142 Roszak-Kwiatek &#8211; Ba\u0144g\u00f3w \u2013 miejsce z histori\u0105, miejsce dla historii &#8211; 4000<\/li>\n<li>Tadeusz \u017balik &#8211; Rzecz o jelyniokach i kabotku &#8211; czyli str\u00f3j (nie)od\u015bwi\u0119tny &#8211; 4000<\/li>\n<\/ol>\n<p>&nbsp;<\/p>\n<p><strong>&#x1f534; Zako\u0144czyli\u015bmy etap diagnostyczny projektu \u201ewsp\u00f3\u0142 \/ kultura, vol. 3\u201d!<\/strong><br \/>\nZach\u0119camy do zapoznania si\u0119 z <strong>raportem<\/strong>, kt\u00f3ry powsta\u0142 w efekcie prowadzonych bada\u0144:<\/p>\n<p><a href=\"https:\/\/www.siemck.pl\/wp-content\/uploads\/POL-raport-wspolkultura-2023.pdf\" target=\"_blank\" rel=\"noopener\">RAPORT Z DIAGNOZY ZASOB\u00d3W, POTRZEB I POTENCJA\u0141\u00d3W KULTUROWYCH 2023<\/a><br \/>\n<a href=\"https:\/\/www.siemck.pl\/wp-content\/uploads\/UKR-raport-wspolkultura-2023.pdf\" target=\"_blank\" rel=\"noopener\">\u0417\u0412\u0406\u0422 \u041f\u0420\u041e \u0414\u0406\u0410\u0413\u041d\u041e\u0421\u0422\u0418\u041a\u0423 \u041a\u0423\u041b\u042c\u0422\u0423\u0420\u041d\u0418\u0425 \u0420\u0415\u0421\u0423\u0420\u0421\u0406\u0412, \u041f\u041e\u0422\u0420\u0415\u0411 \u0422\u0410 \u041f\u041e\u0422\u0415\u041d\u0426\u0406\u0410\u041b\u0406\u0412 2023<\/a><\/p>\n<p>Teraz zapraszamy do udzia\u0142u <strong>w konkursie na inicjatywy lokalne<\/strong>. Zg\u0142aszane inicjatywy powinny uwzgl\u0119dnia\u0107 rekomendacje raportu.<br \/>\nPropozycje inicjatyw mo\u017cna zg\u0142asza\u0107 <strong>do 26 czerwca 2023, do godz. 12.00.<\/strong><br \/>\nMo\u017cliwa kwota dofinansowania: <strong>3 000 z\u0142 \u2013 12 000 z\u0142. <\/strong><br \/>\nSzczeg\u00f3\u0142y w <strong>regulaminie:<\/strong><\/p>\n<p><a href=\"https:\/\/www.siemck.pl\/wp-content\/uploads\/POL-wspolkultura-2023-regulamin.pdf\" target=\"_blank\" rel=\"noopener\">Regulamin konkursu na inicjatywy lokalne realizowane w ramach zadania wsp\u00f3\u0142 \/ kultura, vol. 3<\/a><br \/>\n<a href=\"https:\/\/www.siemck.pl\/wp-content\/uploads\/UKR-wspolkultura-2023-regulamin.pdf\" target=\"_blank\" rel=\"noopener\">\u041f\u0440\u0430\u0432\u0438\u043b\u0430 \u043a\u043e\u043d\u043a\u0443\u0440\u0441\u0443 \u043d\u0430 \u043c\u0456\u0441\u0446\u0435\u0432\u0456 \u0456\u043d\u0456\u0446\u0456\u0430\u0442\u0438\u0432\u0438, \u0440\u0435\u0430\u043b\u0456\u0437\u043e\u0432\u0430\u043d\u0456 \u0432 \u0440\u0430\u043c\u043a\u0430\u0445 \u0437\u0430\u0432\u0434\u0430\u043d\u043d\u044f \u0441\u043f\u0456\u0432 \/\u043a\u0443\u043b\u044c\u0442\u0443\u0440\u0430, \u0447. 3<\/a><\/p>\n<p>Inicjatywy nale\u017cy sk\u0142ada\u0107 na <strong>kartach zg\u0142oszeniowych<\/strong>:<\/p>\n<p><a href=\"https:\/\/www.siemck.pl\/wp-content\/uploads\/POL-wspolkultura-2023-formularz-zgloszeniowy-.docx\" target=\"_blank\" rel=\"noopener\">karta zg\u0142oszenia \u2013 wsp\u00f3\u0142 \/ kultura, vol. 3<\/a><br \/>\n<a href=\"https:\/\/www.siemck.pl\/wp-content\/uploads\/UKR-wspolkultura-2023-formularz-zgloszeniowy.docx\" target=\"_blank\" rel=\"noopener\">\u0411\u043b\u0430\u043d\u043a \u0443\u0447\u0430\u0441\u043d\u0438\u043a\u0430- \u0441\u043f\u0456\u0432\/\u043a\u0443\u043b\u044c\u0442\u0443\u0440\u0430, \u0447. 3<\/a><\/p>\n<p>Zach\u0119camy do konsultowania swoich pomys\u0142\u00f3w z Siemianowickim Centrum Kultury przed przes\u0142aniem karty zg\u0142oszeniowej:<br \/>\ntel. (32) 228 72 80<br \/>\ne-mail: sekretariat@siemck.pl<br \/>\nSiemianowickie Centrum Kultury<br \/>\nul. Niepodleg\u0142o\u015bci 45, Siemianowice \u015al\u0105skie<\/p>\n<p>&nbsp;<\/p>\n<p><strong>&#x1f534; Rusza projekt \u201ewsp\u00f3\u0142 \/ kultura, vol. 3\u201d \u2013 spotkania z mieszka\u0144cami<\/strong><\/p>\n<p><strong>\u00a0<\/strong><\/p>\n<p><strong>Siemianowickie Centrum Kultury po raz drugi bierze udzia\u0142 w programie Narodowego Centrum Kultury \u201eDom Kultury + Inicjatywy Lokalne\u201d. Pierwszy raz mieli\u015bmy okazj\u0119 uczestniczy\u0107 w programie DK + w roku 2018. W roku kolejnym zrealizowali\u015bmy podobn\u0105 inicjatyw\u0119 ze \u015brodk\u00f3w w\u0142asnych instytucji. Od tego czasu rzeczywisto\u015b\u0107 uleg\u0142a znacznym zmianom, dlatego zasadnym jest ponowny udzia\u0142 SCK i mieszka\u0144c\u00f3w Siemianowic w tej inicjatywie w roku 2023. Zadanie pn. \u201ewsp\u00f3\u0142 \/ kultura, vol. 3\u201d, na realizacj\u0119 kt\u00f3rego otrzymali\u015bmy dofinansowanie, zak\u0142ada:<\/strong><\/p>\n<p><strong>&#8211; przeprowadzenie diagnozy spo\u0142ecznej<\/strong><\/p>\n<p><strong>&#8211; podanie jej wynik\u00f3w diagnozy do publicznej wiadomo\u015bci<\/strong><\/p>\n<p><strong>&#8211; rozpisanie i rozstrzygni\u0119cie konkursu na inicjatywy lokalne w zakresie kultury<\/strong><\/p>\n<p><strong>&#8211; dofinansowanie i przeprowadzenie wy\u0142onionych w konkursie inicjatyw.<\/strong><\/p>\n<p><strong>\u00a0<\/strong><\/p>\n<p>Dzia\u0142ania w ramach projektu \u201ewsp\u00f3\u0142 \/ kultura, vol. 3\u201d s\u0105 adresowane do wszystkich zainteresowanych mieszka\u0144c\u00f3w Siemianowic, a tak\u017ce innych os\u00f3b zwi\u0105zanych z Siemianowicami, ale zar\u00f3wno w etapie badawczym, jak i etapie konkursowym szczeg\u00f3lny nacisk b\u0119dzie k\u0142adziony na rozpoznanie potrzeb i potencja\u0142u kulturotw\u00f3rczego 3 grup docelowych:<\/p>\n<p>&#8211; spo\u0142eczno\u015b\u0107 dzielnic bez o\u015brodka kultury <strong>(Ba\u0144g\u00f3w i Prze\u0142ajka)<\/strong><\/p>\n<p>&#8211; spo\u0142eczno\u015b\u0107 dzielnic i osiedli zagro\u017conych wykluczeniem spo\u0142ecznym <strong>(Centrum, Laurahutte, Hugo, Nowy \u015awiat)<\/strong><\/p>\n<p>&#8211; <strong>spo\u0142eczno\u015b\u0107 ukrai\u0144ska<\/strong> i osoby \u015bwiadcz\u0105ce pomoc obywatelom Ukrainy.<\/p>\n<p>Wytypowane grupy b\u0119d\u0105 badane w kontek\u015bcie mo\u017cliwo\u015bci ich wsp\u00f3\u0142dzia\u0142ania z Siemianowickim Centrum Kultury oraz w perspektywie ich integrowania z innymi grupami, a tak\u017ce zbadanie potencja\u0142u kulturotw\u00f3rczego badanych grup.<\/p>\n<p>&nbsp;<\/p>\n<p>W etapie diagnostycznym pragniemy zaprosi\u0107 mieszka\u0144c\u00f3w i osoby zainteresowane projektem <strong>na spotkania z ekspertami zewn\u0119trznymi i pracownikami SCK<\/strong>. Spotkania b\u0119d\u0105 mia\u0142y lu\u017an\u0105 i przyjazn\u0105 formu\u0142\u0119 grup fokusowych, nie trzeba si\u0119 na nie wcze\u015bniej rejestrowa\u0107, ani w \u017caden spos\u00f3b przygotowywa\u0107.<\/p>\n<p>&nbsp;<\/p>\n<p>Znane s\u0105 ju\u017c pierwsze terminy spotka\u0144, serdecznie zapraszamy!<\/p>\n<p>&nbsp;<\/p>\n<p><strong>Dzielnice bez o\u015brodka kultury \u2013 BA\u0143G\u00d3W i PRZE\u0141AJKA<\/strong><\/p>\n<p>26 kwietnia (\u015broda), g. 18.00 \u2013 Szko\u0142a Podstawowa nr 16, ul. Szymanowskiego 11<\/p>\n<p>&nbsp;<\/p>\n<p><strong>Dzielnice zagro\u017cone wykluczeniem \u2013 CENTRUM, LAURAHUTTE, HUGO, NOWY \u015aWIAT<\/strong><\/p>\n<p>10 maja (\u015broda), g. 18.00 \u2013 Szko\u0142a Podstawowa nr 3, ul. Szkolna 15<\/p>\n<p>&nbsp;<\/p>\n<p><strong>Spo\u0142eczno\u015b\u0107 UKRAI\u0143SKA<\/strong><\/p>\n<p>26 kwietnia (\u015broda), g. 18.00 \u2013 SCK \u2013 Willa Fitznera, ul. Fitzner\u00f3w 3<\/p>\n<p>16 maja (wtorek), g. 18.00 \u2013 SCK \u2013 Jarz\u0119bina, ul. Wierzbowa 2<\/p>\n<p>&nbsp;<\/p>\n<p>Je\u017celi nale\u017cysz do jednej z powy\u017cszych grup i \/ lub chcesz zaanga\u017cowa\u0107 si\u0119 w projekt na etapie diagnostycznym lub konkursowym \u2013 zach\u0119camy do przyj\u015bcia na wybrane spotkanie. W razie pyta\u0144 lub w\u0105tpliwo\u015bci \u2013 zapraszamy do kontaktu:<\/p>\n<p><strong>(32) 228 72 80, sekretariat@siemck.pl<\/strong><\/p>\n<p>&#8212;&#8212;&#8211;<\/p>\n<p class=\"p1\"><b>Wsp\u00f3\u0142 \/ kultura\u00a0 2019<\/b><\/p>\n<p><strong>wsp\u00f3\u0142 \/ kultura 2019 \u2013 II edycja konkursu<\/strong><\/p>\n<p>Projekt wsp\u00f3\u0142\/kultura jest partycypacyjnym projektem prowadzonym przez Siemianowickie Centrum Kultury w Siemianowicach \u015al\u0105skich. Celem projektu jest wy\u0142onienie, dofinansowanie i zrealizowanie kulturalnych lub spo\u0142eczno-kulturalnych inicjatyw lokalnych w ramach naboru prowadzonego w formie konkursu. Nabo\u0301r wniosko\u0301w \u2013 propozycji inicjatyw \u2013 kierowany jest do oso\u0301b indywidualnych oraz grup formalnych i nieformalnych, kto\u0301re sa\u0328 gotowe do podje\u0328cia wyzwania, jakim jest prowadzenie nowatorskich dzia\u0142a\u0144 animacyjnych pobudzaja\u0328cych mieszkan\u0301co\u0301w Siemianowic \u015al\u0105skich do aktywnego udzia\u0142u w lokalnym z\u0307yciu kulturalnym.<\/p>\n<p>Jes\u0301li masz ciekawy pomys\u0142 na inicjatywe\u0328 kulturalna\u0328 i ch\u0119\u0107 wsp\u00f3\u0142realizowania swojej inicjatywy z Siemianowickim Centrum Kultury w Siemianowicach \u015al\u0105skich \u2013 ten konkurs jest w\u0142as\u0301nie dla Ciebie.<\/p>\n<p>&nbsp;<\/p>\n<p><strong>WYNIKI KONKURSU WSP\u00d3\u0141\/KULTURA 2019<\/strong><\/p>\n<p><strong>Komisja konkursowa po zapoznaniu si\u0119 z projektami z\u0142o\u017conymi w konkursie WSP\u00d3\u0141\/KULTURA\u00a0 2019, organizowanym przez Siemianowickie Centrum Kultury rekomenduje dofinansowanie nast\u0119puj\u0105cych projekt\u00f3w:<\/strong><\/p>\n<ol>\n<li><strong>\u201ePortret Siemianowiczanina\u201d \u2013 autorka: Monika Bilska<\/strong><\/li>\n<li><strong>\u201ePoznaj Siebie\u201d \u2013 autorki: Aleksandra Kuczek, Zuzanna Borucka<\/strong><\/li>\n<li><strong>\u201eFamilijnySzpil\u201d \u2013 autorzy: Anna Rutkiewicz, Karolina Ossysek, Bartosz Dudzik, Konrad Kobylewski, Anna Ci\u0105\u017cy\u0144ska<\/strong><\/li>\n<li><strong>\u201eSobota w kosmosie\u201d \u2013 autor: Jan Wieczorek<\/strong><\/li>\n<li><strong>\u201eMuzyka po naszymu\u201d \u2013 autorka: Dagmara Apolinarska \u2013 Pres<\/strong><\/li>\n<li><strong>\u201eTw\u00f3rczy bajtel\u201d \u2013 autorka: Anna Hajduk<\/strong><\/li>\n<\/ol>\n<p>Wymienionych autor\u00f3w prosimy o kontakt w celu korekty bud\u017cetu oraz zakresu<br \/>\ni harmonogramu projektu.<\/p>\n<p>&nbsp;<\/p>\n<p>&nbsp;<\/p>\n<p>Dodatkowych informacji udziela Biuro Projektu:<\/p>\n<p>SCK \u2013 Bytk\u00f3w, ul. Niepodleg\u0142o\u015bci 45, Siemianowice \u015al\u0105skie<\/p>\n<p>(32) 228 72 80<\/p>\n<p><a href=\"mailto:sekretariat@siemck.pl\">sekretariat@siemck.pl<\/a><\/p>\n<p><strong>\u00a0<\/strong><\/p>\n<p><strong>wsp\u00f3\u0142 \/ kultura w ramach programu Dom Kultury + Inicjatywy Lokalne \u2013 I edycja konkursu (zako\u0144czona)<\/strong><\/p>\n<p>wsp\u00f3\u0142\/kultura w pierwszej edycji by\u0142a projektem realizowanym przez Siemianowickie Centrum Kultury w ramach programu Dom Kultury+ Inicjatywy Lokalne Narodowego Centrum Kultury w Warszawie.<\/p>\n<p>Pierwszy etap projektu polega\u0142 na przeprowadzeniu diagnozy w obr\u0119bie 3 wybranych grup docelowych.<\/p>\n<p>Badane by\u0142y mo\u017cliwo\u015bci wsp\u00f3\u0142dzia\u0142ania mieszka\u0144c\u00f3w z Siemianowickim Centrum Kultury oraz ich potencja\u0142 kulturotw\u00f3rczy. Badania w formie grup fokusowych przeprowadzili wsp\u00f3lnie: eksperci Regionalnego Instytutu Kultury w Katowicach, pracownicy SCK oraz przedstawiciele spo\u0142eczno\u015bci lokalnej.<\/p>\n<p>Wyniki bada\u0144 wraz z diagnoz\u0105 z nich wynikaj\u0105c\u0105 s\u0105 dost\u0119pne w formie elektronicznej w zak\u0142adce Do pobrania \/ linki.<\/p>\n<p>Drugim etapem projektu by\u0142 konkurs na inicjatywy lokalne. Mieszka\u0144cy, na podstawie wynik\u00f3w diagnozy oraz w\u0142asnych zainteresowa\u0144, inspiracji, obserwacji i do\u015bwiadcze\u0144 zg\u0142aszali swoje pomys\u0142y na lokalne projekty kulturalne. Kwota \u015brodk\u00f3w przyznanych na realizacj\u0119 wy\u0142onionych projekt\u00f3w przez Narodowe Centrum Kultury wynosi\u0142a 22000 z\u0142. Wk\u0142ad w\u0142asny Siemianowickiego Centrum Kultury wyni\u00f3s\u0142 3000 z\u0142, a zatem \u0142\u0105czna kwota dofinansowania wszystkich wybranych projekt\u00f3w wynosi\u0142a 25000.<\/p>\n<p>Konkurs adresowany by\u0142 szczeg\u00f3lnie do diagnozowanych grup docelowych, a tak\u017ce do os\u00f3b, kt\u00f3re chcia\u0142yby zrealizowa\u0107 projekt na rzecz wymienionych w diagnozie grup docelowych.<\/p>\n<p>Kolejny etap projektu by\u0142 ju\u017c wcielaniem pomys\u0142\u00f3w w \u017cycie. Od lipca do listopada 2018 r. autorzy wy\u0142onionych w konkursie inicjatyw realizowali swoje projekty przy wsparciu Siemianowickiego Centrum Kultury.<\/p>\n<p>O poszczeg\u00f3lnych projektach zrealizowanych w 2018 roku mo\u017cna przeczyta\u0107 w po\u015bwi\u0119conych im zak\u0142adkach.<\/p>\n<p>Powodzenie projektu sk\u0142oni\u0142o SCK do podj\u0119cia si\u0119 jego kontynuacji w kolejnym roku, tym razem ze \u015brodk\u00f3w w\u0142asnych instytucji[\/vc_column_text][vc_empty_space height=&#8221;1px&#8221;][\/vc_tta_section][vc_tta_section title=&#8221;Aktualno\u015bci&#8221; tab_id=&#8221;aktualnosci&#8221;][vc_basic_grid post_type=&#8221;post&#8221; max_items=&#8221;10&#8243; grid_id=&#8221;vc_gid:1688037259676-040ba0d0-a053-1&#8243; taxonomies=&#8221;93&#8243;][\/vc_tta_section][vc_tta_section title=&#8221;Galeria zdj\u0119\u0107&#8221; tab_id=&#8221;galeria&#8221;][vc_media_grid element_width=&#8221;6&#8243; gap=&#8221;10&#8243; item=&#8221;masonryMedia_Default&#8221; grid_id=&#8221;vc_gid:1688037259678-3bcd960b-72b0-4&#8243; include=&#8221;9624,9622,9623,9621,9626,9625&#8243;][\/vc_tta_section][vc_tta_section title=&#8221;Do pobrania \/ Linki&#8221; tab_id=&#8221;do-pobrania&#8221;][vc_row_inner][vc_column_inner width=&#8221;1\/2&#8243;][vc_column_text]<strong>Do pobrania<\/strong><\/p>\n<ul>\n<li style=\"list-style-type: none;\"><\/li>\n<\/ul>\n<p><a href=\"https:\/\/www.siemck.pl\/wp-content\/uploads\/Vademecum-historii-Bangowa.pdf\" target=\"_blank\" rel=\"noopener\">VADEMECUM HISTORII BA\u0143GOWA <\/a>&#8211; publikacja powsta\u0142a w ramach inicjatywy \u201eBa\u0144g\u00f3w \u2013 miejsce z histori\u0105, miejsce dla historii\u201d\u00a0 w projekcie Wsp\u00f3\u0142\/kultura vol.3<\/p>\n<p><a href=\"https:\/\/www.siemck.pl\/wp-content\/uploads\/POL-wspolkultura-2023-regulamin.pdf\" target=\"_blank\" rel=\"noopener\">Regulamin konkursu na inicjatywy lokalne realizowane w ramach zadania wsp\u00f3\u0142 \/ kultura, vol. 3<\/a><\/p>\n<p><a href=\"https:\/\/www.siemck.pl\/wp-content\/uploads\/UKR-wspolkultura-2023-regulamin.pdf\" target=\"_blank\" rel=\"noopener\">\u041f\u0440\u0430\u0432\u0438\u043b\u0430 \u043a\u043e\u043d\u043a\u0443\u0440\u0441\u0443 \u043d\u0430 \u043c\u0456\u0441\u0446\u0435\u0432\u0456 \u0456\u043d\u0456\u0446\u0456\u0430\u0442\u0438\u0432\u0438, \u0440\u0435\u0430\u043b\u0456\u0437\u043e\u0432\u0430\u043d\u0456 \u0432 \u0440\u0430\u043c\u043a\u0430\u0445 \u0437\u0430\u0432\u0434\u0430\u043d\u043d\u044f \u0441\u043f\u0456\u0432 \/\u043a\u0443\u043b\u044c\u0442\u0443\u0440\u0430, \u0447. 3<\/a><\/p>\n<ul>\n<li style=\"list-style-type: none;\"><\/li>\n<\/ul>\n<p><a href=\"https:\/\/www.siemck.pl\/wp-content\/uploads\/POL-raport-wspolkultura-2023.pdf\" target=\"_blank\" rel=\"noopener\">RAPORT Z DIAGNOZY ZASOB\u00d3W, POTRZEB I POTENCJA\u0141\u00d3W KULTUROWYCH 2023<\/a><\/p>\n<p><a href=\"https:\/\/www.siemck.pl\/wp-content\/uploads\/UKR-raport-wspolkultura-2023.pdf\" target=\"_blank\" rel=\"noopener\">\u0417\u0412\u0406\u0422 \u041f\u0420\u041e \u0414\u0406\u0410\u0413\u041d\u041e\u0421\u0422\u0418\u041a\u0423 \u041a\u0423\u041b\u042c\u0422\u0423\u0420\u041d\u0418\u0425 \u0420\u0415\u0421\u0423\u0420\u0421\u0406\u0412, \u041f\u041e\u0422\u0420\u0415\u0411 \u0422\u0410 \u041f\u041e\u0422\u0415\u041d\u0426\u0406\u0410\u041b\u0406\u0412 2023<\/a><\/p>\n<p>[\/vc_column_text][\/vc_column_inner][vc_column_inner width=&#8221;1\/2&#8243;][vc_column_text]<strong>Linki<\/strong><\/p>\n<p><a href=\"https:\/\/www.nck.pl\/dotacje-i-stypendia\/dotacje\/programy-dotacyjne-nck\/dom-kultury\" target=\"_blank\" rel=\"noopener\">Narodowe Centrum Kultury<\/a><\/p>\n<p><a href=\"https:\/\/www.facebook.com\/wspolkultura\/\" target=\"_blank\" rel=\"noopener\">Funpage projektu na Facebooku<\/a><\/p>\n<p>[\/vc_column_text][\/vc_column_inner][\/vc_row_inner][\/vc_tta_section][\/vc_tta_tabs][\/vc_column][\/vc_row][vc_row][vc_column][vc_column_text]<img loading=\"lazy\" class=\"alignnone size-full wp-image-9676\" src=\"https:\/\/siemck.pl\/wp-content\/uploads\/logotypy.png\" alt=\"\" width=\"1020\" height=\"110\" srcset=\"https:\/\/www.siemck.pl\/wp-content\/uploads\/logotypy.png 1020w, https:\/\/www.siemck.pl\/wp-content\/uploads\/logotypy-400x43.png 400w, https:\/\/www.siemck.pl\/wp-content\/uploads\/logotypy-768x83.png 768w, https:\/\/www.siemck.pl\/wp-content\/uploads\/logotypy-600x65.png 600w\" sizes=\"(max-width: 1020px) 100vw, 1020px\" \/>[\/vc_column_text][\/vc_column][\/vc_row]<\/p>\n","protected":false},"excerpt":{"rendered":"<p>[vc_row][vc_column][vc_tta_tabs style=&#8221;modern&#8221; shape=&#8221;square&#8221; spacing=&#8221;2&#8243; active_section=&#8221;1&#8243; css_animation=&#8221;fadeIn&#8221;][vc_tta_section title=&#8221;O projekcie&#8221; tab_id=&#8221;o-projekcie&#8221;][vc_column_text] &nbsp; &#x1f534; Wyniki konkursu Wsp\u00f3\u0142\/kultura vol. 3 W dniu 26 czerwca 2023 mia\u0142o miejsce spotkanie z autorami inicjatyw, kt\u00f3re wp\u0142yn\u0119\u0142y do SCK w ramach projektu Wsp\u00f3\u0142\/kultura vol. 3. Serdecznie gratulujemy wszystkim pomys\u0142odawcom, poniewa\u017c \u017cadna inicjatywa nie zosta\u0142a odrzucona. Komisja w sk\u0142adzie: Ma\u0142gorzata W\u00f3jcik (Animatorka projektu z [&hellip;]<\/p>\n","protected":false},"author":1,"featured_media":0,"parent":0,"menu_order":0,"comment_status":"closed","ping_status":"closed","template":"page_fullwidth.php","meta":[],"_links":{"self":[{"href":"https:\/\/www.siemck.pl\/wp-json\/wp\/v2\/pages\/9587"}],"collection":[{"href":"https:\/\/www.siemck.pl\/wp-json\/wp\/v2\/pages"}],"about":[{"href":"https:\/\/www.siemck.pl\/wp-json\/wp\/v2\/types\/page"}],"author":[{"embeddable":true,"href":"https:\/\/www.siemck.pl\/wp-json\/wp\/v2\/users\/1"}],"replies":[{"embeddable":true,"href":"https:\/\/www.siemck.pl\/wp-json\/wp\/v2\/comments?post=9587"}],"version-history":[{"count":95,"href":"https:\/\/www.siemck.pl\/wp-json\/wp\/v2\/pages\/9587\/revisions"}],"predecessor-version":[{"id":24496,"href":"https:\/\/www.siemck.pl\/wp-json\/wp\/v2\/pages\/9587\/revisions\/24496"}],"wp:attachment":[{"href":"https:\/\/www.siemck.pl\/wp-json\/wp\/v2\/media?parent=9587"}],"curies":[{"name":"wp","href":"https:\/\/api.w.org\/{rel}","templated":true}]}}