{"id":8464,"date":"2018-05-28T10:34:46","date_gmt":"2018-05-28T08:34:46","guid":{"rendered":"https:\/\/siemck.pl\/?page_id=8464"},"modified":"2026-02-09T15:57:37","modified_gmt":"2026-02-09T14:57:37","slug":"rodo","status":"publish","type":"page","link":"https:\/\/www.siemck.pl\/rodo\/","title":{"rendered":"RODO"},"content":{"rendered":"<p style=\"text-align: center;\"><strong>KLAUZULA INFORMACYJNA RODO<\/strong><\/p>\n<p>&nbsp;<\/p>\n<p>Z uwagi na art. 13 ust. 1 i 2 Rozporz\u0105dzenia Parlamentu Europejskiego i Rady (UE) 2016\/679 z dnia 27 kwietnia 2016 r. w sprawie ochrony os\u00f3b fizycznych w zwi\u0105zku z przetwarzaniem danych osobowych i w sprawie swobodnego przep\u0142ywu takich danych oraz uchylenia dyrektywy 95\/46\/WE, dalej jako: Rozporz\u0105dzenie 2016\/679 lub RODO, informujemy, \u017ce:<\/p>\n<ol>\n<li>Administratorem Pani\/Pana danych osobowych Siemianowickie Centrum Kultury z siedzib\u0105 w Siemianowicach \u015al\u0105skich (41-106) przy ulicy Niepodleg\u0142o\u015bci 45 (dalej jako: Administrator);<\/li>\n<li>U Administratora wyznaczono inspektora ochrony danych, z kt\u00f3rym mo\u017ce si\u0119 Pani\/Pan kontaktowa\u0107 we wszystkich sprawach zwi\u0105zanych z przetwarzaniem Pani\/Pana danych osobowych pod adresem e-mail <a href=\"mailto:iod@apfsolutions.pl\">iod@apfsolutions.pl<\/a> lub przesy\u0142aj\u0105c korespondencj\u0119 na adres Administratora danych z dopiskiem \u201eIOD\u201d;<\/li>\n<li>Dane osobowe przetwarzane b\u0119d\u0105 na podstawie art. 6 ust. 1 lit. a, b i c, czyli w oparciu o wyra\u017con\u0105 przez Pa\u0144stwa zgod\u0119, realizacj\u0119 umowy, w kt\u00f3rej s\u0105 Pa\u0144stwo stron\u0105 lub wskutek ci\u0105\u017c\u0105cego na nas obowi\u0105zku prawnego, wynikaj\u0105cego mi\u0119dzy innymi z:<br \/>\n&#8211;\u00a0ustawy z dnia 25 pa\u017adziernika 1991 r. o organizowaniu i prowadzeniu dzia\u0142alno\u015bci kulturalnej;<br \/>\n&#8211; ustawa z dnia 23 kwietnia 1964 r. Kodeks cywilny;<br \/>\n&#8211; ustawy z dnia 26 czerwca 1974 r. Kodeks pracy;<br \/>\n&#8211; odpowiednio do okoliczno\u015bci przetwarzania danych.<\/li>\n<li>Odbiorcami danych osobowych mog\u0105 by\u0107 organy lub podmioty, dzia\u0142aj\u0105ce w oparciu o powszechnie obowi\u0105zuj\u0105ce przepisy prawa. Dane osobowe mog\u0105 zosta\u0107 powierzone podmiotom wspieraj\u0105cym bie\u017c\u0105c\u0105 dzia\u0142alno\u015b\u0107 Administratora, z kt\u00f3rymi Administrator zawar\u0142, na mocy art. 28 Rozporz\u0105dzenia 2016\/679, umowy powierzenia przetwarzania danych;<\/li>\n<li>Dane osobowe b\u0119d\u0105 przetwarzane przez okres okre\u015blony w przepisach prawa;<\/li>\n<li>Posiada Pani\/Pan:<br \/>\n&#8211; prawo dost\u0119pu do danych osobowych Pani\/Pana dotycz\u0105cych;<br \/>\n&#8211; prawo do sprostowania Pani\/Pana danych osobowych;<br \/>\n&#8211; prawo \u017c\u0105dania od administratora ograniczenia przetwarzania danych osobowych;<br \/>\n&#8211; prawo do wniesienia skargi do organu nadzorczego \u2013 Prezesa Urz\u0119du Ochrony Danych Osobowych, je\u017celi uzna Pani\/Pan, \u017ce dane przetwarzane s\u0105 w spos\u00f3b niezgodny z obowi\u0105zuj\u0105cym prawem;<br \/>\n&#8211; prawo sprzeciwu, wobec przetwarzania danych osobowych;<br \/>\n&#8211; prawo do przenoszenia danych;<br \/>\n&#8211; prawo do wycofania zgody.<\/li>\n<li>Adekwatnie do podstawy i okoliczno\u015bci przetwarzania danych;<\/li>\n<li>Podanie przez Pani\u0105\/Pana danych osobowych jest dobrowolne, uwarunkowane umownie lub jest wymogiem ustawowym, a konsekwencj\u0105 niepodania danych osobowych mo\u017ce by\u0107 brak spe\u0142nienia wymog\u00f3w formalnych;<\/li>\n<li>Pani\/Pana dane osobowe nie b\u0119d\u0105 wykorzystane do podejmowania decyzji, kt\u00f3re opieraj\u0105 si\u0119 wy\u0142\u0105cznie na zautomatyzowanym przetwarzaniu, w tym profilowaniu.<\/li>\n<\/ol>\n<p>&nbsp;<\/p>\n<p style=\"text-align: center;\"><strong>Informacja o przetwarzaniu danych osobowych w systemie monitoringu wizyjnego<\/strong><\/p>\n<p>&nbsp;<\/p>\n<ol>\n<li>Monitoring wizyjny prowadzony jest przez Siemianowickie Centrum Kultury z siedzib\u0105 w Siemianowicach \u015al\u0105skich (41-106) przy ulicy Niepodleg\u0142o\u015bci 45, oraz z oddzia\u0142ach Siemianowickie Centrum Kultury Park Tradycji (ul. Orzeszkowej 12), Siemianowickie Centrum Kultury Zameczek (ul. O\u015bwi\u0119cimska 1) celu zapewnienia porz\u0105dku publicznego i bezpiecze\u0144stwa obywateli, co jest zgodne z art. 9a \u00a0ustawy z dnia 8 marca 1990 o samorz\u0105dzie gminnym.<\/li>\n<\/ol>\n<ol start=\"2\">\n<li>Monitoring obejmuje:<\/li>\n<\/ol>\n<ul>\n<li>Kas\u0119 g\u0142\u00f3wn\u0105 (od strony korytarza) oraz serwerowni\u0119 (i wej\u015bcie do niej) wewn\u0105trz budynku Siemianowickiego Centrum Kultury przy ul. Niepodleg\u0142o\u015bci 45 w Siemianowicach \u015al\u0105skich (41-106).<\/li>\n<li>Wewn\u0105trz budynku oraz zewn\u0119trzne ci\u0105gi komunikacyjne przy budynku Siemianowickiego Centrum Kultury Park Tradycji przy ul. Orzeszkowej 12 w Siemianowicach \u015al\u0105skich (41-103).<\/li>\n<li>Wewn\u0105trz budynku Siemianowickiego Centrum Kultury Zameczek przy ul. O\u015bwi\u0119cimskiej 1 w Siemianowicach \u015al\u0105skich (41-103).<\/li>\n<\/ul>\n<ol start=\"3\">\n<li>Na podstawie Rozporz\u0105dzenia Parlamentu Europejskiego i Rady (UE) 2016\/679 z dnia 27 kwietnia 2016 r. w\u00a0sprawie ochrony os\u00f3b fizycznych w zwi\u0105zku z przetwarzaniem danych osobowych i w sprawie swobodnego przep\u0142ywu takich danych oraz uchylenia dyrektywy 95\/46\/WE, (dalej jako: \u201eRozporz\u0105dzenie 2016\/679&#8243;), informujemy, \u017ce:<\/li>\n<\/ol>\n<ul>\n<li>administratorem danych osobowych w postaci danych osobowych os\u00f3b utrwalonych w formie nagrania obrazu jest Siemianowickie Centrum Kultury z siedzib\u0105 w Siemianowicach \u015al\u0105skich (41-106) przy ulicy Niepodleg\u0142o\u015bci 45 (dalej: Administrator);<\/li>\n<li>Administrator wyznaczy\u0142 inspektora ochrony danych, z kt\u00f3rym mo\u017cecie si\u0119 Pa\u0144stwo kontaktowa\u0107 we wszystkich sprawach zwi\u0105zanych z przetwarzaniem danych osobowych, pod adresem e-mail: <a href=\"mailto:iod@apfsolutions.pl\">iod@apfsolutions.pl<\/a> \u00a0lub przesy\u0142aj\u0105c korespondencj\u0119 na adres siedziby Administratora z dopiskiem \u201eIOD\u201d;<\/li>\n<li>Pa\u0144stwa dane osobowe przetwarzane b\u0119d\u0105 w oparciu o\u00a0art. 6 ust. 1 lit. e Rozporz\u0105dzenia og\u00f3lnego 2016\/679, tj. przetwarzanie jest niezb\u0119dne do wykonania zadania realizowanego w interesie publicznym lub w ramach sprawowania w\u0142adzy publicznej powierzonej administratorowi, w zwi\u0105zku z\u00a0art. 9a ustawy z dnia 8 marca 1990 o samorz\u0105dzie gminnym, to jest w czyli w\u00a0celu zapewnienia porz\u0105dku publicznego i bezpiecze\u0144stwa obywateli;<\/li>\n<li>nagrania obrazu zawieraj\u0105ce Pa\u0144stwa dane osobowe s\u0105 przetwarzane wy\u0142\u0105cznie do cel\u00f3w, dla kt\u00f3rych zosta\u0142y zebrane i przechowywane przez okres nieprzekraczaj\u0105cy 30 dni od dnia nagrania. Po up\u0142ywie tego okresu, uzyskane w wyniku monitoringu nagrania obrazu zawieraj\u0105ce Pa\u0144stwa dane osobowe podlegaj\u0105 zniszczeniu, z\u00a0wyj\u0105tkiem sytuacji, w kt\u00f3rych nagrania zosta\u0142y zabezpieczone jako materia\u0142 dowodowy w tocz\u0105cym si\u0119 post\u0119powaniu, zgodnie z\u00a0odr\u0119bnymi przepisami;<\/li>\n<li>W uzasadnionych przypadkach Pa\u0144stwa dane osobowe mog\u0105 zosta\u0107 udost\u0119pnione podmiotom oraz organom, kt\u00f3rym Administrator jest zobowi\u0105zany udost\u0119pni\u0107 dane osobowe, na podstawie powszechnie obowi\u0105zuj\u0105cych przepis\u00f3w prawa (np. policja, s\u0105d, stra\u017c miejska);<\/li>\n<\/ul>\n<ol start=\"4\">\n<li>Posiadacie Pa\u0144stwo prawo do:<\/li>\n<\/ol>\n<ul>\n<li>informacji o istnieniu monitoringu, jego zasi\u0119gu, celu, nazwie Administratora, jego adresie i\u00a0danych do kontaktu;<\/li>\n<li>dost\u0119pu do danych osobowych (tre\u015bci zapis\u00f3w z monitoringu Pa\u0144stwa dotycz\u0105cych);<\/li>\n<li>sprzeciwu wobec przetwarzania danych osobowych, z zastrze\u017ceniem niewykonania tego prawa o ile Administrator wyka\u017ce istnienie wa\u017cnych prawnie uzasadnionych podstaw do dalszego przetwarzania lub podstaw zwi\u0105zanych z ustalaniem, dochodzeniem lub obron\u0105 roszcze\u0144;<\/li>\n<li>ograniczenia przetwarzania Pa\u0144stwa danych osobowych (np. poprzez anonimizacj\u0119, ograniczenie kr\u0119gu os\u00f3b posiadaj\u0105cych dost\u0119p do danych), zw\u0142aszcza w sytuacji, gdy skorzystaj\u0105 Pa\u0144stwo z\u00a0prawa do sprzeciwu wobec przetwarzania danych osobowych \u2013 na czas weryfikacji mo\u017cliwo\u015bci zrealizowania tego sprzeciwu;<\/li>\n<li>prawo do usuni\u0119cia danych osobowych, o ile nie wyst\u0119puj\u0105 nadrz\u0119dne prawnie uzasadnione podstawy dalszego przetwarzania;<\/li>\n<li>przetwarzania danych przez ograniczony czas, co w szczeg\u00f3lno\u015bci jest realizowane tak\u017ce poprzez okre\u015blony przez Administratora maksymalny okres przechowywania nagra\u0144 z monitoringu wskazany w punkcie 4 niniejszej informacji;<\/li>\n<li>wniesienia skargi do organu nadzorczego \u2013 Prezesa Urz\u0119du Ochrony Danych Osobowych \u2013 w ka\u017cdym momencie, gdy uznacie Pa\u0144stwo, i\u017c przetwarzanie Pa\u0144stwa danych osobowych narusza przepisy Rozporz\u0105dzenia 2016\/679;<\/li>\n<\/ul>\n<ol start=\"5\">\n<li>Dane osobowe przetwarzane w systemie monitoringu nie s\u0105 przekazywane do pa\u0144stw trzecich w rozumieniu Rozporz\u0105dzenia 2016\/679;<\/li>\n<\/ol>\n<ol start=\"6\">\n<li>Pa\u0144stwa dane osobowe nie b\u0119d\u0105 wykorzystane do podejmowania decyzji, kt\u00f3re opieraj\u0105 si\u0119 wy\u0142\u0105cznie na zautomatyzowanym przetwarzaniu, w tym profilowaniu.<\/li>\n<\/ol>\n<p>&nbsp;<\/p>\n<p><strong>Wype\u0142niaj\u0105c zapisy art. 11 ustawy z dnia 10 maja 2018 r. o ochronie danych osobowych, udost\u0119pniamy dane wyznaczonego inspektora ochrony danych: \u00a0<span class=\"fontstyle0\">Natalia Bugajska-Skut<\/span><\/strong><strong>, e-mail<\/strong>\u00a0<a href=\"mailto:n.bugajska@apfsolutions.pl\">iod@apfsolutions.pl<\/a><\/p>\n","protected":false},"excerpt":{"rendered":"<p>KLAUZULA INFORMACYJNA RODO &nbsp; Z uwagi na art. 13 ust. 1 i 2 Rozporz\u0105dzenia Parlamentu Europejskiego i Rady (UE) 2016\/679 z dnia 27 kwietnia 2016 r. w sprawie ochrony os\u00f3b fizycznych w zwi\u0105zku z przetwarzaniem danych osobowych i w sprawie swobodnego przep\u0142ywu takich danych oraz uchylenia dyrektywy 95\/46\/WE, dalej jako: Rozporz\u0105dzenie 2016\/679 lub RODO, informujemy, [&hellip;]<\/p>\n","protected":false},"author":9,"featured_media":0,"parent":0,"menu_order":0,"comment_status":"closed","ping_status":"closed","template":"page_fullwidth.php","meta":[],"_links":{"self":[{"href":"https:\/\/www.siemck.pl\/wp-json\/wp\/v2\/pages\/8464"}],"collection":[{"href":"https:\/\/www.siemck.pl\/wp-json\/wp\/v2\/pages"}],"about":[{"href":"https:\/\/www.siemck.pl\/wp-json\/wp\/v2\/types\/page"}],"author":[{"embeddable":true,"href":"https:\/\/www.siemck.pl\/wp-json\/wp\/v2\/users\/9"}],"replies":[{"embeddable":true,"href":"https:\/\/www.siemck.pl\/wp-json\/wp\/v2\/comments?post=8464"}],"version-history":[{"count":50,"href":"https:\/\/www.siemck.pl\/wp-json\/wp\/v2\/pages\/8464\/revisions"}],"predecessor-version":[{"id":30211,"href":"https:\/\/www.siemck.pl\/wp-json\/wp\/v2\/pages\/8464\/revisions\/30211"}],"wp:attachment":[{"href":"https:\/\/www.siemck.pl\/wp-json\/wp\/v2\/media?parent=8464"}],"curies":[{"name":"wp","href":"https:\/\/api.w.org\/{rel}","templated":true}]}}

<p style="text-align: center;"><strong>KLAUZULA INFORMACYJNA RODO</strong></p>
<p>&nbsp;</p>
<p>Z uwagi na art. 13 ust. 1 i 2 Rozporządzenia Parlamentu Europejskiego i Rady (UE) 2016/679 z dnia 27 kwietnia 2016 r. w sprawie ochrony osób fizycznych w związku z przetwarzaniem danych osobowych i w sprawie swobodnego przepływu takich danych oraz uchylenia dyrektywy 95/46/WE, dalej jako: Rozporządzenie 2016/679 lub RODO, informujemy, że:</p>
<ol>
<li>Administratorem Pani/Pana danych osobowych Siemianowickie Centrum Kultury z siedzibą w Siemianowicach Śląskich (41-106) przy ulicy Niepodległości 45 (dalej jako: Administrator);</li>
<li>U Administratora wyznaczono inspektora ochrony danych, z którym może się Pani/Pan kontaktować we wszystkich sprawach związanych z przetwarzaniem Pani/Pana danych osobowych pod adresem e-mail <a href="mailto:iod@apfsolutions.pl">iod@apfsolutions.pl</a> lub przesyłając korespondencję na adres Administratora danych z dopiskiem „IOD”;</li>
<li>Dane osobowe przetwarzane będą na podstawie art. 6 ust. 1 lit. a, b i c, czyli w oparciu o wyrażoną przez Państwa zgodę, realizację umowy, w której są Państwo stroną lub wskutek ciążącego na nas obowiązku prawnego, wynikającego między innymi z:<br />
&#8211; ustawy z dnia 25 października 1991 r. o organizowaniu i prowadzeniu działalności kulturalnej;<br />
&#8211; ustawa z dnia 23 kwietnia 1964 r. Kodeks cywilny;<br />
&#8211; ustawy z dnia 26 czerwca 1974 r. Kodeks pracy;<br />
&#8211; odpowiednio do okoliczności przetwarzania danych.</li>
<li>Odbiorcami danych osobowych mogą być organy lub podmioty, działające w oparciu o powszechnie obowiązujące przepisy prawa. Dane osobowe mogą zostać powierzone podmiotom wspierającym bieżącą działalność Administratora, z którymi Administrator zawarł, na mocy art. 28 Rozporządzenia 2016/679, umowy powierzenia przetwarzania danych;</li>
<li>Dane osobowe będą przetwarzane przez okres określony w przepisach prawa;</li>
<li>Posiada Pani/Pan:<br />
&#8211; prawo dostępu do danych osobowych Pani/Pana dotyczących;<br />
&#8211; prawo do sprostowania Pani/Pana danych osobowych;<br />
&#8211; prawo żądania od administratora ograniczenia przetwarzania danych osobowych;<br />
&#8211; prawo do wniesienia skargi do organu nadzorczego – Prezesa Urzędu Ochrony Danych Osobowych, jeżeli uzna Pani/Pan, że dane przetwarzane są w sposób niezgodny z obowiązującym prawem;<br />
&#8211; prawo sprzeciwu, wobec przetwarzania danych osobowych;<br />
&#8211; prawo do przenoszenia danych;<br />
&#8211; prawo do wycofania zgody.</li>
<li>Adekwatnie do podstawy i okoliczności przetwarzania danych;</li>
<li>Podanie przez Panią/Pana danych osobowych jest dobrowolne, uwarunkowane umownie lub jest wymogiem ustawowym, a konsekwencją niepodania danych osobowych może być brak spełnienia wymogów formalnych;</li>
<li>Pani/Pana dane osobowe nie będą wykorzystane do podejmowania decyzji, które opierają się wyłącznie na zautomatyzowanym przetwarzaniu, w tym profilowaniu.</li>
</ol>
<p>&nbsp;</p>
<p style="text-align: center;"><strong>Informacja o przetwarzaniu danych osobowych w systemie monitoringu wizyjnego</strong></p>
<p>&nbsp;</p>
<ol>
<li>Monitoring wizyjny prowadzony jest przez Siemianowickie Centrum Kultury z siedzibą w Siemianowicach Śląskich (41-106) przy ulicy Niepodległości 45, oraz z oddziałach Siemianowickie Centrum Kultury Park Tradycji (ul. Orzeszkowej 12), Siemianowickie Centrum Kultury Zameczek (ul. Oświęcimska 1) celu zapewnienia porządku publicznego i bezpieczeństwa obywateli, co jest zgodne z art. 9a  ustawy z dnia 8 marca 1990 o samorządzie gminnym.</li>
</ol>
<ol start="2">
<li>Monitoring obejmuje:</li>
</ol>
<ul>
<li>Kasę główną (od strony korytarza) oraz serwerownię (i wejście do niej) wewnątrz budynku Siemianowickiego Centrum Kultury przy ul. Niepodległości 45 w Siemianowicach Śląskich (41-106).</li>
<li>Wewnątrz budynku oraz zewnętrzne ciągi komunikacyjne przy budynku Siemianowickiego Centrum Kultury Park Tradycji przy ul. Orzeszkowej 12 w Siemianowicach Śląskich (41-103).</li>
<li>Wewnątrz budynku Siemianowickiego Centrum Kultury Zameczek przy ul. Oświęcimskiej 1 w Siemianowicach Śląskich (41-103).</li>
</ul>
<ol start="3">
<li>Na podstawie Rozporządzenia Parlamentu Europejskiego i Rady (UE) 2016/679 z dnia 27 kwietnia 2016 r. w sprawie ochrony osób fizycznych w związku z przetwarzaniem danych osobowych i w sprawie swobodnego przepływu takich danych oraz uchylenia dyrektywy 95/46/WE, (dalej jako: „Rozporządzenie 2016/679&#8243;), informujemy, że:</li>
</ol>
<ul>
<li>administratorem danych osobowych w postaci danych osobowych osób utrwalonych w formie nagrania obrazu jest Siemianowickie Centrum Kultury z siedzibą w Siemianowicach Śląskich (41-106) przy ulicy Niepodległości 45 (dalej: Administrator);</li>
<li>Administrator wyznaczył inspektora ochrony danych, z którym możecie się Państwo kontaktować we wszystkich sprawach związanych z przetwarzaniem danych osobowych, pod adresem e-mail: <a href="mailto:iod@apfsolutions.pl">iod@apfsolutions.pl</a>  lub przesyłając korespondencję na adres siedziby Administratora z dopiskiem „IOD”;</li>
<li>Państwa dane osobowe przetwarzane będą w oparciu o art. 6 ust. 1 lit. e Rozporządzenia ogólnego 2016/679, tj. przetwarzanie jest niezbędne do wykonania zadania realizowanego w interesie publicznym lub w ramach sprawowania władzy publicznej powierzonej administratorowi, w związku z art. 9a ustawy z dnia 8 marca 1990 o samorządzie gminnym, to jest w czyli w celu zapewnienia porządku publicznego i bezpieczeństwa obywateli;</li>
<li>nagrania obrazu zawierające Państwa dane osobowe są przetwarzane wyłącznie do celów, dla których zostały zebrane i przechowywane przez okres nieprzekraczający 30 dni od dnia nagrania. Po upływie tego okresu, uzyskane w wyniku monitoringu nagrania obrazu zawierające Państwa dane osobowe podlegają zniszczeniu, z wyjątkiem sytuacji, w których nagrania zostały zabezpieczone jako materiał dowodowy w toczącym się postępowaniu, zgodnie z odrębnymi przepisami;</li>
<li>W uzasadnionych przypadkach Państwa dane osobowe mogą zostać udostępnione podmiotom oraz organom, którym Administrator jest zobowiązany udostępnić dane osobowe, na podstawie powszechnie obowiązujących przepisów prawa (np. policja, sąd, straż miejska);</li>
</ul>
<ol start="4">
<li>Posiadacie Państwo prawo do:</li>
</ol>
<ul>
<li>informacji o istnieniu monitoringu, jego zasięgu, celu, nazwie Administratora, jego adresie i danych do kontaktu;</li>
<li>dostępu do danych osobowych (treści zapisów z monitoringu Państwa dotyczących);</li>
<li>sprzeciwu wobec przetwarzania danych osobowych, z zastrzeżeniem niewykonania tego prawa o ile Administrator wykaże istnienie ważnych prawnie uzasadnionych podstaw do dalszego przetwarzania lub podstaw związanych z ustalaniem, dochodzeniem lub obroną roszczeń;</li>
<li>ograniczenia przetwarzania Państwa danych osobowych (np. poprzez anonimizację, ograniczenie kręgu osób posiadających dostęp do danych), zwłaszcza w sytuacji, gdy skorzystają Państwo z prawa do sprzeciwu wobec przetwarzania danych osobowych – na czas weryfikacji możliwości zrealizowania tego sprzeciwu;</li>
<li>prawo do usunięcia danych osobowych, o ile nie występują nadrzędne prawnie uzasadnione podstawy dalszego przetwarzania;</li>
<li>przetwarzania danych przez ograniczony czas, co w szczególności jest realizowane także poprzez określony przez Administratora maksymalny okres przechowywania nagrań z monitoringu wskazany w punkcie 4 niniejszej informacji;</li>
<li>wniesienia skargi do organu nadzorczego – Prezesa Urzędu Ochrony Danych Osobowych – w każdym momencie, gdy uznacie Państwo, iż przetwarzanie Państwa danych osobowych narusza przepisy Rozporządzenia 2016/679;</li>
</ul>
<ol start="5">
<li>Dane osobowe przetwarzane w systemie monitoringu nie są przekazywane do państw trzecich w rozumieniu Rozporządzenia 2016/679;</li>
</ol>
<ol start="6">
<li>Państwa dane osobowe nie będą wykorzystane do podejmowania decyzji, które opierają się wyłącznie na zautomatyzowanym przetwarzaniu, w tym profilowaniu.</li>
</ol>
<p>&nbsp;</p>
<p><strong>Wypełniając zapisy art. 11 ustawy z dnia 10 maja 2018 r. o ochronie danych osobowych, udostępniamy dane wyznaczonego inspektora ochrony danych:  <span class="fontstyle0">Natalia Bugajska-Skut</span></strong><strong>, e-mail</strong> <a href="mailto:n.bugajska@apfsolutions.pl">iod@apfsolutions.pl</a></p>

<p>KLAUZULA INFORMACYJNA RODO &nbsp; Z uwagi na art. 13 ust. 1 i 2 Rozporządzenia Parlamentu Europejskiego i Rady (UE) 2016/679 z dnia 27 kwietnia 2016 r. w sprawie ochrony osób fizycznych w związku z przetwarzaniem danych osobowych i w sprawie swobodnego przepływu takich danych oraz uchylenia dyrektywy 95/46/WE, dalej jako: Rozporządzenie 2016/679 lub RODO, informujemy, [&hellip;]</p>
