{"id":3184,"date":"2017-03-23T11:01:21","date_gmt":"2017-03-23T10:01:21","guid":{"rendered":"http:\/\/new.siemck.pl\/?page_id=3184"},"modified":"2022-04-02T23:25:24","modified_gmt":"2022-04-02T21:25:24","slug":"wydarzenia-wedlug-obiektow","status":"publish","type":"page","link":"https:\/\/www.siemck.pl\/wydarzenia-wedlug-obiektow\/","title":{"rendered":"Wydarzenia"},"content":{"rendered":"<p>[vc_row][vc_column][vc_cta h2=&#8221;SCK Bytk\u00f3w&#8221; h2_font_container=&#8221;color:%23ffffff&#8221; h2_use_theme_fonts=&#8221;yes&#8221; h4=&#8221;ul. Niepodleg\u0142o\u015bci 45, 41-106 Siemianowice \u015al\u0105skie | tel. 32 228 72 80&#8243; h4_font_container=&#8221;color:%23ffffff&#8221; h4_use_theme_fonts=&#8221;yes&#8221; shape=&#8221;square&#8221; add_button=&#8221;top&#8221; btn_title=&#8221;Kalendarz&#8221; btn_style=&#8221;outline&#8221; btn_shape=&#8221;square&#8221; btn_color=&#8221;white&#8221; btn_align=&#8221;right&#8221; btn_i_align=&#8221;right&#8221; btn_i_icon_fontawesome=&#8221;fa fa-calendar&#8221; use_custom_fonts_h2=&#8221;true&#8221; use_custom_fonts_h4=&#8221;true&#8221; btn_add_icon=&#8221;true&#8221; css=&#8221;.vc_custom_1648934637399{background-color: #0083af !important;background-position: 0 0 !important;background-repeat: no-repeat !important;}&#8221; btn_link=&#8221;url:%2Fmiejsce%2Fbytkow%2F|||&#8221;][\/vc_cta][vc_cta h2=&#8221;SCK Park Tradycji&#8221; h2_font_container=&#8221;color:%23ffffff&#8221; h2_use_theme_fonts=&#8221;yes&#8221; h4=&#8221;ul. E. Orzeszkowej 12, 41-103 Siemianowice \u015al\u0105skie | tel. 32 765 27 40&#8243; h4_font_container=&#8221;color:%23ffffff&#8221; h4_use_theme_fonts=&#8221;yes&#8221; shape=&#8221;square&#8221; add_button=&#8221;top&#8221; btn_title=&#8221;Kalendarz&#8221; btn_style=&#8221;outline&#8221; btn_shape=&#8221;square&#8221; btn_color=&#8221;white&#8221; btn_align=&#8221;right&#8221; btn_i_align=&#8221;right&#8221; btn_i_icon_fontawesome=&#8221;fa fa-calendar&#8221; use_custom_fonts_h2=&#8221;true&#8221; use_custom_fonts_h4=&#8221;true&#8221; btn_add_icon=&#8221;true&#8221; css=&#8221;.vc_custom_1648934653389{background-color: #0083af !important;background-position: 0 0 !important;background-repeat: no-repeat !important;}&#8221; btn_link=&#8221;url:%2Fmiejsce%2Fsck-park-tradycji%2F|||&#8221;][\/vc_cta][vc_cta h2=&#8221;SCK Willa Fitznera&#8221; h2_font_container=&#8221;color:%23ffffff&#8221; h2_use_theme_fonts=&#8221;yes&#8221; h4=&#8221;ul. Fitzner\u00f3w 3, 41- 100 Siemianowice \u015al\u0105skie | tel. 32 763 27 30&#8243; h4_font_container=&#8221;color:%23ffffff&#8221; h4_use_theme_fonts=&#8221;yes&#8221; shape=&#8221;square&#8221; add_button=&#8221;top&#8221; btn_title=&#8221;Kalendarz&#8221; btn_style=&#8221;outline&#8221; btn_shape=&#8221;square&#8221; btn_color=&#8221;white&#8221; btn_align=&#8221;right&#8221; btn_i_align=&#8221;right&#8221; btn_i_icon_fontawesome=&#8221;fa fa-calendar&#8221; use_custom_fonts_h2=&#8221;true&#8221; use_custom_fonts_h4=&#8221;true&#8221; btn_add_icon=&#8221;true&#8221; css=&#8221;.vc_custom_1648934667368{background-color: #0083af !important;background-position: 0 0 !important;background-repeat: no-repeat !important;}&#8221; btn_link=&#8221;url:%2Fmiejsce%2Fsck-willa-fitznera%2F|||&#8221;][\/vc_cta][vc_cta h2=&#8221;SCK Zameczek&#8221; h2_font_container=&#8221;color:%23ffffff&#8221; h2_use_theme_fonts=&#8221;yes&#8221; h4=&#8221;ul. O\u015bwi\u0119cimska 1 41-103, Siemianowice \u015al\u0105skie | tel. tel. 32 204 11 27&#8243; h4_font_container=&#8221;color:%23ffffff&#8221; h4_use_theme_fonts=&#8221;yes&#8221; shape=&#8221;square&#8221; add_button=&#8221;top&#8221; btn_title=&#8221;Kalendarz&#8221; btn_style=&#8221;outline&#8221; btn_shape=&#8221;square&#8221; btn_color=&#8221;white&#8221; btn_align=&#8221;right&#8221; btn_i_align=&#8221;right&#8221; btn_i_icon_fontawesome=&#8221;fa fa-calendar&#8221; use_custom_fonts_h2=&#8221;true&#8221; use_custom_fonts_h4=&#8221;true&#8221; btn_add_icon=&#8221;true&#8221; css=&#8221;.vc_custom_1648934678825{background-color: #0083af !important;background-position: 0 0 !important;background-repeat: no-repeat !important;}&#8221; btn_link=&#8221;url:%2Fmiejsce%2Fsck-zameczek%2F|||&#8221;][\/vc_cta][vc_cta h2=&#8221;SCK Jarz\u0119bina&#8221; h2_font_container=&#8221;color:%23ffffff&#8221; h2_use_theme_fonts=&#8221;yes&#8221; h4=&#8221;ul. Wierzbowa 2, 41-100 Siemianowice \u015al\u0105skie | tel. 32 228 48 46&#8243; h4_font_container=&#8221;color:%23ffffff&#8221; h4_use_theme_fonts=&#8221;yes&#8221; shape=&#8221;square&#8221; add_button=&#8221;top&#8221; btn_title=&#8221;Kalendarz&#8221; btn_style=&#8221;outline&#8221; btn_shape=&#8221;square&#8221; btn_color=&#8221;white&#8221; btn_align=&#8221;right&#8221; btn_i_align=&#8221;right&#8221; btn_i_icon_fontawesome=&#8221;fa fa-calendar&#8221; use_custom_fonts_h2=&#8221;true&#8221; use_custom_fonts_h4=&#8221;true&#8221; btn_add_icon=&#8221;true&#8221; css=&#8221;.vc_custom_1648934688730{background-color: #0083af !important;background-position: 0 0 !important;background-repeat: no-repeat !important;}&#8221; btn_link=&#8221;url:%2Fmiejsce%2Fsck-jarzebina%2F|||&#8221;][\/vc_cta][vc_cta h2=&#8221;SCK Amfiteatr&#8221; h2_font_container=&#8221;color:%23ffffff&#8221; h2_use_theme_fonts=&#8221;yes&#8221; h4=&#8221;ul. Chopina, 41-100, Siemianowice \u015al\u0105skie | tel. 32 355 58 21&#8243; h4_font_container=&#8221;color:%23ffffff&#8221; h4_use_theme_fonts=&#8221;yes&#8221; shape=&#8221;square&#8221; add_button=&#8221;top&#8221; btn_title=&#8221;Kalendarz&#8221; btn_style=&#8221;outline&#8221; btn_shape=&#8221;square&#8221; btn_color=&#8221;white&#8221; btn_align=&#8221;right&#8221; btn_i_align=&#8221;right&#8221; btn_i_icon_fontawesome=&#8221;fa fa-calendar&#8221; use_custom_fonts_h2=&#8221;true&#8221; use_custom_fonts_h4=&#8221;true&#8221; btn_add_icon=&#8221;true&#8221; css=&#8221;.vc_custom_1648934716479{background-color: #0083af !important;background-position: 0 0 !important;background-repeat: no-repeat !important;}&#8221; btn_link=&#8221;url:%2Fmiejsce%2Fsck-amfiteatr%2F|||&#8221;][\/vc_cta][vc_cta h2=&#8221;SCK Plenery&#8221; h2_font_container=&#8221;color:%23ffffff&#8221; h2_use_theme_fonts=&#8221;yes&#8221; h4=&#8221; Wydarzenia organizowane w plenerze&#8221; h4_font_container=&#8221;color:%23ffffff&#8221; h4_use_theme_fonts=&#8221;yes&#8221; shape=&#8221;square&#8221; add_button=&#8221;top&#8221; btn_title=&#8221;Kalendarz&#8221; btn_style=&#8221;outline&#8221; btn_shape=&#8221;square&#8221; btn_color=&#8221;white&#8221; btn_align=&#8221;right&#8221; btn_i_align=&#8221;right&#8221; btn_i_icon_fontawesome=&#8221;fa fa-calendar&#8221; use_custom_fonts_h2=&#8221;true&#8221; use_custom_fonts_h4=&#8221;true&#8221; btn_add_icon=&#8221;true&#8221; css=&#8221;.vc_custom_1648934700178{background-color: #0083af !important;background-position: 0 0 !important;background-repeat: no-repeat !important;}&#8221; btn_link=&#8221;url:%2Fmiejsce%2Fsck-plenery%2F|||&#8221;][\/vc_cta][\/vc_column][\/vc_row]<\/p>\n","protected":false},"excerpt":{"rendered":"<p>[vc_row][vc_column][vc_cta h2=&#8221;SCK Bytk\u00f3w&#8221; h2_font_container=&#8221;color:%23ffffff&#8221; h2_use_theme_fonts=&#8221;yes&#8221; h4=&#8221;ul. Niepodleg\u0142o\u015bci 45, 41-106 Siemianowice \u015al\u0105skie | tel. 32 228 72 80&#8243; h4_font_container=&#8221;color:%23ffffff&#8221; h4_use_theme_fonts=&#8221;yes&#8221; shape=&#8221;square&#8221; add_button=&#8221;top&#8221; btn_title=&#8221;Kalendarz&#8221; btn_style=&#8221;outline&#8221; btn_shape=&#8221;square&#8221; btn_color=&#8221;white&#8221; btn_align=&#8221;right&#8221; btn_i_align=&#8221;right&#8221; btn_i_icon_fontawesome=&#8221;fa fa-calendar&#8221; use_custom_fonts_h2=&#8221;true&#8221; use_custom_fonts_h4=&#8221;true&#8221; btn_add_icon=&#8221;true&#8221; css=&#8221;.vc_custom_1648934637399{background-color: #0083af !important;background-position: 0 0 !important;background-repeat: no-repeat !important;}&#8221; btn_link=&#8221;url:%2Fmiejsce%2Fbytkow%2F|||&#8221;][\/vc_cta][vc_cta h2=&#8221;SCK Park Tradycji&#8221; h2_font_container=&#8221;color:%23ffffff&#8221; h2_use_theme_fonts=&#8221;yes&#8221; h4=&#8221;ul. E. Orzeszkowej 12, 41-103 Siemianowice \u015al\u0105skie | tel. [&hellip;]<\/p>\n","protected":false},"author":1,"featured_media":0,"parent":0,"menu_order":0,"comment_status":"closed","ping_status":"closed","template":"page_fullwidth.php","meta":[],"_links":{"self":[{"href":"https:\/\/www.siemck.pl\/wp-json\/wp\/v2\/pages\/3184"}],"collection":[{"href":"https:\/\/www.siemck.pl\/wp-json\/wp\/v2\/pages"}],"about":[{"href":"https:\/\/www.siemck.pl\/wp-json\/wp\/v2\/types\/page"}],"author":[{"embeddable":true,"href":"https:\/\/www.siemck.pl\/wp-json\/wp\/v2\/users\/1"}],"replies":[{"embeddable":true,"href":"https:\/\/www.siemck.pl\/wp-json\/wp\/v2\/comments?post=3184"}],"version-history":[{"count":83,"href":"https:\/\/www.siemck.pl\/wp-json\/wp\/v2\/pages\/3184\/revisions"}],"predecessor-version":[{"id":20082,"href":"https:\/\/www.siemck.pl\/wp-json\/wp\/v2\/pages\/3184\/revisions\/20082"}],"wp:attachment":[{"href":"https:\/\/www.siemck.pl\/wp-json\/wp\/v2\/media?parent=3184"}],"curies":[{"name":"wp","href":"https:\/\/api.w.org\/{rel}","templated":true}]}}

<p>[vc_row][vc_column][vc_cta h2=&#8221;SCK Bytków&#8221; h2_font_container=&#8221;color:%23ffffff&#8221; h2_use_theme_fonts=&#8221;yes&#8221; h4=&#8221;ul. Niepodległości 45, 41-106 Siemianowice Śląskie | tel. 32 228 72 80&#8243; h4_font_container=&#8221;color:%23ffffff&#8221; h4_use_theme_fonts=&#8221;yes&#8221; shape=&#8221;square&#8221; add_button=&#8221;top&#8221; btn_title=&#8221;Kalendarz&#8221; btn_style=&#8221;outline&#8221; btn_shape=&#8221;square&#8221; btn_color=&#8221;white&#8221; btn_align=&#8221;right&#8221; btn_i_align=&#8221;right&#8221; btn_i_icon_fontawesome=&#8221;fa fa-calendar&#8221; use_custom_fonts_h2=&#8221;true&#8221; use_custom_fonts_h4=&#8221;true&#8221; btn_add_icon=&#8221;true&#8221; css=&#8221;.vc_custom_1648934637399{background-color: #0083af !important;background-position: 0 0 !important;background-repeat: no-repeat !important;}&#8221; btn_link=&#8221;url:%2Fmiejsce%2Fbytkow%2F|||&#8221;][/vc_cta][vc_cta h2=&#8221;SCK Park Tradycji&#8221; h2_font_container=&#8221;color:%23ffffff&#8221; h2_use_theme_fonts=&#8221;yes&#8221; h4=&#8221;ul. E. Orzeszkowej 12, 41-103 Siemianowice Śląskie | tel. 32 765 27 40&#8243; h4_font_container=&#8221;color:%23ffffff&#8221; h4_use_theme_fonts=&#8221;yes&#8221; shape=&#8221;square&#8221; add_button=&#8221;top&#8221; btn_title=&#8221;Kalendarz&#8221; btn_style=&#8221;outline&#8221; btn_shape=&#8221;square&#8221; btn_color=&#8221;white&#8221; btn_align=&#8221;right&#8221; btn_i_align=&#8221;right&#8221; btn_i_icon_fontawesome=&#8221;fa fa-calendar&#8221; use_custom_fonts_h2=&#8221;true&#8221; use_custom_fonts_h4=&#8221;true&#8221; btn_add_icon=&#8221;true&#8221; css=&#8221;.vc_custom_1648934653389{background-color: #0083af !important;background-position: 0 0 !important;background-repeat: no-repeat !important;}&#8221; btn_link=&#8221;url:%2Fmiejsce%2Fsck-park-tradycji%2F|||&#8221;][/vc_cta][vc_cta h2=&#8221;SCK Willa Fitznera&#8221; h2_font_container=&#8221;color:%23ffffff&#8221; h2_use_theme_fonts=&#8221;yes&#8221; h4=&#8221;ul. Fitznerów 3, 41- 100 Siemianowice Śląskie | tel. 32 763 27 30&#8243; h4_font_container=&#8221;color:%23ffffff&#8221; h4_use_theme_fonts=&#8221;yes&#8221; shape=&#8221;square&#8221; add_button=&#8221;top&#8221; btn_title=&#8221;Kalendarz&#8221; btn_style=&#8221;outline&#8221; btn_shape=&#8221;square&#8221; btn_color=&#8221;white&#8221; btn_align=&#8221;right&#8221; btn_i_align=&#8221;right&#8221; btn_i_icon_fontawesome=&#8221;fa fa-calendar&#8221; use_custom_fonts_h2=&#8221;true&#8221; use_custom_fonts_h4=&#8221;true&#8221; btn_add_icon=&#8221;true&#8221; css=&#8221;.vc_custom_1648934667368{background-color: #0083af !important;background-position: 0 0 !important;background-repeat: no-repeat !important;}&#8221; btn_link=&#8221;url:%2Fmiejsce%2Fsck-willa-fitznera%2F|||&#8221;][/vc_cta][vc_cta h2=&#8221;SCK Zameczek&#8221; h2_font_container=&#8221;color:%23ffffff&#8221; h2_use_theme_fonts=&#8221;yes&#8221; h4=&#8221;ul. Oświęcimska 1 41-103, Siemianowice Śląskie | tel. tel. 32 204 11 27&#8243; h4_font_container=&#8221;color:%23ffffff&#8221; h4_use_theme_fonts=&#8221;yes&#8221; shape=&#8221;square&#8221; add_button=&#8221;top&#8221; btn_title=&#8221;Kalendarz&#8221; btn_style=&#8221;outline&#8221; btn_shape=&#8221;square&#8221; btn_color=&#8221;white&#8221; btn_align=&#8221;right&#8221; btn_i_align=&#8221;right&#8221; btn_i_icon_fontawesome=&#8221;fa fa-calendar&#8221; use_custom_fonts_h2=&#8221;true&#8221; use_custom_fonts_h4=&#8221;true&#8221; btn_add_icon=&#8221;true&#8221; css=&#8221;.vc_custom_1648934678825{background-color: #0083af !important;background-position: 0 0 !important;background-repeat: no-repeat !important;}&#8221; btn_link=&#8221;url:%2Fmiejsce%2Fsck-zameczek%2F|||&#8221;][/vc_cta][vc_cta h2=&#8221;SCK Jarzębina&#8221; h2_font_container=&#8221;color:%23ffffff&#8221; h2_use_theme_fonts=&#8221;yes&#8221; h4=&#8221;ul. Wierzbowa 2, 41-100 Siemianowice Śląskie | tel. 32 228 48 46&#8243; h4_font_container=&#8221;color:%23ffffff&#8221; h4_use_theme_fonts=&#8221;yes&#8221; shape=&#8221;square&#8221; add_button=&#8221;top&#8221; btn_title=&#8221;Kalendarz&#8221; btn_style=&#8221;outline&#8221; btn_shape=&#8221;square&#8221; btn_color=&#8221;white&#8221; btn_align=&#8221;right&#8221; btn_i_align=&#8221;right&#8221; btn_i_icon_fontawesome=&#8221;fa fa-calendar&#8221; use_custom_fonts_h2=&#8221;true&#8221; use_custom_fonts_h4=&#8221;true&#8221; btn_add_icon=&#8221;true&#8221; css=&#8221;.vc_custom_1648934688730{background-color: #0083af !important;background-position: 0 0 !important;background-repeat: no-repeat !important;}&#8221; btn_link=&#8221;url:%2Fmiejsce%2Fsck-jarzebina%2F|||&#8221;][/vc_cta][vc_cta h2=&#8221;SCK Amfiteatr&#8221; h2_font_container=&#8221;color:%23ffffff&#8221; h2_use_theme_fonts=&#8221;yes&#8221; h4=&#8221;ul. Chopina, 41-100, Siemianowice Śląskie | tel. 32 355 58 21&#8243; h4_font_container=&#8221;color:%23ffffff&#8221; h4_use_theme_fonts=&#8221;yes&#8221; shape=&#8221;square&#8221; add_button=&#8221;top&#8221; btn_title=&#8221;Kalendarz&#8221; btn_style=&#8221;outline&#8221; btn_shape=&#8221;square&#8221; btn_color=&#8221;white&#8221; btn_align=&#8221;right&#8221; btn_i_align=&#8221;right&#8221; btn_i_icon_fontawesome=&#8221;fa fa-calendar&#8221; use_custom_fonts_h2=&#8221;true&#8221; use_custom_fonts_h4=&#8221;true&#8221; btn_add_icon=&#8221;true&#8221; css=&#8221;.vc_custom_1648934716479{background-color: #0083af !important;background-position: 0 0 !important;background-repeat: no-repeat !important;}&#8221; btn_link=&#8221;url:%2Fmiejsce%2Fsck-amfiteatr%2F|||&#8221;][/vc_cta][vc_cta h2=&#8221;SCK Plenery&#8221; h2_font_container=&#8221;color:%23ffffff&#8221; h2_use_theme_fonts=&#8221;yes&#8221; h4=&#8221; Wydarzenia organizowane w plenerze&#8221; h4_font_container=&#8221;color:%23ffffff&#8221; h4_use_theme_fonts=&#8221;yes&#8221; shape=&#8221;square&#8221; add_button=&#8221;top&#8221; btn_title=&#8221;Kalendarz&#8221; btn_style=&#8221;outline&#8221; btn_shape=&#8221;square&#8221; btn_color=&#8221;white&#8221; btn_align=&#8221;right&#8221; btn_i_align=&#8221;right&#8221; btn_i_icon_fontawesome=&#8221;fa fa-calendar&#8221; use_custom_fonts_h2=&#8221;true&#8221; use_custom_fonts_h4=&#8221;true&#8221; btn_add_icon=&#8221;true&#8221; css=&#8221;.vc_custom_1648934700178{background-color: #0083af !important;background-position: 0 0 !important;background-repeat: no-repeat !important;}&#8221; btn_link=&#8221;url:%2Fmiejsce%2Fsck-plenery%2F|||&#8221;][/vc_cta][/vc_column][/vc_row]</p>

<p>[vc_row][vc_column][vc_cta h2=&#8221;SCK Bytków&#8221; h2_font_container=&#8221;color:%23ffffff&#8221; h2_use_theme_fonts=&#8221;yes&#8221; h4=&#8221;ul. Niepodległości 45, 41-106 Siemianowice Śląskie | tel. 32 228 72 80&#8243; h4_font_container=&#8221;color:%23ffffff&#8221; h4_use_theme_fonts=&#8221;yes&#8221; shape=&#8221;square&#8221; add_button=&#8221;top&#8221; btn_title=&#8221;Kalendarz&#8221; btn_style=&#8221;outline&#8221; btn_shape=&#8221;square&#8221; btn_color=&#8221;white&#8221; btn_align=&#8221;right&#8221; btn_i_align=&#8221;right&#8221; btn_i_icon_fontawesome=&#8221;fa fa-calendar&#8221; use_custom_fonts_h2=&#8221;true&#8221; use_custom_fonts_h4=&#8221;true&#8221; btn_add_icon=&#8221;true&#8221; css=&#8221;.vc_custom_1648934637399{background-color: #0083af !important;background-position: 0 0 !important;background-repeat: no-repeat !important;}&#8221; btn_link=&#8221;url:%2Fmiejsce%2Fbytkow%2F|||&#8221;][/vc_cta][vc_cta h2=&#8221;SCK Park Tradycji&#8221; h2_font_container=&#8221;color:%23ffffff&#8221; h2_use_theme_fonts=&#8221;yes&#8221; h4=&#8221;ul. E. Orzeszkowej 12, 41-103 Siemianowice Śląskie | tel. [&hellip;]</p>
