{"id":2475,"date":"2017-03-19T21:26:42","date_gmt":"2017-03-19T20:26:42","guid":{"rendered":"http:\/\/siemck.sac.pl\/?page_id=2475"},"modified":"2023-10-16T12:32:49","modified_gmt":"2023-10-16T10:32:49","slug":"domino","status":"publish","type":"page","link":"https:\/\/www.siemck.pl\/domino\/","title":{"rendered":"Teatr Domino"},"content":{"rendered":"<p>[vc_row][vc_column][vc_gallery type=&#8221;nivo&#8221; interval=&#8221;5&#8243; images=&#8221;5759,5760,24177,24179,24180,24181&#8243; img_size=&#8221;1040&#215;584&#8243; onclick=&#8221;&#8221; css_animation=&#8221;fadeIn&#8221;][vc_column_text]Teatr Domino zosta\u0142 za\u0142o\u017cony w 2013 r z inicjatywy Dyrektora SCK i jest kontynuacj\u0105 siemianowickich tradycji teatralnych. Jeste\u015bmy grup\u0105 wielopokoleniow\u0105 skupiaj\u0105c\u0105 w swoich szeregach m\u0142odzie\u017c i doros\u0142ych, kt\u00f3rzy chc\u0105 si\u0119 realizowa\u0107 na scenie. Nasze spektakle potrafi\u0105 widz\u00f3w rozbawi\u0107 i wzruszy\u0107. Dostarczaj\u0105 wielu wra\u017ce\u0144 wizualnych. W naszych inscenizacjach poruszamy tematy spo\u0142eczne i obyczajowe. Si\u0119gamy po klasyk\u0119 i oczywi\u015bcie tematyk\u0119 regionaln\u0105.<\/p>\n<p>Teatr \u201eDomino\u201d ma ju\u017c za sob\u0105 wiele gor\u0105co przyj\u0119tych przez publiczno\u015b\u0107 premier m.in.: \u201eIgraszki z diab\u0142em\u201d, \u201eBallad\u0119 na trzy biurka\u201d, \u201eNiemcy\u201d, \u201eArszenik i stare koronki\u201d, \u201eKomisorza Hanusika\u201d w j\u0119zyku \u015bl\u0105skim, a tak\u017ce bajki dla dzieci jak: \u201eKopciuszek\u201d, \u201eBa\u015b\u0144 o zakl\u0119tym kaczorze\u201d czy \u201ePodr\u00f3\u017ce Ma\u0142ego Ksi\u0119cia\u201d. Widowisko plenerowe: \u201eBa\u015b\u0144 o Nocy \u015awi\u0119toja\u0144skiej\u201d, pr\u00f3by podj\u0119cia realizacji spektakli muzycznych \u2013 \u201eNoc w antykwariacie\u201d oraz \u201eTa piosenka brzmi znajomo\u201d. Grupa ma ju\u017c na swoim koncie pierwsz\u0105 nagrod\u0119 zdobyt\u0105 na przegl\u0105dzie teatr\u00f3w amatorskich.[\/vc_column_text][vc_column_text]Aktorzy Teatru Domino bior\u0105 czynny udzia\u0142 w imprezach organizowanych przez SCK i inne plac\u00f3wki kulturalne w mie\u015bcie i poza nim. Statystujemy<br \/>\nw produkcjach filmowych, reklamowych i rekonstrukcjach historycznych m.in. sta\u0142a wsp\u00f3\u0142praca przy widowisku historycznym \u201eWalki o Miechowice 1945\u201d. Cz\u0142onkowie grupy wspieraj\u0105 tak\u017ce cykliczne imprezy jak \u201eChod\u017a, poczytam ci bajeczk\u0119\u201d, animacje dla dzieci podczas imprez kulturalnych, imprezy okoliczno\u015bciowe jak \u201eMiko\u0142ajki\u201d, impreza cosplay \u201eHaje we kosmosie\u201d, czy ma\u0142e formy na zlecenia innych siemianowickich o\u015brodk\u00f3w kultury, biblioteki czy parafii.<\/p>\n<p>Nasi arty\u015bci przygotowali tak\u017ce s\u0142uchowiska dla regionalnego radia.<\/p>\n<p>Grupa teatralna spotyka si\u0119 dwa razy w tygodniu (wtorki i czwartki). Na pr\u00f3bach cz\u0142onkowie doskonal\u0105 sw\u00f3j warsztat aktorski oraz przygotowuj\u0105 si\u0119 do kolejnych premier.[\/vc_column_text][\/vc_column][\/vc_row]<\/p>\n","protected":false},"excerpt":{"rendered":"<p>[vc_row][vc_column][vc_gallery type=&#8221;nivo&#8221; interval=&#8221;5&#8243; images=&#8221;5759,5760,24177,24179,24180,24181&#8243; img_size=&#8221;1040&#215;584&#8243; onclick=&#8221;&#8221; css_animation=&#8221;fadeIn&#8221;][vc_column_text]Teatr Domino zosta\u0142 za\u0142o\u017cony w 2013 r z inicjatywy Dyrektora SCK i jest kontynuacj\u0105 siemianowickich tradycji teatralnych. Jeste\u015bmy grup\u0105 wielopokoleniow\u0105 skupiaj\u0105c\u0105 w swoich szeregach m\u0142odzie\u017c i doros\u0142ych, kt\u00f3rzy chc\u0105 si\u0119 realizowa\u0107 na scenie. Nasze spektakle potrafi\u0105 widz\u00f3w rozbawi\u0107 i wzruszy\u0107. Dostarczaj\u0105 wielu wra\u017ce\u0144 wizualnych. W naszych inscenizacjach poruszamy tematy [&hellip;]<\/p>\n","protected":false},"author":1,"featured_media":0,"parent":0,"menu_order":0,"comment_status":"closed","ping_status":"closed","template":"page_fullwidth.php","meta":[],"_links":{"self":[{"href":"https:\/\/www.siemck.pl\/wp-json\/wp\/v2\/pages\/2475"}],"collection":[{"href":"https:\/\/www.siemck.pl\/wp-json\/wp\/v2\/pages"}],"about":[{"href":"https:\/\/www.siemck.pl\/wp-json\/wp\/v2\/types\/page"}],"author":[{"embeddable":true,"href":"https:\/\/www.siemck.pl\/wp-json\/wp\/v2\/users\/1"}],"replies":[{"embeddable":true,"href":"https:\/\/www.siemck.pl\/wp-json\/wp\/v2\/comments?post=2475"}],"version-history":[{"count":19,"href":"https:\/\/www.siemck.pl\/wp-json\/wp\/v2\/pages\/2475\/revisions"}],"predecessor-version":[{"id":24350,"href":"https:\/\/www.siemck.pl\/wp-json\/wp\/v2\/pages\/2475\/revisions\/24350"}],"wp:attachment":[{"href":"https:\/\/www.siemck.pl\/wp-json\/wp\/v2\/media?parent=2475"}],"curies":[{"name":"wp","href":"https:\/\/api.w.org\/{rel}","templated":true}]}}