{"id":2448,"date":"2017-03-19T21:17:23","date_gmt":"2017-03-19T20:17:23","guid":{"rendered":"http:\/\/siemck.sac.pl\/?page_id=2448"},"modified":"2025-04-01T10:19:30","modified_gmt":"2025-04-01T08:19:30","slug":"zpit","status":"publish","type":"page","link":"https:\/\/www.siemck.pl\/zpit\/","title":{"rendered":"Zesp\u00f3\u0142 Pie\u015bni i Ta\u0144ca &#8222;Siemianowice&#8221;"},"content":{"rendered":"<p>[vc_row][vc_column][vc_gallery type=&#8221;nivo&#8221; interval=&#8221;5&#8243; images=&#8221;4672,4671&#8243; img_size=&#8221;1040&#215;587&#8243; onclick=&#8221;&#8221; css_animation=&#8221;fadeIn&#8221;][vc_column_text]Zesp\u00f3\u0142 Pie\u015bni i Ta\u0144ca \u201dSiemianowice\u201d nale\u017cy do najstarszych zespo\u0142\u00f3w ludowych w Polsce. Jego zadaniem jest krzewienie kultury ludowej poprzez prezentacj\u0119 i popularyzacj\u0119 muzyki i ta\u0144c\u00f3w. Zesp\u00f3l zosta\u0142 za\u0142o\u017cony w 1910 roku jako Towarzystwo \u015apiewu Polskiego \u201eKasyno\u201d, lecz na przestrzeni lat ch\u00f3r zosta\u0142 wzbogacony o tancerzy i orkiestr\u0119. W latach 80-tych grupa dzia\u0142a\u0142a jako G\u00f3rniczy Zesp\u00f3\u0142 Pie\u015bni i Ta\u0144ca \u201dSiemianowice\u201d a od 1990 roku pod nazw\u0105 Zesp\u00f3\u0142 Pie\u015bni i Ta\u0144ca \u201eSiemianowice\u201d grupa sta\u0142a si\u0119 wizyt\u00f3wk\u0105 miasta. Siedzib\u0105 zespo\u0142u jest Siemianowickie Centrum Kultury.<br \/>\nZesp\u00f3\u0142 Pie\u015bni i Ta\u0144ca \u201eSiemianowice\u201d jest cz\u0142onkiem Polskiej Sekcji CIOFF (Mi\u0119dzynarodowej Rady Stowarzysze\u0144 Folklorystycznych, Festiwali i Sztuki Ludowej). Grupa bierze udzia\u0142 w konkursach i festiwalach w Polsce oraz poza jej granicami, m.in. w Grecji, Turcji, Rumunii, na W\u0119grzech, Ukrainie, Litwie, w Czechach, Niemczech czy we Francji.<br \/>\nW repertuarze zespo\u0142u znajduj\u0105 si\u0119 ta\u0144ce ludowe (suity \u015bl\u0105skie- Pszczyna, Rozbark; Suita Ta\u0144c\u00f3w Beskidu \u015al\u0105skiego; Suita Ta\u0144c\u00f3w Mieszczan \u017bywieckich) i narodowe (Polonez, Mazur, Krakowiak, Kujawiak, Oberek). Koncerty zespo\u0142u to barwne i \u017cywio\u0142owe widowiska taneczno-wokalne, kt\u00f3re ciesz\u0105 si\u0119 popularno\u015bci\u0105 i s\u0105 z entuzjazmem przyjmowane przez publiczno\u015b\u0107 w ka\u017cdym wieku.<br \/>\nZesp\u00f3\u0142 tworz\u0105 uczniowie szk\u00f3\u0142 \u015brednich, studenci oraz osoby czynne zawodowo.<\/p>\n<p>Zapraszamy osoby od 15 roku \u017cycia na pr\u00f3by, kt\u00f3re odbywaj\u0105 si\u0119 w poniedzia\u0142ki i \u015brody w godz. 19.00-21.00 w SCK Bytk\u00f3w, ul. Niepodleg\u0142o\u015bci 45.<br \/>\nChoreografem zespo\u0142u jest Ewa Czerwie\u0144-Skipia\u0142a, kierownikiem organizacyjnym Ewa Zawadzka, kierownikiem muzycznym jest Iwona Talatycka-Seman.<br \/>\nKontakt mailowy:<br \/>\nzpitsiemianowice@gmail.com<\/p>\n<p>Dzieci\u0119cy Zesp\u00f3\u0142 Pie\u015bni i Ta\u0144ca \u201eSiemianowice\u201d powsta\u0142 w roku 2007 i jego g\u0142\u00f3wnym celem jest propagowanie barwnego, polskiego folkloru w przyst\u0119pnej, zabawowej formie. Zaj\u0119cia maj\u0105 charakter taneczno \u2013 ruchowy, bazuj\u0105 na podstawach techniki dowolnej, baletu i zaj\u0119\u0107 rytmicznych, by poprzez nauk\u0119 ta\u0144c\u00f3w i piosenek r\u00f3\u017cnych region\u00f3w \u2013 w tym g\u0142\u00f3wnie ze \u015al\u0105ska \u2013 przybli\u017ca\u0107 polskie zwyczaje i tradycje. W trakcie zaj\u0119\u0107 wykorzystywane s\u0105 nagrania opracowanych muzycznie melodii ludowych.<br \/>\nZesp\u00f3\u0142 tworz\u0105 2 grupy wiekowe: grupa m\u0142odsza (5-7 lat) oraz grupa m\u0142odzie\u017cowa (8-15 lat). \u201eSiemianowice\u201d wyst\u0119puje niezwykle cz\u0119sto budz\u0105c wielki entuzjazm w\u015br\u00f3d widowni, a m\u0142odzi tancerze wielokrotnie byli nagradzani na konkursach i przegl\u0105dach tanecznych. Zaj\u0119cia odbywaj\u0105 si\u0119 dwa razy w tygodniu i prowadzone s\u0105 przez do\u015bwiadczon\u0105 kadr\u0119: choreografa i instruktora ta\u0144ca \u2013 Ew\u0119 Czerwie\u0144 \u2013 Skipia\u0142\u0119 oraz kierownika kapeli i instruktora \u015bpiewu \u2013 Iwon\u0119 Talatyck\u0105 \u2013 Seman.<br \/>\nHarmonogram pr\u00f3b:<br \/>\nGrupa m\u0142odsza (5 \u2013 7 lat)<br \/>\nPoniedzia\u0142ek i \u015broda godz. 17.30-18.15<br \/>\nGrupa m\u0142odzie\u017cowa (8-15 lat)<br \/>\nPoniedzia\u0142ek i \u015broda godz. 18.15-19.00.<\/p>\n<p>[\/vc_column_text][\/vc_column][\/vc_row]<\/p>\n","protected":false},"excerpt":{"rendered":"<p>[vc_row][vc_column][vc_gallery type=&#8221;nivo&#8221; interval=&#8221;5&#8243; images=&#8221;4672,4671&#8243; img_size=&#8221;1040&#215;587&#8243; onclick=&#8221;&#8221; css_animation=&#8221;fadeIn&#8221;][vc_column_text]Zesp\u00f3\u0142 Pie\u015bni i Ta\u0144ca \u201dSiemianowice\u201d nale\u017cy do najstarszych zespo\u0142\u00f3w ludowych w Polsce. Jego zadaniem jest krzewienie kultury ludowej poprzez prezentacj\u0119 i popularyzacj\u0119 muzyki i ta\u0144c\u00f3w. Zesp\u00f3l zosta\u0142 za\u0142o\u017cony w 1910 roku jako Towarzystwo \u015apiewu Polskiego \u201eKasyno\u201d, lecz na przestrzeni lat ch\u00f3r zosta\u0142 wzbogacony o tancerzy i orkiestr\u0119. W latach [&hellip;]<\/p>\n","protected":false},"author":1,"featured_media":0,"parent":0,"menu_order":0,"comment_status":"closed","ping_status":"closed","template":"page_fullwidth.php","meta":[],"_links":{"self":[{"href":"https:\/\/www.siemck.pl\/wp-json\/wp\/v2\/pages\/2448"}],"collection":[{"href":"https:\/\/www.siemck.pl\/wp-json\/wp\/v2\/pages"}],"about":[{"href":"https:\/\/www.siemck.pl\/wp-json\/wp\/v2\/types\/page"}],"author":[{"embeddable":true,"href":"https:\/\/www.siemck.pl\/wp-json\/wp\/v2\/users\/1"}],"replies":[{"embeddable":true,"href":"https:\/\/www.siemck.pl\/wp-json\/wp\/v2\/comments?post=2448"}],"version-history":[{"count":26,"href":"https:\/\/www.siemck.pl\/wp-json\/wp\/v2\/pages\/2448\/revisions"}],"predecessor-version":[{"id":28287,"href":"https:\/\/www.siemck.pl\/wp-json\/wp\/v2\/pages\/2448\/revisions\/28287"}],"wp:attachment":[{"href":"https:\/\/www.siemck.pl\/wp-json\/wp\/v2\/media?parent=2448"}],"curies":[{"name":"wp","href":"https:\/\/api.w.org\/{rel}","templated":true}]}}

Zespół Pieśni i Tańca &#8222;Siemianowice&#8221;

<p>[vc_row][vc_column][vc_gallery type=&#8221;nivo&#8221; interval=&#8221;5&#8243; images=&#8221;4672,4671&#8243; img_size=&#8221;1040&#215;587&#8243; onclick=&#8221;&#8221; css_animation=&#8221;fadeIn&#8221;][vc_column_text]Zespół Pieśni i Tańca ”Siemianowice” należy do najstarszych zespołów ludowych w Polsce. Jego zadaniem jest krzewienie kultury ludowej poprzez prezentację i popularyzację muzyki i tańców. Zespól został założony w 1910 roku jako Towarzystwo Śpiewu Polskiego „Kasyno”, lecz na przestrzeni lat chór został wzbogacony o tancerzy i orkiestrę. W latach 80-tych grupa działała jako Górniczy Zespół Pieśni i Tańca ”Siemianowice” a od 1990 roku pod nazwą Zespół Pieśni i Tańca „Siemianowice” grupa stała się wizytówką miasta. Siedzibą zespołu jest Siemianowickie Centrum Kultury.<br />
Zespół Pieśni i Tańca „Siemianowice” jest członkiem Polskiej Sekcji CIOFF (Międzynarodowej Rady Stowarzyszeń Folklorystycznych, Festiwali i Sztuki Ludowej). Grupa bierze udział w konkursach i festiwalach w Polsce oraz poza jej granicami, m.in. w Grecji, Turcji, Rumunii, na Węgrzech, Ukrainie, Litwie, w Czechach, Niemczech czy we Francji.<br />
W repertuarze zespołu znajdują się tańce ludowe (suity śląskie- Pszczyna, Rozbark; Suita Tańców Beskidu Śląskiego; Suita Tańców Mieszczan Żywieckich) i narodowe (Polonez, Mazur, Krakowiak, Kujawiak, Oberek). Koncerty zespołu to barwne i żywiołowe widowiska taneczno-wokalne, które cieszą się popularnością i są z entuzjazmem przyjmowane przez publiczność w każdym wieku.<br />
Zespół tworzą uczniowie szkół średnich, studenci oraz osoby czynne zawodowo.</p>
<p>Zapraszamy osoby od 15 roku życia na próby, które odbywają się w poniedziałki i środy w godz. 19.00-21.00 w SCK Bytków, ul. Niepodległości 45.<br />
Choreografem zespołu jest Ewa Czerwień-Skipiała, kierownikiem organizacyjnym Ewa Zawadzka, kierownikiem muzycznym jest Iwona Talatycka-Seman.<br />
Kontakt mailowy:<br />
zpitsiemianowice@gmail.com</p>
<p>Dziecięcy Zespół Pieśni i Tańca „Siemianowice” powstał w roku 2007 i jego głównym celem jest propagowanie barwnego, polskiego folkloru w przystępnej, zabawowej formie. Zajęcia mają charakter taneczno – ruchowy, bazują na podstawach techniki dowolnej, baletu i zajęć rytmicznych, by poprzez naukę tańców i piosenek różnych regionów – w tym głównie ze Śląska – przybliżać polskie zwyczaje i tradycje. W trakcie zajęć wykorzystywane są nagrania opracowanych muzycznie melodii ludowych.<br />
Zespół tworzą 2 grupy wiekowe: grupa młodsza (5-7 lat) oraz grupa młodzieżowa (8-15 lat). „Siemianowice” występuje niezwykle często budząc wielki entuzjazm wśród widowni, a młodzi tancerze wielokrotnie byli nagradzani na konkursach i przeglądach tanecznych. Zajęcia odbywają się dwa razy w tygodniu i prowadzone są przez doświadczoną kadrę: choreografa i instruktora tańca – Ewę Czerwień – Skipiałę oraz kierownika kapeli i instruktora śpiewu – Iwonę Talatycką – Seman.<br />
Harmonogram prób:<br />
Grupa młodsza (5 – 7 lat)<br />
Poniedziałek i środa godz. 17.30-18.15<br />
Grupa młodzieżowa (8-15 lat)<br />
Poniedziałek i środa godz. 18.15-19.00.</p>
<p>[/vc_column_text][/vc_column][/vc_row]</p>

<p>[vc_row][vc_column][vc_gallery type=&#8221;nivo&#8221; interval=&#8221;5&#8243; images=&#8221;4672,4671&#8243; img_size=&#8221;1040&#215;587&#8243; onclick=&#8221;&#8221; css_animation=&#8221;fadeIn&#8221;][vc_column_text]Zespół Pieśni i Tańca ”Siemianowice” należy do najstarszych zespołów ludowych w Polsce. Jego zadaniem jest krzewienie kultury ludowej poprzez prezentację i popularyzację muzyki i tańców. Zespól został założony w 1910 roku jako Towarzystwo Śpiewu Polskiego „Kasyno”, lecz na przestrzeni lat chór został wzbogacony o tancerzy i orkiestrę. W latach [&hellip;]</p>
