{"id":2444,"date":"2017-03-19T21:16:30","date_gmt":"2017-03-19T20:16:30","guid":{"rendered":"http:\/\/siemck.sac.pl\/?page_id=2444"},"modified":"2023-10-16T12:37:32","modified_gmt":"2023-10-16T10:37:32","slug":"ceramika","status":"publish","type":"page","link":"https:\/\/www.siemck.pl\/ceramika\/","title":{"rendered":"Pracownia ceramiczna"},"content":{"rendered":"<p>&nbsp;<\/p>\n<p>Uczestnicy zaj\u0119\u0107 w Pracowni Ceramicznej wykonuj\u0105 przedmioty u\u017cytkowe, ozdoby, a nawet bi\u017cuteri\u0119. Zaj\u0119cia obejmuj\u0105 prac\u0119 w bia\u0142ej masie ceramicznej bez szamotu. Uczestnicy poznaj\u0105 r\u00f3\u017cne techniki: wygniatanie, wa\u0142eczkowanie, wst\u0119gi, p\u0142askorze\u017aba, rze\u017aba z bry\u0142y, ryty. Wykonane prace s\u0105 r\u00f3wnie\u017c zdobione metod\u0105 szkliwienia, angobowania. Do dekoracji wykorzystywane s\u0105 tak\u017ce tlenki i farby podszkliwne. Prace wypalane s\u0105 w piecu ceramicznym uzyskuj\u0105c w ten spos\u00f3b trwa\u0142o\u015b\u0107.<\/p>\n<p>Prowadzenie: Anita Malinowska i Anna Muszy\u0144ska<\/p>\n<p>&nbsp;<\/p>\n","protected":false},"excerpt":{"rendered":"<p>&nbsp; Uczestnicy zaj\u0119\u0107 w Pracowni Ceramicznej wykonuj\u0105 przedmioty u\u017cytkowe, ozdoby, a nawet bi\u017cuteri\u0119. Zaj\u0119cia obejmuj\u0105 prac\u0119 w bia\u0142ej masie ceramicznej bez szamotu. Uczestnicy poznaj\u0105 r\u00f3\u017cne techniki: wygniatanie, wa\u0142eczkowanie, wst\u0119gi, p\u0142askorze\u017aba, rze\u017aba z bry\u0142y, ryty. Wykonane prace s\u0105 r\u00f3wnie\u017c zdobione metod\u0105 szkliwienia, angobowania. Do dekoracji wykorzystywane s\u0105 tak\u017ce tlenki i farby podszkliwne. Prace wypalane s\u0105 w [&hellip;]<\/p>\n","protected":false},"author":1,"featured_media":4503,"parent":0,"menu_order":0,"comment_status":"closed","ping_status":"closed","template":"page_fullwidth.php","meta":[],"_links":{"self":[{"href":"https:\/\/www.siemck.pl\/wp-json\/wp\/v2\/pages\/2444"}],"collection":[{"href":"https:\/\/www.siemck.pl\/wp-json\/wp\/v2\/pages"}],"about":[{"href":"https:\/\/www.siemck.pl\/wp-json\/wp\/v2\/types\/page"}],"author":[{"embeddable":true,"href":"https:\/\/www.siemck.pl\/wp-json\/wp\/v2\/users\/1"}],"replies":[{"embeddable":true,"href":"https:\/\/www.siemck.pl\/wp-json\/wp\/v2\/comments?post=2444"}],"version-history":[{"count":10,"href":"https:\/\/www.siemck.pl\/wp-json\/wp\/v2\/pages\/2444\/revisions"}],"predecessor-version":[{"id":24351,"href":"https:\/\/www.siemck.pl\/wp-json\/wp\/v2\/pages\/2444\/revisions\/24351"}],"wp:featuredmedia":[{"embeddable":true,"href":"https:\/\/www.siemck.pl\/wp-json\/wp\/v2\/media\/4503"}],"wp:attachment":[{"href":"https:\/\/www.siemck.pl\/wp-json\/wp\/v2\/media?parent=2444"}],"curies":[{"name":"wp","href":"https:\/\/api.w.org\/{rel}","templated":true}]}}

<p>&nbsp;</p>
<p>Uczestnicy zajęć w Pracowni Ceramicznej wykonują przedmioty użytkowe, ozdoby, a nawet biżuterię. Zajęcia obejmują pracę w białej masie ceramicznej bez szamotu. Uczestnicy poznają różne techniki: wygniatanie, wałeczkowanie, wstęgi, płaskorzeźba, rzeźba z bryły, ryty. Wykonane prace są również zdobione metodą szkliwienia, angobowania. Do dekoracji wykorzystywane są także tlenki i farby podszkliwne. Prace wypalane są w piecu ceramicznym uzyskując w ten sposób trwałość.</p>
<p>Prowadzenie: Anita Malinowska i Anna Muszyńska</p>
<p>&nbsp;</p>

<p>&nbsp; Uczestnicy zajęć w Pracowni Ceramicznej wykonują przedmioty użytkowe, ozdoby, a nawet biżuterię. Zajęcia obejmują pracę w białej masie ceramicznej bez szamotu. Uczestnicy poznają różne techniki: wygniatanie, wałeczkowanie, wstęgi, płaskorzeźba, rzeźba z bryły, ryty. Wykonane prace są również zdobione metodą szkliwienia, angobowania. Do dekoracji wykorzystywane są także tlenki i farby podszkliwne. Prace wypalane są w [&hellip;]</p>
