{"id":2441,"date":"2017-03-19T21:15:26","date_gmt":"2017-03-19T20:15:26","guid":{"rendered":"http:\/\/siemck.sac.pl\/?page_id=2441"},"modified":"2024-11-04T10:25:50","modified_gmt":"2024-11-04T09:25:50","slug":"nawinklu","status":"publish","type":"page","link":"https:\/\/www.siemck.pl\/nawinklu\/","title":{"rendered":"Pracownia plastyczna Na winklu"},"content":{"rendered":"<p>&nbsp;<\/p>\n<p>Zaj\u0119cia plastyczne w Pracowni plastycznej \u201eNa winklu\u201d s\u0105 kierowane do dzieci przedszkolnych oraz szkolnych. Na zaj\u0119ciach prezentowane s\u0105 r\u00f3\u017cne techniki plastyczne: rysunkowe, malarskie, rze\u017abiarskie, graficzne, r\u0119kodzie\u0142o artystyczne oraz techniki mieszane. Pracownia wyposa\u017cona jest w r\u00f3\u017cnorodne materia\u0142y plastyczne, co daje dzieciom du\u017ce mo\u017cliwo\u015bci rozwoju artystycznego. Zar\u00f3wno starsze jak i m\u0142odsze dzieci podczas zaj\u0119\u0107 poznaj\u0105 zagadnienia z zakresu sztuk plastycznych, historii sztuki oraz podstaw rysunku.<\/p>\n<p>Prowadzenie: Paulina Matysek<\/p>\n<p>Znajdziecie Nas r\u00f3wnie\u017c na Facebooku:\u00a0<a role=\"link\" href=\"https:\/\/www.facebook.com\/pracownianawinklu\">Pracownia Plastyczna Na Winklu<\/a><\/p>\n<p><a href=\"https:\/\/www.siemck.pl\/wp-content\/uploads\/Regulamin-uczestnictwa-w-zajeciach-Pracowni-Plastycznej-NA-WINKLU.pdf\">Regulamin Pracowni Plastycznej Na Winklu<\/a><\/p>\n<p>&nbsp;<\/p>\n","protected":false},"excerpt":{"rendered":"<p>&nbsp; Zaj\u0119cia plastyczne w Pracowni plastycznej \u201eNa winklu\u201d s\u0105 kierowane do dzieci przedszkolnych oraz szkolnych. Na zaj\u0119ciach prezentowane s\u0105 r\u00f3\u017cne techniki plastyczne: rysunkowe, malarskie, rze\u017abiarskie, graficzne, r\u0119kodzie\u0142o artystyczne oraz techniki mieszane. Pracownia wyposa\u017cona jest w r\u00f3\u017cnorodne materia\u0142y plastyczne, co daje dzieciom du\u017ce mo\u017cliwo\u015bci rozwoju artystycznego. Zar\u00f3wno starsze jak i m\u0142odsze dzieci podczas zaj\u0119\u0107 poznaj\u0105 zagadnienia [&hellip;]<\/p>\n","protected":false},"author":1,"featured_media":4511,"parent":0,"menu_order":0,"comment_status":"closed","ping_status":"closed","template":"page_fullwidth.php","meta":[],"_links":{"self":[{"href":"https:\/\/www.siemck.pl\/wp-json\/wp\/v2\/pages\/2441"}],"collection":[{"href":"https:\/\/www.siemck.pl\/wp-json\/wp\/v2\/pages"}],"about":[{"href":"https:\/\/www.siemck.pl\/wp-json\/wp\/v2\/types\/page"}],"author":[{"embeddable":true,"href":"https:\/\/www.siemck.pl\/wp-json\/wp\/v2\/users\/1"}],"replies":[{"embeddable":true,"href":"https:\/\/www.siemck.pl\/wp-json\/wp\/v2\/comments?post=2441"}],"version-history":[{"count":15,"href":"https:\/\/www.siemck.pl\/wp-json\/wp\/v2\/pages\/2441\/revisions"}],"predecessor-version":[{"id":27187,"href":"https:\/\/www.siemck.pl\/wp-json\/wp\/v2\/pages\/2441\/revisions\/27187"}],"wp:featuredmedia":[{"embeddable":true,"href":"https:\/\/www.siemck.pl\/wp-json\/wp\/v2\/media\/4511"}],"wp:attachment":[{"href":"https:\/\/www.siemck.pl\/wp-json\/wp\/v2\/media?parent=2441"}],"curies":[{"name":"wp","href":"https:\/\/api.w.org\/{rel}","templated":true}]}}

<p>&nbsp;</p>
<p>Zajęcia plastyczne w Pracowni plastycznej „Na winklu” są kierowane do dzieci przedszkolnych oraz szkolnych. Na zajęciach prezentowane są różne techniki plastyczne: rysunkowe, malarskie, rzeźbiarskie, graficzne, rękodzieło artystyczne oraz techniki mieszane. Pracownia wyposażona jest w różnorodne materiały plastyczne, co daje dzieciom duże możliwości rozwoju artystycznego. Zarówno starsze jak i młodsze dzieci podczas zajęć poznają zagadnienia z zakresu sztuk plastycznych, historii sztuki oraz podstaw rysunku.</p>
<p>Prowadzenie: Paulina Matysek</p>
<p>Znajdziecie Nas również na Facebooku: <a role="link" href="https://www.facebook.com/pracownianawinklu">Pracownia Plastyczna Na Winklu</a></p>
<p><a href="https://www.siemck.pl/wp-content/uploads/Regulamin-uczestnictwa-w-zajeciach-Pracowni-Plastycznej-NA-WINKLU.pdf">Regulamin Pracowni Plastycznej Na Winklu</a></p>
<p>&nbsp;</p>

<p>&nbsp; Zajęcia plastyczne w Pracowni plastycznej „Na winklu” są kierowane do dzieci przedszkolnych oraz szkolnych. Na zajęciach prezentowane są różne techniki plastyczne: rysunkowe, malarskie, rzeźbiarskie, graficzne, rękodzieło artystyczne oraz techniki mieszane. Pracownia wyposażona jest w różnorodne materiały plastyczne, co daje dzieciom duże możliwości rozwoju artystycznego. Zarówno starsze jak i młodsze dzieci podczas zajęć poznają zagadnienia [&hellip;]</p>
