{"id":2439,"date":"2017-03-19T21:14:48","date_gmt":"2017-03-19T20:14:48","guid":{"rendered":"http:\/\/siemck.sac.pl\/?page_id=2439"},"modified":"2025-03-20T15:27:29","modified_gmt":"2025-03-20T14:27:29","slug":"okienko","status":"publish","type":"page","link":"https:\/\/www.siemck.pl\/okienko\/","title":{"rendered":"Pracownia plastyczna Okienko"},"content":{"rendered":"<p>[vc_row][vc_column][vc_gallery type=&#8221;nivo&#8221; interval=&#8221;5&#8243; images=&#8221;4668,4667,4666,5740,5741,5739&#8243; img_size=&#8221;1040&#215;675&#8243; onclick=&#8221;&#8221; css_animation=&#8221;fadeIn&#8221;][vc_column_text]Pracownia dzia\u0142a w Siemianowickim Centrum Kultury od pa\u017adziernika 1994 roku.\u00a0Prowadzimy dzia\u0142anie plastyczne dla dzieci m\u0142odszych ,starszych a tak\u017ce dla doros\u0142ych.\u00a0Du\u017cym zainteresowaniem ciesz\u0105 si\u0119 r\u00f3wnie\u017c zaj\u0119cia \u201emi\u0119dzypokoleniowe\u201d takie jak \u201eRazem z Mam\u0105\u201d \u2018 i \u201eDziadkowie i wnucz\u0119ta\u201d.<\/p>\n<p>Prowadzimy zaj\u0119cia warsztatowe w pracowni, ale te\u017c bardzo aktywnie uczestniczymy w wyjazdach plenerowych i dzia\u0142aniach w innych pracowniach w naszym mie\u015bcie i nie tylko.\u00a0Odwiedzamy Galerie Sztuki i Muzea oraz uczestniczymy aktywnie w Dniach Otwartych Szk\u00f3\u0142 Plastycznych i Akademii Sztuk Pi\u0119knych.<\/p>\n<p>Zaj\u0119cia warsztatowe odbywaj\u0105 si\u0119 w du\u017cych \/16-20 os\u00f3b\/grupach i obejmuj\u0105 dzia\u0142anie w najr\u00f3\u017cniejszych technikach plastycznych i r\u0119kodzielniczych. Tworzymy rzeczy ma\u0142e i du\u017ce, kolorowe i czarno-bia\u0142e, u\u017cytkowe i takie \u201edo ogl\u0105dania\u201d, a wszystko co powstaje prezentujemy w naszej Galerii OKIENKO. Galeria prezentuje te\u017c wystawy innych grup plastycznych z naszego miasta i okolicy.<\/p>\n<p>Prowadzenie: Dorota Micior-Gajewska<\/p>\n<p>Znajdziecie Nas r\u00f3wnie\u017c na Facebooku: <a href=\"https:\/\/www.facebook.com\/pracowniaokienko\">Pracownia Plastyczna Okienko<\/a><\/p>\n<p><a href=\"https:\/\/www.siemck.pl\/wp-content\/uploads\/Regulamin-Pracowni-Okienko-2024.2025.pdf\">Regulamin Pracowni Plastycznej Okienko 2024\/2025<\/a><\/p>\n<hr \/>\n<p>[\/vc_column_text][vc_column_text]Miejsce: SCK \u2013 Bytk\u00f3w\u00a0<span class=\"s1\">ul. Niepodleg\u0142o\u015bci 45 |\u00a0<\/span><span class=\"s1\">Wej\u015bcie do budunku od ty\u0142u, od strony ul. Teatralnej.<\/span>[\/vc_column_text][\/vc_column][\/vc_row][vc_row][vc_column width=&#8221;1\/2&#8243;][vc_gmaps link=&#8221;#E-8_JTNDaWZyYW1lJTIwc3JjJTNEJTIyaHR0cHMlM0ElMkYlMkZ3d3cuZ29vZ2xlLmNvbSUyRm1hcHMlMkZlbWJlZCUzRnBiJTNEJTIxMW0xOCUyMTFtMTIlMjExbTMlMjExZDI1NDguNDIwNTI3NjU0MzMzJTIxMmQxOS4wMDQyMzkzMTYwNzI3MiUyMTNkNTAuMzAyNzQzODc5NDU1MzM1JTIxMm0zJTIxMWYwJTIxMmYwJTIxM2YwJTIxM20yJTIxMWkxMDI0JTIxMmk3NjglMjE0ZjEzLjElMjEzbTMlMjExbTIlMjExczB4NDcxNmQxZjUyMTUyZmVkOSUyNTNBMHhhMjY3OGYyY2U3NjZmZGRlJTIxMnNTaWVtaWFub3dpY2tpZSUyQkNlbnRydW0lMkJLdWx0dXJ5JTIxNWUwJTIxM20yJTIxMXNlbiUyMTJzdXMlMjE0djE0OTA3MDYyOTYzODElMjIlMjB3aWR0aCUzRCUyMjQ5NSUyMiUyMGhlaWdodCUzRCUyMjI1MCUyMiUyMGZyYW1lYm9yZGVyJTNEJTIyMCUyMiUyMHN0eWxlJTNEJTIyYm9yZGVyJTNBMCUyMiUyMGFsbG93ZnVsbHNjcmVlbiUzRSUzQyUyRmlmcmFtZSUzRQ==&#8221;][\/vc_column][vc_column width=&#8221;1\/2&#8243;][vc_gmaps link=&#8221;#E-8_JTNDaWZyYW1lJTIwc3JjJTNEJTIyaHR0cHMlM0ElMkYlMkZ3d3cuZ29vZ2xlLmNvbSUyRm1hcHMlMkZlbWJlZCUzRnBiJTNEJTIxNHYxNTM5MjU0MTczNjg3JTIxNm04JTIxMW03JTIxMXMxR2VlZ2pyQ3NwTmQ3ekhIdEgwcHl3JTIxMm0yJTIxMWQ1MC4zMDI5Nzg0NDQ5NzAzNCUyMTJkMTkuMDA2MzkzOTQ2NDc4NjQlMjEzZjEyNy42NDM3NTg3OTYyMDA4NyUyMTRmLTEuMzI1MzE2NjQ3MDk3MDU0JTIxNWYwLjc4MjA4NjU5NzQ2Mjc0NjklMjIlMjB3aWR0aCUzRCUyMjQ5NSUyMiUyMGhlaWdodCUzRCUyMjI1MCUyMiUyMGZyYW1lYm9yZGVyJTNEJTIyMCUyMiUyMHN0eWxlJTNEJTIyYm9yZGVyJTNBMCUyMiUyMGFsbG93ZnVsbHNjcmVlbiUzRSUzQyUyRmlmcmFtZSUzRQ==&#8221;][\/vc_column][\/vc_row]<\/p>\n","protected":false},"excerpt":{"rendered":"<p>[vc_row][vc_column][vc_gallery type=&#8221;nivo&#8221; interval=&#8221;5&#8243; images=&#8221;4668,4667,4666,5740,5741,5739&#8243; img_size=&#8221;1040&#215;675&#8243; onclick=&#8221;&#8221; css_animation=&#8221;fadeIn&#8221;][vc_column_text]Pracownia dzia\u0142a w Siemianowickim Centrum Kultury od pa\u017adziernika 1994 roku.\u00a0Prowadzimy dzia\u0142anie plastyczne dla dzieci m\u0142odszych ,starszych a tak\u017ce dla doros\u0142ych.\u00a0Du\u017cym zainteresowaniem ciesz\u0105 si\u0119 r\u00f3wnie\u017c zaj\u0119cia \u201emi\u0119dzypokoleniowe\u201d takie jak \u201eRazem z Mam\u0105\u201d \u2018 i \u201eDziadkowie i wnucz\u0119ta\u201d. Prowadzimy zaj\u0119cia warsztatowe w pracowni, ale te\u017c bardzo aktywnie uczestniczymy w wyjazdach plenerowych [&hellip;]<\/p>\n","protected":false},"author":1,"featured_media":0,"parent":0,"menu_order":0,"comment_status":"closed","ping_status":"closed","template":"page_fullwidth.php","meta":[],"_links":{"self":[{"href":"https:\/\/www.siemck.pl\/wp-json\/wp\/v2\/pages\/2439"}],"collection":[{"href":"https:\/\/www.siemck.pl\/wp-json\/wp\/v2\/pages"}],"about":[{"href":"https:\/\/www.siemck.pl\/wp-json\/wp\/v2\/types\/page"}],"author":[{"embeddable":true,"href":"https:\/\/www.siemck.pl\/wp-json\/wp\/v2\/users\/1"}],"replies":[{"embeddable":true,"href":"https:\/\/www.siemck.pl\/wp-json\/wp\/v2\/comments?post=2439"}],"version-history":[{"count":29,"href":"https:\/\/www.siemck.pl\/wp-json\/wp\/v2\/pages\/2439\/revisions"}],"predecessor-version":[{"id":28230,"href":"https:\/\/www.siemck.pl\/wp-json\/wp\/v2\/pages\/2439\/revisions\/28230"}],"wp:attachment":[{"href":"https:\/\/www.siemck.pl\/wp-json\/wp\/v2\/media?parent=2439"}],"curies":[{"name":"wp","href":"https:\/\/api.w.org\/{rel}","templated":true}]}}

<p>[vc_row][vc_column][vc_gallery type=&#8221;nivo&#8221; interval=&#8221;5&#8243; images=&#8221;4668,4667,4666,5740,5741,5739&#8243; img_size=&#8221;1040&#215;675&#8243; onclick=&#8221;&#8221; css_animation=&#8221;fadeIn&#8221;][vc_column_text]Pracownia działa w Siemianowickim Centrum Kultury od października 1994 roku. Prowadzimy działanie plastyczne dla dzieci młodszych ,starszych a także dla dorosłych. Dużym zainteresowaniem cieszą się również zajęcia „międzypokoleniowe” takie jak „Razem z Mamą” ‘ i „Dziadkowie i wnuczęta”.</p>
<p>Prowadzimy zajęcia warsztatowe w pracowni, ale też bardzo aktywnie uczestniczymy w wyjazdach plenerowych i działaniach w innych pracowniach w naszym mieście i nie tylko. Odwiedzamy Galerie Sztuki i Muzea oraz uczestniczymy aktywnie w Dniach Otwartych Szkół Plastycznych i Akademii Sztuk Pięknych.</p>
<p>Zajęcia warsztatowe odbywają się w dużych /16-20 osób/grupach i obejmują działanie w najróżniejszych technikach plastycznych i rękodzielniczych. Tworzymy rzeczy małe i duże, kolorowe i czarno-białe, użytkowe i takie „do oglądania”, a wszystko co powstaje prezentujemy w naszej Galerii OKIENKO. Galeria prezentuje też wystawy innych grup plastycznych z naszego miasta i okolicy.</p>
<p>Prowadzenie: Dorota Micior-Gajewska</p>
<p>Znajdziecie Nas również na Facebooku: <a href="https://www.facebook.com/pracowniaokienko">Pracownia Plastyczna Okienko</a></p>
<p><a href="https://www.siemck.pl/wp-content/uploads/Regulamin-Pracowni-Okienko-2024.2025.pdf">Regulamin Pracowni Plastycznej Okienko 2024/2025</a></p>
<hr />
<p>[/vc_column_text][vc_column_text]Miejsce: SCK – Bytków <span class="s1">ul. Niepodległości 45 | </span><span class="s1">Wejście do budunku od tyłu, od strony ul. Teatralnej.</span>[/vc_column_text][/vc_column][/vc_row][vc_row][vc_column width=&#8221;1/2&#8243;][vc_gmaps link=&#8221;#E-8_JTNDaWZyYW1lJTIwc3JjJTNEJTIyaHR0cHMlM0ElMkYlMkZ3d3cuZ29vZ2xlLmNvbSUyRm1hcHMlMkZlbWJlZCUzRnBiJTNEJTIxMW0xOCUyMTFtMTIlMjExbTMlMjExZDI1NDguNDIwNTI3NjU0MzMzJTIxMmQxOS4wMDQyMzkzMTYwNzI3MiUyMTNkNTAuMzAyNzQzODc5NDU1MzM1JTIxMm0zJTIxMWYwJTIxMmYwJTIxM2YwJTIxM20yJTIxMWkxMDI0JTIxMmk3NjglMjE0ZjEzLjElMjEzbTMlMjExbTIlMjExczB4NDcxNmQxZjUyMTUyZmVkOSUyNTNBMHhhMjY3OGYyY2U3NjZmZGRlJTIxMnNTaWVtaWFub3dpY2tpZSUyQkNlbnRydW0lMkJLdWx0dXJ5JTIxNWUwJTIxM20yJTIxMXNlbiUyMTJzdXMlMjE0djE0OTA3MDYyOTYzODElMjIlMjB3aWR0aCUzRCUyMjQ5NSUyMiUyMGhlaWdodCUzRCUyMjI1MCUyMiUyMGZyYW1lYm9yZGVyJTNEJTIyMCUyMiUyMHN0eWxlJTNEJTIyYm9yZGVyJTNBMCUyMiUyMGFsbG93ZnVsbHNjcmVlbiUzRSUzQyUyRmlmcmFtZSUzRQ==&#8221;][/vc_column][vc_column width=&#8221;1/2&#8243;][vc_gmaps link=&#8221;#E-8_JTNDaWZyYW1lJTIwc3JjJTNEJTIyaHR0cHMlM0ElMkYlMkZ3d3cuZ29vZ2xlLmNvbSUyRm1hcHMlMkZlbWJlZCUzRnBiJTNEJTIxNHYxNTM5MjU0MTczNjg3JTIxNm04JTIxMW03JTIxMXMxR2VlZ2pyQ3NwTmQ3ekhIdEgwcHl3JTIxMm0yJTIxMWQ1MC4zMDI5Nzg0NDQ5NzAzNCUyMTJkMTkuMDA2MzkzOTQ2NDc4NjQlMjEzZjEyNy42NDM3NTg3OTYyMDA4NyUyMTRmLTEuMzI1MzE2NjQ3MDk3MDU0JTIxNWYwLjc4MjA4NjU5NzQ2Mjc0NjklMjIlMjB3aWR0aCUzRCUyMjQ5NSUyMiUyMGhlaWdodCUzRCUyMjI1MCUyMiUyMGZyYW1lYm9yZGVyJTNEJTIyMCUyMiUyMHN0eWxlJTNEJTIyYm9yZGVyJTNBMCUyMiUyMGFsbG93ZnVsbHNjcmVlbiUzRSUzQyUyRmlmcmFtZSUzRQ==&#8221;][/vc_column][/vc_row]</p>

<p>[vc_row][vc_column][vc_gallery type=&#8221;nivo&#8221; interval=&#8221;5&#8243; images=&#8221;4668,4667,4666,5740,5741,5739&#8243; img_size=&#8221;1040&#215;675&#8243; onclick=&#8221;&#8221; css_animation=&#8221;fadeIn&#8221;][vc_column_text]Pracownia działa w Siemianowickim Centrum Kultury od października 1994 roku. Prowadzimy działanie plastyczne dla dzieci młodszych ,starszych a także dla dorosłych. Dużym zainteresowaniem cieszą się również zajęcia „międzypokoleniowe” takie jak „Razem z Mamą” ‘ i „Dziadkowie i wnuczęta”. Prowadzimy zajęcia warsztatowe w pracowni, ale też bardzo aktywnie uczestniczymy w wyjazdach plenerowych [&hellip;]</p>
