{"id":24209,"date":"2023-10-03T13:25:53","date_gmt":"2023-10-03T11:25:53","guid":{"rendered":"https:\/\/www.siemck.pl\/?page_id=24209"},"modified":"2026-02-24T10:40:12","modified_gmt":"2026-02-24T09:40:12","slug":"godziny-otwarcia-kasy","status":"publish","type":"page","link":"https:\/\/www.siemck.pl\/godziny-otwarcia-kasy\/","title":{"rendered":"Godziny otwarcia kasy"},"content":{"rendered":"<p><strong>&#x1f39f;&#xfe0f;W lutym sprzeda\u017c bilet\u00f3w : <\/strong><\/p>\n<p>&#8211; poniedzia\u0142ek i wtorek \u00a0w godzinach 11.30-18.30<\/p>\n<p>&#8211; \u015broda w godzinach 9.30-14.30<\/p>\n<p>&#8211; \u00a0czwartek i pi\u0105tek w godzinach 9.30-16.30<\/p>\n<p><strong>Zmiana godzin: <\/strong><\/p>\n<p>12 (czwartek) 13.30-19.30 SPEKTAKL<\/p>\n<p>19 (czwartek) 13.30-19.30 KONCERT BIG CYC<\/p>\n<p>&nbsp;<\/p>\n<p><strong>&#x1f39f;&#xfe0f;W marcu sprzeda\u017c bilet\u00f3w: <\/strong><\/p>\n<p>&#8211; poniedzia\u0142ek i wtorek \u00a0w godzinach 11.30-18.30<\/p>\n<p>&#8211; \u015broda w godzinach 9.30-14.30<\/p>\n<p>&#8211; \u00a0czwartek i pi\u0105tek w godzinach 9.30-16.30<\/p>\n<p><strong>Dodatkowo: <\/strong><\/p>\n<p>14 (sobota) 17.00-19.30 koncert EWA BEM<\/p>\n<p>21 (sobota) 16.00-18.30 operetka WESO\u0141A WD\u00d3WKA<\/p>\n<p><strong>Bilety dost\u0119pne s\u0105 te\u017c on-line:\u00a0 <\/strong><a href=\"http:\/\/www.bilety.siemck.pl\/\"><strong>www.bilety.siemck.pl<\/strong><\/a><\/p>\n","protected":false},"excerpt":{"rendered":"<p>&#x1f39f;&#xfe0f;W lutym sprzeda\u017c bilet\u00f3w : &#8211; poniedzia\u0142ek i wtorek \u00a0w godzinach 11.30-18.30 &#8211; \u015broda w godzinach 9.30-14.30 &#8211; \u00a0czwartek i pi\u0105tek w godzinach 9.30-16.30 Zmiana godzin: 12 (czwartek) 13.30-19.30 SPEKTAKL 19 (czwartek) 13.30-19.30 KONCERT BIG CYC &nbsp; &#x1f39f;&#xfe0f;W marcu sprzeda\u017c bilet\u00f3w: &#8211; poniedzia\u0142ek i wtorek \u00a0w godzinach 11.30-18.30 &#8211; \u015broda w godzinach 9.30-14.30 &#8211; \u00a0czwartek [&hellip;]<\/p>\n","protected":false},"author":1,"featured_media":0,"parent":0,"menu_order":0,"comment_status":"closed","ping_status":"closed","template":"page_fullwidth.php","meta":[],"_links":{"self":[{"href":"https:\/\/www.siemck.pl\/wp-json\/wp\/v2\/pages\/24209"}],"collection":[{"href":"https:\/\/www.siemck.pl\/wp-json\/wp\/v2\/pages"}],"about":[{"href":"https:\/\/www.siemck.pl\/wp-json\/wp\/v2\/types\/page"}],"author":[{"embeddable":true,"href":"https:\/\/www.siemck.pl\/wp-json\/wp\/v2\/users\/1"}],"replies":[{"embeddable":true,"href":"https:\/\/www.siemck.pl\/wp-json\/wp\/v2\/comments?post=24209"}],"version-history":[{"count":42,"href":"https:\/\/www.siemck.pl\/wp-json\/wp\/v2\/pages\/24209\/revisions"}],"predecessor-version":[{"id":30255,"href":"https:\/\/www.siemck.pl\/wp-json\/wp\/v2\/pages\/24209\/revisions\/30255"}],"wp:attachment":[{"href":"https:\/\/www.siemck.pl\/wp-json\/wp\/v2\/media?parent=24209"}],"curies":[{"name":"wp","href":"https:\/\/api.w.org\/{rel}","templated":true}]}}