{"id":2418,"date":"2017-03-19T21:05:10","date_gmt":"2017-03-19T20:05:10","guid":{"rendered":"http:\/\/siemck.sac.pl\/?page_id=2418"},"modified":"2026-01-09T14:35:13","modified_gmt":"2026-01-09T13:35:13","slug":"amfiteatr","status":"publish","type":"page","link":"https:\/\/www.siemck.pl\/amfiteatr\/","title":{"rendered":"SCK &#8211; Amfiteatr"},"content":{"rendered":"<p>[vc_row][vc_column][vc_tta_tabs style=&#8221;modern&#8221; shape=&#8221;square&#8221; spacing=&#8221;2&#8243; active_section=&#8221;1&#8243; css_animation=&#8221;fadeIn&#8221;][\/vc_tta_tabs][vc_tta_section title=&#8221;Dane kontaktowe&#8221; tab_id=&#8221;dane-kontaktowe&#8221;][\/vc_tta_section][vc_column_text]<strong>Amfiteatr Miejski<br \/>\nul. Chopina 1<\/strong><br \/>\n<strong>Siemianowice \u015al\u0105skie 41-100<\/strong><\/p>\n<p><a href=\"https:\/\/www.siemck.pl\/wp-content\/uploads\/Regulamin-amfiteatru-miejskiego-1.pdf\">Regulamin amfiteatru miejskiego<\/a><\/p>\n<p><a href=\"https:\/\/www.facebook.com\/amfiteatr.siemianowice\">https:\/\/www.facebook.com\/amfiteatr.siemianowice<\/a>[\/vc_column_text][\/vc_column][\/vc_row][vc_row][vc_column width=&#8221;1\/2&#8243;][vc_column_text]<\/p>\n<p><a href=\"https:\/\/www.siemck.pl\/wp-content\/uploads\/3.Z.25-Regulamin-sprzedeazy-biletow-indywidualnych-i-grupowych.pdf\">3.Z.25 Regulamin sprzedea\u017cy bilet\u00f3w indywidualnych i grupowych<\/a><\/p>\n<p><a href=\"https:\/\/www.siemck.pl\/wp-content\/uploads\/4.Z.25-Regulamin-sprzedazy-biletow-on-line.pdf\">4.Z.25 Regulamin sprzeda\u017cy bilet\u00f3w on-line<\/a><\/p>\n<p>&nbsp;<\/p>\n<p>[\/vc_column_text][vc_row_inner][vc_column_inner][vc_gmaps link=&#8221;#E-8_JTNDaWZyYW1lJTIwc3JjJTNEJTIyaHR0cHMlM0ElMkYlMkZ3d3cuZ29vZ2xlLmNvbSUyRm1hcHMlMkZlbWJlZCUzRnBiJTNEJTIxMW0xOCUyMTFtMTIlMjExbTMlMjExZDI1NDguMTA0NDg1NDM4MTM1MyUyMTJkMTkuMDI4NjQzNTY2MDcyODk4JTIxM2Q1MC4zMDg2NDIxNzk0NTYwMSUyMTJtMyUyMTFmMCUyMTJmMCUyMTNmMCUyMTNtMiUyMTFpMTAyNCUyMTJpNzY4JTIxNGYxMy4xJTIxM20zJTIxMW0yJTIxMXMweDQ3MTZkMTkwY2M5ZDQyZTMlMjUzQTB4NTIwYmZmOGI2M2VkMzZiNyUyMTJzQW1maXRlYXRyJTI1MkMlMkI0MS0xMDAlMkJTaWVtaWFub3dpY2UlMkIlMjVDNSUyNTlBbCUyNUM0JTI1ODVza2llJTI1MkMlMkJQb2xhbmQlMjE1ZTAlMjEzbTIlMjExc2VuJTIxMnN1cyUyMTR2MTQ5MDkwOTgwNjQxMSUyMiUyMHdpZHRoJTNEJTIyNjAwJTIyJTIwaGVpZ2h0JTNEJTIyMjUwJTIyJTIwZnJhbWVib3JkZXIlM0QlMjIwJTIyJTIwc3R5bGUlM0QlMjJib3JkZXIlM0EwJTIyJTIwYWxsb3dmdWxsc2NyZWVuJTNFJTNDJTJGaWZyYW1lJTNF&#8221;][\/vc_column_inner][\/vc_row_inner][vc_tta_section title=&#8221;Informacje o obiekcie&#8221; tab_id=&#8221;informacje&#8221;][vc_column_text]<\/p>\n<div class=\"wpb_text_column wpb_content_element \">\n<div class=\"wpb_wrapper\">\n<p>Od wiosny do jesieni w Parku Miejskim odbywaj\u0105 si\u0119 wyst\u0119py zespo\u0142\u00f3w folklorystycznych, spektakle dla dzieci, wyst\u0119py operetkowe, koncerty rockowe i inne. Amfiteatr wkomponowany jest umiej\u0119tnie w krajobraz parku, okala go ziele\u0144 obfitej ro\u015blinno\u015bci, co jest szczeg\u00f3lnie atrakcyjne dla widz\u00f3w, gdy\u017c wyj\u015bcie na imprez\u0119 \u0142\u0105czy si\u0119 nieodzownie i tradycyjnie z przyjemnym spacerem po parku. Obiekt mo\u017ce pomie\u015bci\u0107 jednorazowo ok. 900 widz\u00f3w.<\/p>\n<\/div>\n<\/div>\n<p>[\/vc_column_text][vc_empty_space height=&#8221;1px&#8221;][\/vc_tta_section][vc_tta_section title=&#8221;Oferta wynajmu&#8221; tab_id=&#8221;oferta-wynajmu&#8221;][vc_column_text]<\/p>\n<p><a href=\"https:\/\/www.siemck.pl\/wp-content\/uploads\/Cennik-najmu-pomieszczen-Siemianowickiego-Centrum-Kultury-w-roku-2026.pdf\">Cennik najmu pomieszcze\u0144 Siemianowickiego Centrum Kultury w roku 2026<\/a><\/p>\n<p><a href=\"\/wp-content\/uploads\/Scena_SCK_Amfiteatr.pdf\" target=\"_blank\" rel=\"noopener\">Plan sceny Amfiteatru w formacie PDF<\/a>[\/vc_column_text][vc_empty_space height=&#8221;1px&#8221;][\/vc_tta_section][\/vc_column][\/vc_row]<\/p>\n","protected":false},"excerpt":{"rendered":"<p>[vc_row][vc_column][vc_tta_tabs style=&#8221;modern&#8221; shape=&#8221;square&#8221; spacing=&#8221;2&#8243; active_section=&#8221;1&#8243; css_animation=&#8221;fadeIn&#8221;][\/vc_tta_tabs][vc_tta_section title=&#8221;Dane kontaktowe&#8221; tab_id=&#8221;dane-kontaktowe&#8221;][\/vc_tta_section][vc_column_text]Amfiteatr Miejski ul. Chopina 1 Siemianowice \u015al\u0105skie 41-100 Regulamin amfiteatru miejskiego https:\/\/www.facebook.com\/amfiteatr.siemianowice[\/vc_column_text][\/vc_column][\/vc_row][vc_row][vc_column width=&#8221;1\/2&#8243;][vc_column_text] 3.Z.25 Regulamin sprzedea\u017cy bilet\u00f3w indywidualnych i grupowych 4.Z.25 Regulamin sprzeda\u017cy bilet\u00f3w on-line &nbsp; [\/vc_column_text][vc_row_inner][vc_column_inner][vc_gmaps link=&#8221;#E-8_JTNDaWZyYW1lJTIwc3JjJTNEJTIyaHR0cHMlM0ElMkYlMkZ3d3cuZ29vZ2xlLmNvbSUyRm1hcHMlMkZlbWJlZCUzRnBiJTNEJTIxMW0xOCUyMTFtMTIlMjExbTMlMjExZDI1NDguMTA0NDg1NDM4MTM1MyUyMTJkMTkuMDI4NjQzNTY2MDcyODk4JTIxM2Q1MC4zMDg2NDIxNzk0NTYwMSUyMTJtMyUyMTFmMCUyMTJmMCUyMTNmMCUyMTNtMiUyMTFpMTAyNCUyMTJpNzY4JTIxNGYxMy4xJTIxM20zJTIxMW0yJTIxMXMweDQ3MTZkMTkwY2M5ZDQyZTMlMjUzQTB4NTIwYmZmOGI2M2VkMzZiNyUyMTJzQW1maXRlYXRyJTI1MkMlMkI0MS0xMDAlMkJTaWVtaWFub3dpY2UlMkIlMjVDNSUyNTlBbCUyNUM0JTI1ODVza2llJTI1MkMlMkJQb2xhbmQlMjE1ZTAlMjEzbTIlMjExc2VuJTIxMnN1cyUyMTR2MTQ5MDkwOTgwNjQxMSUyMiUyMHdpZHRoJTNEJTIyNjAwJTIyJTIwaGVpZ2h0JTNEJTIyMjUwJTIyJTIwZnJhbWVib3JkZXIlM0QlMjIwJTIyJTIwc3R5bGUlM0QlMjJib3JkZXIlM0EwJTIyJTIwYWxsb3dmdWxsc2NyZWVuJTNFJTNDJTJGaWZyYW1lJTNF&#8221;][\/vc_column_inner][\/vc_row_inner][vc_tta_section title=&#8221;Informacje o obiekcie&#8221; tab_id=&#8221;informacje&#8221;][vc_column_text] Od wiosny do jesieni w Parku Miejskim odbywaj\u0105 si\u0119 wyst\u0119py zespo\u0142\u00f3w folklorystycznych, spektakle dla dzieci, [&hellip;]<\/p>\n","protected":false},"author":1,"featured_media":12117,"parent":0,"menu_order":0,"comment_status":"closed","ping_status":"closed","template":"page_fullwidth.php","meta":[],"_links":{"self":[{"href":"https:\/\/www.siemck.pl\/wp-json\/wp\/v2\/pages\/2418"}],"collection":[{"href":"https:\/\/www.siemck.pl\/wp-json\/wp\/v2\/pages"}],"about":[{"href":"https:\/\/www.siemck.pl\/wp-json\/wp\/v2\/types\/page"}],"author":[{"embeddable":true,"href":"https:\/\/www.siemck.pl\/wp-json\/wp\/v2\/users\/1"}],"replies":[{"embeddable":true,"href":"https:\/\/www.siemck.pl\/wp-json\/wp\/v2\/comments?post=2418"}],"version-history":[{"count":48,"href":"https:\/\/www.siemck.pl\/wp-json\/wp\/v2\/pages\/2418\/revisions"}],"predecessor-version":[{"id":30069,"href":"https:\/\/www.siemck.pl\/wp-json\/wp\/v2\/pages\/2418\/revisions\/30069"}],"wp:featuredmedia":[{"embeddable":true,"href":"https:\/\/www.siemck.pl\/wp-json\/wp\/v2\/media\/12117"}],"wp:attachment":[{"href":"https:\/\/www.siemck.pl\/wp-json\/wp\/v2\/media?parent=2418"}],"curies":[{"name":"wp","href":"https:\/\/api.w.org\/{rel}","templated":true}]}}

<p>[vc_row][vc_column][vc_tta_tabs style=&#8221;modern&#8221; shape=&#8221;square&#8221; spacing=&#8221;2&#8243; active_section=&#8221;1&#8243; css_animation=&#8221;fadeIn&#8221;][/vc_tta_tabs][vc_tta_section title=&#8221;Dane kontaktowe&#8221; tab_id=&#8221;dane-kontaktowe&#8221;][/vc_tta_section][vc_column_text]<strong>Amfiteatr Miejski<br />
ul. Chopina 1</strong><br />
<strong>Siemianowice Śląskie 41-100</strong></p>
<p><a href="https://www.siemck.pl/wp-content/uploads/Regulamin-amfiteatru-miejskiego-1.pdf">Regulamin amfiteatru miejskiego</a></p>
<p><a href="https://www.facebook.com/amfiteatr.siemianowice">https://www.facebook.com/amfiteatr.siemianowice</a>[/vc_column_text][/vc_column][/vc_row][vc_row][vc_column width=&#8221;1/2&#8243;][vc_column_text]</p>
<p><a href="https://www.siemck.pl/wp-content/uploads/3.Z.25-Regulamin-sprzedeazy-biletow-indywidualnych-i-grupowych.pdf">3.Z.25 Regulamin sprzedeaży biletów indywidualnych i grupowych</a></p>
<p><a href="https://www.siemck.pl/wp-content/uploads/4.Z.25-Regulamin-sprzedazy-biletow-on-line.pdf">4.Z.25 Regulamin sprzedaży biletów on-line</a></p>
<p>&nbsp;</p>
<p>[/vc_column_text][vc_row_inner][vc_column_inner][vc_gmaps link=&#8221;#E-8_JTNDaWZyYW1lJTIwc3JjJTNEJTIyaHR0cHMlM0ElMkYlMkZ3d3cuZ29vZ2xlLmNvbSUyRm1hcHMlMkZlbWJlZCUzRnBiJTNEJTIxMW0xOCUyMTFtMTIlMjExbTMlMjExZDI1NDguMTA0NDg1NDM4MTM1MyUyMTJkMTkuMDI4NjQzNTY2MDcyODk4JTIxM2Q1MC4zMDg2NDIxNzk0NTYwMSUyMTJtMyUyMTFmMCUyMTJmMCUyMTNmMCUyMTNtMiUyMTFpMTAyNCUyMTJpNzY4JTIxNGYxMy4xJTIxM20zJTIxMW0yJTIxMXMweDQ3MTZkMTkwY2M5ZDQyZTMlMjUzQTB4NTIwYmZmOGI2M2VkMzZiNyUyMTJzQW1maXRlYXRyJTI1MkMlMkI0MS0xMDAlMkJTaWVtaWFub3dpY2UlMkIlMjVDNSUyNTlBbCUyNUM0JTI1ODVza2llJTI1MkMlMkJQb2xhbmQlMjE1ZTAlMjEzbTIlMjExc2VuJTIxMnN1cyUyMTR2MTQ5MDkwOTgwNjQxMSUyMiUyMHdpZHRoJTNEJTIyNjAwJTIyJTIwaGVpZ2h0JTNEJTIyMjUwJTIyJTIwZnJhbWVib3JkZXIlM0QlMjIwJTIyJTIwc3R5bGUlM0QlMjJib3JkZXIlM0EwJTIyJTIwYWxsb3dmdWxsc2NyZWVuJTNFJTNDJTJGaWZyYW1lJTNF&#8221;][/vc_column_inner][/vc_row_inner][vc_tta_section title=&#8221;Informacje o obiekcie&#8221; tab_id=&#8221;informacje&#8221;][vc_column_text]</p>
<div class="wpb_text_column wpb_content_element ">
<div class="wpb_wrapper">
<p>Od wiosny do jesieni w Parku Miejskim odbywają się występy zespołów folklorystycznych, spektakle dla dzieci, występy operetkowe, koncerty rockowe i inne. Amfiteatr wkomponowany jest umiejętnie w krajobraz parku, okala go zieleń obfitej roślinności, co jest szczególnie atrakcyjne dla widzów, gdyż wyjście na imprezę łączy się nieodzownie i tradycyjnie z przyjemnym spacerem po parku. Obiekt może pomieścić jednorazowo ok. 900 widzów.</p>
</div>
</div>
<p>[/vc_column_text][vc_empty_space height=&#8221;1px&#8221;][/vc_tta_section][vc_tta_section title=&#8221;Oferta wynajmu&#8221; tab_id=&#8221;oferta-wynajmu&#8221;][vc_column_text]</p>
<p><a href="https://www.siemck.pl/wp-content/uploads/Cennik-najmu-pomieszczen-Siemianowickiego-Centrum-Kultury-w-roku-2026.pdf">Cennik najmu pomieszczeń Siemianowickiego Centrum Kultury w roku 2026</a></p>
<p><a href="/wp-content/uploads/Scena_SCK_Amfiteatr.pdf" target="_blank" rel="noopener">Plan sceny Amfiteatru w formacie PDF</a>[/vc_column_text][vc_empty_space height=&#8221;1px&#8221;][/vc_tta_section][/vc_column][/vc_row]</p>

<p>[vc_row][vc_column][vc_tta_tabs style=&#8221;modern&#8221; shape=&#8221;square&#8221; spacing=&#8221;2&#8243; active_section=&#8221;1&#8243; css_animation=&#8221;fadeIn&#8221;][/vc_tta_tabs][vc_tta_section title=&#8221;Dane kontaktowe&#8221; tab_id=&#8221;dane-kontaktowe&#8221;][/vc_tta_section][vc_column_text]Amfiteatr Miejski ul. Chopina 1 Siemianowice Śląskie 41-100 Regulamin amfiteatru miejskiego https://www.facebook.com/amfiteatr.siemianowice[/vc_column_text][/vc_column][/vc_row][vc_row][vc_column width=&#8221;1/2&#8243;][vc_column_text] 3.Z.25 Regulamin sprzedeaży biletów indywidualnych i grupowych 4.Z.25 Regulamin sprzedaży biletów on-line &nbsp; [/vc_column_text][vc_row_inner][vc_column_inner][vc_gmaps link=&#8221;#E-8_JTNDaWZyYW1lJTIwc3JjJTNEJTIyaHR0cHMlM0ElMkYlMkZ3d3cuZ29vZ2xlLmNvbSUyRm1hcHMlMkZlbWJlZCUzRnBiJTNEJTIxMW0xOCUyMTFtMTIlMjExbTMlMjExZDI1NDguMTA0NDg1NDM4MTM1MyUyMTJkMTkuMDI4NjQzNTY2MDcyODk4JTIxM2Q1MC4zMDg2NDIxNzk0NTYwMSUyMTJtMyUyMTFmMCUyMTJmMCUyMTNmMCUyMTNtMiUyMTFpMTAyNCUyMTJpNzY4JTIxNGYxMy4xJTIxM20zJTIxMW0yJTIxMXMweDQ3MTZkMTkwY2M5ZDQyZTMlMjUzQTB4NTIwYmZmOGI2M2VkMzZiNyUyMTJzQW1maXRlYXRyJTI1MkMlMkI0MS0xMDAlMkJTaWVtaWFub3dpY2UlMkIlMjVDNSUyNTlBbCUyNUM0JTI1ODVza2llJTI1MkMlMkJQb2xhbmQlMjE1ZTAlMjEzbTIlMjExc2VuJTIxMnN1cyUyMTR2MTQ5MDkwOTgwNjQxMSUyMiUyMHdpZHRoJTNEJTIyNjAwJTIyJTIwaGVpZ2h0JTNEJTIyMjUwJTIyJTIwZnJhbWVib3JkZXIlM0QlMjIwJTIyJTIwc3R5bGUlM0QlMjJib3JkZXIlM0EwJTIyJTIwYWxsb3dmdWxsc2NyZWVuJTNFJTNDJTJGaWZyYW1lJTNF&#8221;][/vc_column_inner][/vc_row_inner][vc_tta_section title=&#8221;Informacje o obiekcie&#8221; tab_id=&#8221;informacje&#8221;][vc_column_text] Od wiosny do jesieni w Parku Miejskim odbywają się występy zespołów folklorystycznych, spektakle dla dzieci, [&hellip;]</p>
