{"id":24058,"date":"2023-09-27T14:05:55","date_gmt":"2023-09-27T12:05:55","guid":{"rendered":"https:\/\/www.siemck.pl\/?page_id=24058"},"modified":"2023-09-29T08:55:10","modified_gmt":"2023-09-29T06:55:10","slug":"grupa-teatralna-srubki","status":"publish","type":"page","link":"https:\/\/www.siemck.pl\/grupa-teatralna-srubki\/","title":{"rendered":"Grupa teatralna \u015arubki"},"content":{"rendered":"<p>[vc_row][vc_column][vc_gallery type=&#8221;nivo&#8221; interval=&#8221;3&#8243; images=&#8221;24077,24078,24079&#8243; img_size=&#8221;1040&#215;675&#8243; onclick=&#8221;&#8221; css_animation=&#8221;fadeIn&#8221;][vc_column_text]Ka\u017cdy z nas ma wi\u0119ksz\u0105 lub mniejsz\u0105 potrzeb\u0119 ekspresji artystycznej. Jedn\u0105 z mo\u017cliwo\u015bci takiego tw\u00f3rczego dzia\u0142ania jest teatr. Odpowiadaj\u0105c na potrzeby ma\u0142ych mieszka\u0144c\u00f3w Siemianowic \u015al.<br \/>\nod 2021 roku w SCK Parku Tradycji dzia\u0142a sekcja teatralnych zaj\u0119\u0107 dla dzieci \u201e\u015arubki\u201d.<br \/>\nPodczas zaj\u0119\u0107 mali aktorzy poznaj\u0105 podstawy gry aktorskiej, mimik\u0119, ruch sceniczny, dykcj\u0119 oraz inne \u015brodki wyrazu scenicznego. Rozwijaj\u0105 pewno\u015b\u0107 siebie, wyobra\u017ani\u0119 i wra\u017cliwo\u015b\u0107 artystyczn\u0105.<br \/>\nPod okiem prowadz\u0105cej dzieci przygotowuj\u0105 sw\u00f3j spektakl \u2013 od scenariusza, poprzez scenografi\u0119, muzyk\u0119, opracowanie r\u00f3l a\u017c do wyst\u0119pu przed publiczno\u015bci\u0105 podczas Dni Siemianowic \u015al\u0105skich.<\/p>\n<p>Prowadzenie: Magdalena Wr\u00f3blewska-\u017balik<br \/>\nWarsztaty przeznaczone s\u0105 dla dzieci w wieku 5-15 lat.<br \/>\nMaksymalna ilo\u015b\u0107 uczestnik\u00f3w: 15 os\u00f3b<br \/>\nZaj\u0119cia: \u015brody 17.30-19.00<br \/>\nOp\u0142ata 80 z\u0142\/mc<\/p>\n<hr \/>\n<p><a href=\"https:\/\/www.siemck.pl\/wp-content\/uploads\/Regulamin-Teatru-Dzieci-Srubki.pdf\">Regulamin Teatru Dzieci \u015arubki<\/a>[\/vc_column_text][\/vc_column][\/vc_row]<\/p>\n","protected":false},"excerpt":{"rendered":"<p>[vc_row][vc_column][vc_gallery type=&#8221;nivo&#8221; interval=&#8221;3&#8243; images=&#8221;24077,24078,24079&#8243; img_size=&#8221;1040&#215;675&#8243; onclick=&#8221;&#8221; css_animation=&#8221;fadeIn&#8221;][vc_column_text]Ka\u017cdy z nas ma wi\u0119ksz\u0105 lub mniejsz\u0105 potrzeb\u0119 ekspresji artystycznej. Jedn\u0105 z mo\u017cliwo\u015bci takiego tw\u00f3rczego dzia\u0142ania jest teatr. Odpowiadaj\u0105c na potrzeby ma\u0142ych mieszka\u0144c\u00f3w Siemianowic \u015al. od 2021 roku w SCK Parku Tradycji dzia\u0142a sekcja teatralnych zaj\u0119\u0107 dla dzieci \u201e\u015arubki\u201d. Podczas zaj\u0119\u0107 mali aktorzy poznaj\u0105 podstawy gry aktorskiej, mimik\u0119, ruch [&hellip;]<\/p>\n","protected":false},"author":1,"featured_media":0,"parent":0,"menu_order":0,"comment_status":"closed","ping_status":"closed","template":"page_fullwidth.php","meta":[],"_links":{"self":[{"href":"https:\/\/www.siemck.pl\/wp-json\/wp\/v2\/pages\/24058"}],"collection":[{"href":"https:\/\/www.siemck.pl\/wp-json\/wp\/v2\/pages"}],"about":[{"href":"https:\/\/www.siemck.pl\/wp-json\/wp\/v2\/types\/page"}],"author":[{"embeddable":true,"href":"https:\/\/www.siemck.pl\/wp-json\/wp\/v2\/users\/1"}],"replies":[{"embeddable":true,"href":"https:\/\/www.siemck.pl\/wp-json\/wp\/v2\/comments?post=24058"}],"version-history":[{"count":4,"href":"https:\/\/www.siemck.pl\/wp-json\/wp\/v2\/pages\/24058\/revisions"}],"predecessor-version":[{"id":24194,"href":"https:\/\/www.siemck.pl\/wp-json\/wp\/v2\/pages\/24058\/revisions\/24194"}],"wp:attachment":[{"href":"https:\/\/www.siemck.pl\/wp-json\/wp\/v2\/media?parent=24058"}],"curies":[{"name":"wp","href":"https:\/\/api.w.org\/{rel}","templated":true}]}}