{"id":24056,"date":"2023-09-27T14:05:06","date_gmt":"2023-09-27T12:05:06","guid":{"rendered":"https:\/\/www.siemck.pl\/?page_id=24056"},"modified":"2023-09-28T11:06:21","modified_gmt":"2023-09-28T09:06:21","slug":"chor-wesola-jesien","status":"publish","type":"page","link":"https:\/\/www.siemck.pl\/chor-wesola-jesien\/","title":{"rendered":"Ch\u00f3r Weso\u0142a Jesie\u0144"},"content":{"rendered":"<p>[vc_row][vc_column][vc_gallery type=&#8221;nivo&#8221; interval=&#8221;3&#8243; images=&#8221;21026,18994,24081&#8243; img_size=&#8221;1040&#215;675&#8243; onclick=&#8221;&#8221; css_animation=&#8221;none&#8221;][vc_column_text]Ch\u00f3r &#8222;Weso\u0142a Jesie\u0144&#8221; zosta\u0142 za\u0142o\u017cony w 1973 roku przez Tadeusza Lachowicza. Po 3 latach dzia\u0142alno\u015bci kierownictwo przej\u0119\u0142a Hildegarda Weisser, kt\u00f3ra prowadzi\u0142a go przez 34 lata. W tym czasie ch\u00f3r uczestniczy\u0142 w wielu koncertach, biesiadach i przegl\u0105dach artystycznych. Trzykrotnie by\u0142 laureatem przegl\u0105du w Tarnowskich G\u00f3rach. Od 2010 roku ch\u00f3rem kieruje Stefania Tomys wsp\u00f3lnie z Bogus\u0142awem Pyp\u0142aczem. Na ich wyst\u0119pach gromadzi si\u0119 sporo publiczno\u015bci. Zesp\u00f3\u0142 ma pr\u00f3by oraz koncertuje w SCK &#8211; Willi Fitznera.[\/vc_column_text][\/vc_column][\/vc_row]<\/p>\n","protected":false},"excerpt":{"rendered":"<p>[vc_row][vc_column][vc_gallery type=&#8221;nivo&#8221; interval=&#8221;3&#8243; images=&#8221;21026,18994,24081&#8243; img_size=&#8221;1040&#215;675&#8243; onclick=&#8221;&#8221; css_animation=&#8221;none&#8221;][vc_column_text]Ch\u00f3r &#8222;Weso\u0142a Jesie\u0144&#8221; zosta\u0142 za\u0142o\u017cony w 1973 roku przez Tadeusza Lachowicza. Po 3 latach dzia\u0142alno\u015bci kierownictwo przej\u0119\u0142a Hildegarda Weisser, kt\u00f3ra prowadzi\u0142a go przez 34 lata. W tym czasie ch\u00f3r uczestniczy\u0142 w wielu koncertach, biesiadach i przegl\u0105dach artystycznych. Trzykrotnie by\u0142 laureatem przegl\u0105du w Tarnowskich G\u00f3rach. Od 2010 roku ch\u00f3rem kieruje [&hellip;]<\/p>\n","protected":false},"author":1,"featured_media":0,"parent":0,"menu_order":0,"comment_status":"closed","ping_status":"closed","template":"page_fullwidth.php","meta":[],"_links":{"self":[{"href":"https:\/\/www.siemck.pl\/wp-json\/wp\/v2\/pages\/24056"}],"collection":[{"href":"https:\/\/www.siemck.pl\/wp-json\/wp\/v2\/pages"}],"about":[{"href":"https:\/\/www.siemck.pl\/wp-json\/wp\/v2\/types\/page"}],"author":[{"embeddable":true,"href":"https:\/\/www.siemck.pl\/wp-json\/wp\/v2\/users\/1"}],"replies":[{"embeddable":true,"href":"https:\/\/www.siemck.pl\/wp-json\/wp\/v2\/comments?post=24056"}],"version-history":[{"count":6,"href":"https:\/\/www.siemck.pl\/wp-json\/wp\/v2\/pages\/24056\/revisions"}],"predecessor-version":[{"id":24085,"href":"https:\/\/www.siemck.pl\/wp-json\/wp\/v2\/pages\/24056\/revisions\/24085"}],"wp:attachment":[{"href":"https:\/\/www.siemck.pl\/wp-json\/wp\/v2\/media?parent=24056"}],"curies":[{"name":"wp","href":"https:\/\/api.w.org\/{rel}","templated":true}]}}

Chór Wesoła Jesień

<p>[vc_row][vc_column][vc_gallery type=&#8221;nivo&#8221; interval=&#8221;3&#8243; images=&#8221;21026,18994,24081&#8243; img_size=&#8221;1040&#215;675&#8243; onclick=&#8221;&#8221; css_animation=&#8221;none&#8221;][vc_column_text]Chór &#8222;Wesoła Jesień&#8221; został założony w 1973 roku przez Tadeusza Lachowicza. Po 3 latach działalności kierownictwo przejęła Hildegarda Weisser, która prowadziła go przez 34 lata. W tym czasie chór uczestniczył w wielu koncertach, biesiadach i przeglądach artystycznych. Trzykrotnie był laureatem przeglądu w Tarnowskich Górach. Od 2010 roku chórem kieruje Stefania Tomys wspólnie z Bogusławem Pypłaczem. Na ich występach gromadzi się sporo publiczności. Zespół ma próby oraz koncertuje w SCK &#8211; Willi Fitznera.[/vc_column_text][/vc_column][/vc_row]</p>

<p>[vc_row][vc_column][vc_gallery type=&#8221;nivo&#8221; interval=&#8221;3&#8243; images=&#8221;21026,18994,24081&#8243; img_size=&#8221;1040&#215;675&#8243; onclick=&#8221;&#8221; css_animation=&#8221;none&#8221;][vc_column_text]Chór &#8222;Wesoła Jesień&#8221; został założony w 1973 roku przez Tadeusza Lachowicza. Po 3 latach działalności kierownictwo przejęła Hildegarda Weisser, która prowadziła go przez 34 lata. W tym czasie chór uczestniczył w wielu koncertach, biesiadach i przeglądach artystycznych. Trzykrotnie był laureatem przeglądu w Tarnowskich Górach. Od 2010 roku chórem kieruje [&hellip;]</p>
