{"id":24054,"date":"2023-09-27T14:03:33","date_gmt":"2023-09-27T12:03:33","guid":{"rendered":"https:\/\/www.siemck.pl\/?page_id=24054"},"modified":"2023-09-28T10:07:32","modified_gmt":"2023-09-28T08:07:32","slug":"grupa-plastyczna-laura","status":"publish","type":"page","link":"https:\/\/www.siemck.pl\/grupa-plastyczna-laura\/","title":{"rendered":"Grupa plastyczna Laura"},"content":{"rendered":"<p>[vc_row][vc_column][vc_gallery type=&#8221;nivo&#8221; interval=&#8221;3&#8243; images=&#8221;24067,8187,12557&#8243; img_size=&#8221;1040&#215;675&#8243; onclick=&#8221;&#8221; css_animation=&#8221;fadeIn&#8221;][vc_column_text]Grupa powsta\u0142a jesieni\u0105 2014 roku znajduj\u0105c sw\u0105 siedzib\u0119 w XIX-to wiecznej Willi Fitznera. W 2016 roku przenios\u0142a si\u0119 do Pa\u0142acu Rheinbaben\u00f3w &#8211; Zameczek w Micha\u0142kowicach. &#8222;Grupa Lura&#8221; powsta\u0142a jako sekcja Siemianowickiego Centrum Kultury, kt\u00f3rej inicjatorami s\u0105:<br \/>\nJan Wiktor Urba\u0144czyk, Franciszek Sowa i Stanis\u0142aw Pilarczyk &#8211; za\u0142o\u017cyciele<br \/>\nMarek Banasik &#8211; Dyrektor Siemianowickiego Centrum Kultury<br \/>\nMa\u0142gorzata Groniewska &#8211; Oddzia\u0142 Willa Fitznera<br \/>\nAnna Moj-\u0141ukasik &#8211; Oddzia\u0142 Zameczek<br \/>\nObecnie &#8222;LAURA&#8221; skupia kilkana\u015bcie os\u00f3b zwi\u0105zanych z Siemianowicami. S\u0105 to arty\u015bci amatorzy reprezentuj\u0105cy malarstwo, rze\u017ab\u0119, fotografik\u0119 i inne formy sztuki u\u017cytkowej wzbogacanej dodatkowo o poezj\u0119 i muzyk\u0119.<br \/>\nNa co dzie\u0144 reprezentuj\u0105 oni r\u00f3\u017cne profesje: mechanicy, g\u00f3rnicy, hutnicy, prywatni przedsi\u0119biorcy, przedstawiciele s\u0142u\u017cby zdrowia, pracownicy kultury i nauki. \u0141\u0105czy ich jedno &#8211; pasja tworzenia i niczym nieograniczona wyobra\u017ania. Stale rozwijaj\u0105 swoje zainteresowania i doskonal\u0105 kunszt staj\u0105c si\u0119 tym samym ambasadorami sztuki godnie reprezentuj\u0105cymi nasze miasto na wystawach, wernisa\u017cach, plenerach malarskich i konkursach.<br \/>\nNa koncie jej cz\u0142onk\u00f3w odnotowanych jest wiele z nich. Do najwa\u017cniejszych wydarze\u0144 cyklicznych mo\u017cna zaliczy\u0107 m.in.:<br \/>\n&#8211; konkurs im. P. Wr\u00f3bla<br \/>\n&#8211; Rudzka Jesie\u0144<br \/>\n&#8211; Festival International Art Naif<br \/>\n&#8211; Artisma<br \/>\n&#8211; ANTYnuda<br \/>\n&#8211; Wo\u017anickie plenery malarskie<br \/>\n&#8211; Art Passion<br \/>\n&#8211; Wystawy w G\u00f3rno\u015bl\u0105skim Parku Etnograficznym<\/p>\n<p>Sta\u0142e wystawy w:<br \/>\n&#8211; Galerii G. S. Trefonia w Nakle \u015al\u0105skim<br \/>\n&#8211; Galerii &#8222;Po schodach&#8221; w Siemianowicach \u015al.<br \/>\n&#8211; Galerii Grupy Artystycznej &#8222;LAURA&#8221;<br \/>\n&#8211; Siemianowickim Centrum Kultury<br \/>\n&#8211; MGOK w Wo\u017anikach \u015al.<\/p>\n<p>Ich prace znajduj\u0105 si\u0119 r\u00f3wnie\u017c w wielu prywatnych kolekcjach, galeriach i muzeach w kraju i za granic\u0105. Grupa prowadzi dzia\u0142ania kulturalne dbaj\u0105c o zagospodarowanie czasu wolnego mieszka\u0144c\u00f3w naszego miasta oraz ich rozw\u00f3j artystyczny.[\/vc_column_text][\/vc_column][\/vc_row]<\/p>\n","protected":false},"excerpt":{"rendered":"<p>[vc_row][vc_column][vc_gallery type=&#8221;nivo&#8221; interval=&#8221;3&#8243; images=&#8221;24067,8187,12557&#8243; img_size=&#8221;1040&#215;675&#8243; onclick=&#8221;&#8221; css_animation=&#8221;fadeIn&#8221;][vc_column_text]Grupa powsta\u0142a jesieni\u0105 2014 roku znajduj\u0105c sw\u0105 siedzib\u0119 w XIX-to wiecznej Willi Fitznera. W 2016 roku przenios\u0142a si\u0119 do Pa\u0142acu Rheinbaben\u00f3w &#8211; Zameczek w Micha\u0142kowicach. &#8222;Grupa Lura&#8221; powsta\u0142a jako sekcja Siemianowickiego Centrum Kultury, kt\u00f3rej inicjatorami s\u0105: Jan Wiktor Urba\u0144czyk, Franciszek Sowa i Stanis\u0142aw Pilarczyk &#8211; za\u0142o\u017cyciele Marek Banasik &#8211; [&hellip;]<\/p>\n","protected":false},"author":1,"featured_media":0,"parent":0,"menu_order":0,"comment_status":"closed","ping_status":"closed","template":"page_fullwidth.php","meta":[],"_links":{"self":[{"href":"https:\/\/www.siemck.pl\/wp-json\/wp\/v2\/pages\/24054"}],"collection":[{"href":"https:\/\/www.siemck.pl\/wp-json\/wp\/v2\/pages"}],"about":[{"href":"https:\/\/www.siemck.pl\/wp-json\/wp\/v2\/types\/page"}],"author":[{"embeddable":true,"href":"https:\/\/www.siemck.pl\/wp-json\/wp\/v2\/users\/1"}],"replies":[{"embeddable":true,"href":"https:\/\/www.siemck.pl\/wp-json\/wp\/v2\/comments?post=24054"}],"version-history":[{"count":4,"href":"https:\/\/www.siemck.pl\/wp-json\/wp\/v2\/pages\/24054\/revisions"}],"predecessor-version":[{"id":24068,"href":"https:\/\/www.siemck.pl\/wp-json\/wp\/v2\/pages\/24054\/revisions\/24068"}],"wp:attachment":[{"href":"https:\/\/www.siemck.pl\/wp-json\/wp\/v2\/media?parent=24054"}],"curies":[{"name":"wp","href":"https:\/\/api.w.org\/{rel}","templated":true}]}}

<p>[vc_row][vc_column][vc_gallery type=&#8221;nivo&#8221; interval=&#8221;3&#8243; images=&#8221;24067,8187,12557&#8243; img_size=&#8221;1040&#215;675&#8243; onclick=&#8221;&#8221; css_animation=&#8221;fadeIn&#8221;][vc_column_text]Grupa powstała jesienią 2014 roku znajdując swą siedzibę w XIX-to wiecznej Willi Fitznera. W 2016 roku przeniosła się do Pałacu Rheinbabenów &#8211; Zameczek w Michałkowicach. &#8222;Grupa Lura&#8221; powstała jako sekcja Siemianowickiego Centrum Kultury, której inicjatorami są:<br />
Jan Wiktor Urbańczyk, Franciszek Sowa i Stanisław Pilarczyk &#8211; założyciele<br />
Marek Banasik &#8211; Dyrektor Siemianowickiego Centrum Kultury<br />
Małgorzata Groniewska &#8211; Oddział Willa Fitznera<br />
Anna Moj-Łukasik &#8211; Oddział Zameczek<br />
Obecnie &#8222;LAURA&#8221; skupia kilkanaście osób związanych z Siemianowicami. Są to artyści amatorzy reprezentujący malarstwo, rzeźbę, fotografikę i inne formy sztuki użytkowej wzbogacanej dodatkowo o poezję i muzykę.<br />
Na co dzień reprezentują oni różne profesje: mechanicy, górnicy, hutnicy, prywatni przedsiębiorcy, przedstawiciele służby zdrowia, pracownicy kultury i nauki. Łączy ich jedno &#8211; pasja tworzenia i niczym nieograniczona wyobraźnia. Stale rozwijają swoje zainteresowania i doskonalą kunszt stając się tym samym ambasadorami sztuki godnie reprezentującymi nasze miasto na wystawach, wernisażach, plenerach malarskich i konkursach.<br />
Na koncie jej członków odnotowanych jest wiele z nich. Do najważniejszych wydarzeń cyklicznych można zaliczyć m.in.:<br />
&#8211; konkurs im. P. Wróbla<br />
&#8211; Rudzka Jesień<br />
&#8211; Festival International Art Naif<br />
&#8211; Artisma<br />
&#8211; ANTYnuda<br />
&#8211; Woźnickie plenery malarskie<br />
&#8211; Art Passion<br />
&#8211; Wystawy w Górnośląskim Parku Etnograficznym</p>
<p>Stałe wystawy w:<br />
&#8211; Galerii G. S. Trefonia w Nakle Śląskim<br />
&#8211; Galerii &#8222;Po schodach&#8221; w Siemianowicach Śl.<br />
&#8211; Galerii Grupy Artystycznej &#8222;LAURA&#8221;<br />
&#8211; Siemianowickim Centrum Kultury<br />
&#8211; MGOK w Woźnikach Śl.</p>
<p>Ich prace znajdują się również w wielu prywatnych kolekcjach, galeriach i muzeach w kraju i za granicą. Grupa prowadzi działania kulturalne dbając o zagospodarowanie czasu wolnego mieszkańców naszego miasta oraz ich rozwój artystyczny.[/vc_column_text][/vc_column][/vc_row]</p>

<p>[vc_row][vc_column][vc_gallery type=&#8221;nivo&#8221; interval=&#8221;3&#8243; images=&#8221;24067,8187,12557&#8243; img_size=&#8221;1040&#215;675&#8243; onclick=&#8221;&#8221; css_animation=&#8221;fadeIn&#8221;][vc_column_text]Grupa powstała jesienią 2014 roku znajdując swą siedzibę w XIX-to wiecznej Willi Fitznera. W 2016 roku przeniosła się do Pałacu Rheinbabenów &#8211; Zameczek w Michałkowicach. &#8222;Grupa Lura&#8221; powstała jako sekcja Siemianowickiego Centrum Kultury, której inicjatorami są: Jan Wiktor Urbańczyk, Franciszek Sowa i Stanisław Pilarczyk &#8211; założyciele Marek Banasik &#8211; [&hellip;]</p>
