{"id":24048,"date":"2023-09-27T13:55:58","date_gmt":"2023-09-27T11:55:58","guid":{"rendered":"https:\/\/www.siemck.pl\/?page_id=24048"},"modified":"2025-09-11T10:03:16","modified_gmt":"2025-09-11T08:03:16","slug":"zajecia-sck-zameczek","status":"publish","type":"page","link":"https:\/\/www.siemck.pl\/zajecia-sck-zameczek\/","title":{"rendered":"Zaj\u0119cia SCK &#8211; Zameczek"},"content":{"rendered":"<p>[vc_row][vc_column][vc_column_text]<\/p>\n<h3><strong>Zapraszamy na zaj\u0119cia sekcji Siemianowickiego Centrum Kultury w roku szkolnym 2025\/2026:<\/strong><\/h3>\n<p>&#x1f4de; zaj\u0119cia odbywaj\u0105ce si\u0119 w SCK Zameczek: 32\/204 11 27<\/p>\n<p><strong>Zapraszamy do rejestrowania si\u0119 w systemie zaj\u0119ciowym\u00a0<a href=\"https:\/\/sck.systemzajeciowy.pl\/\">https:\/\/sck.systemzajeciowy.pl<\/a>\u00a0na zaj\u0119cia artystyczne w SCK- Zameczek ul. O\u015bwi\u0119cimska 1 w nowym roku szkolnym.<\/strong><\/p>\n<p>Wszystkich, chc\u0105cych\u00a0rozpocz\u0105\u0107 lub kontynuowa\u0107 udzia\u0142 w zaj\u0119ciach, zapraszamy na pierwsze spotkanie informacyjne:<\/p>\n<p>Zesp\u00f3\u0142 taneczny \u201eLittle Stars\u201d \u2013 22 wrze\u015bnia (poniedzia\u0142ek), godz. 17.00, sala lustrzana<\/p>\n<p>Zesp\u00f3\u0142 taneczny \u201eTip Top\u201d \u2013 22 wrze\u015bnia (poniedzia\u0142ek), godz. 17.00, sala lustrzana<\/p>\n<p>Zesp\u00f3\u0142 taneczny \u201eLejdis+\u201d \u2013 22 wrze\u015bnia (poniedzia\u0142ek), godz. 17.00, sala lustrzana<\/p>\n<p>Zesp\u00f3\u0142 taneczny \u201eIskierki\u201d \u2013 23 wrze\u015bnia (wtorek), godz. 17.30, sala lustrzana<\/p>\n<p>Zesp\u00f3\u0142 taneczny \u201eMotylki\u201d \u2013 23 wrze\u015bnia (wtorek), godz. 17.30, sala lustrzana<\/p>\n<p>Pracownia plastyczna NA WINKLU \u2013 22 wrze\u015bnia (poniedzia\u0142ek), godz. 18.00, sala lustrzana<\/p>\n<p>Pracownia ceramiczna \u2013 informacje wkr\u00f3tce<\/p>\n<p>Indywidualne lekcje \u015bpiewu &#8211; informacje wkr\u00f3tce<\/p>\n<p>Siemianowicka Szko\u0142a Gitary \u2013 \u00a0tel. 501 715 769<\/p>\n<p><a href=\"https:\/\/www.siemck.pl\/wp-content\/uploads\/SEKCJE-2025.2026-SCK-Zameczek.pdf\">SEKCJE 2025.2026 SCK Zameczek<\/a>[\/vc_column_text][\/vc_column][\/vc_row]<\/p>\n","protected":false},"excerpt":{"rendered":"<p>[vc_row][vc_column][vc_column_text] Zapraszamy na zaj\u0119cia sekcji Siemianowickiego Centrum Kultury w roku szkolnym 2025\/2026: &#x1f4de; zaj\u0119cia odbywaj\u0105ce si\u0119 w SCK Zameczek: 32\/204 11 27 Zapraszamy do rejestrowania si\u0119 w systemie zaj\u0119ciowym\u00a0https:\/\/sck.systemzajeciowy.pl\u00a0na zaj\u0119cia artystyczne w SCK- Zameczek ul. O\u015bwi\u0119cimska 1 w nowym roku szkolnym. Wszystkich, chc\u0105cych\u00a0rozpocz\u0105\u0107 lub kontynuowa\u0107 udzia\u0142 w zaj\u0119ciach, zapraszamy na pierwsze spotkanie informacyjne: Zesp\u00f3\u0142 taneczny [&hellip;]<\/p>\n","protected":false},"author":1,"featured_media":24100,"parent":0,"menu_order":0,"comment_status":"closed","ping_status":"closed","template":"page_fullwidth.php","meta":[],"_links":{"self":[{"href":"https:\/\/www.siemck.pl\/wp-json\/wp\/v2\/pages\/24048"}],"collection":[{"href":"https:\/\/www.siemck.pl\/wp-json\/wp\/v2\/pages"}],"about":[{"href":"https:\/\/www.siemck.pl\/wp-json\/wp\/v2\/types\/page"}],"author":[{"embeddable":true,"href":"https:\/\/www.siemck.pl\/wp-json\/wp\/v2\/users\/1"}],"replies":[{"embeddable":true,"href":"https:\/\/www.siemck.pl\/wp-json\/wp\/v2\/comments?post=24048"}],"version-history":[{"count":23,"href":"https:\/\/www.siemck.pl\/wp-json\/wp\/v2\/pages\/24048\/revisions"}],"predecessor-version":[{"id":29362,"href":"https:\/\/www.siemck.pl\/wp-json\/wp\/v2\/pages\/24048\/revisions\/29362"}],"wp:featuredmedia":[{"embeddable":true,"href":"https:\/\/www.siemck.pl\/wp-json\/wp\/v2\/media\/24100"}],"wp:attachment":[{"href":"https:\/\/www.siemck.pl\/wp-json\/wp\/v2\/media?parent=24048"}],"curies":[{"name":"wp","href":"https:\/\/api.w.org\/{rel}","templated":true}]}}

Zajęcia SCK &#8211; Zameczek

<p>[vc_row][vc_column][vc_column_text]</p>
<h3><strong>Zapraszamy na zajęcia sekcji Siemianowickiego Centrum Kultury w roku szkolnym 2025/2026:</strong></h3>
<p>&#x1f4de; zajęcia odbywające się w SCK Zameczek: 32/204 11 27</p>
<p><strong>Zapraszamy do rejestrowania się w systemie zajęciowym <a href="https://sck.systemzajeciowy.pl/">https://sck.systemzajeciowy.pl</a> na zajęcia artystyczne w SCK- Zameczek ul. Oświęcimska 1 w nowym roku szkolnym.</strong></p>
<p>Wszystkich, chcących rozpocząć lub kontynuować udział w zajęciach, zapraszamy na pierwsze spotkanie informacyjne:</p>
<p>Zespół taneczny „Little Stars” – 22 września (poniedziałek), godz. 17.00, sala lustrzana</p>
<p>Zespół taneczny „Tip Top” – 22 września (poniedziałek), godz. 17.00, sala lustrzana</p>
<p>Zespół taneczny „Lejdis+” – 22 września (poniedziałek), godz. 17.00, sala lustrzana</p>
<p>Zespół taneczny „Iskierki” – 23 września (wtorek), godz. 17.30, sala lustrzana</p>
<p>Zespół taneczny „Motylki” – 23 września (wtorek), godz. 17.30, sala lustrzana</p>
<p>Pracownia plastyczna NA WINKLU – 22 września (poniedziałek), godz. 18.00, sala lustrzana</p>
<p>Pracownia ceramiczna – informacje wkrótce</p>
<p>Indywidualne lekcje śpiewu &#8211; informacje wkrótce</p>
<p>Siemianowicka Szkoła Gitary –  tel. 501 715 769</p>
<p><a href="https://www.siemck.pl/wp-content/uploads/SEKCJE-2025.2026-SCK-Zameczek.pdf">SEKCJE 2025.2026 SCK Zameczek</a>[/vc_column_text][/vc_column][/vc_row]</p>

<p>[vc_row][vc_column][vc_column_text] Zapraszamy na zajęcia sekcji Siemianowickiego Centrum Kultury w roku szkolnym 2025/2026: &#x1f4de; zajęcia odbywające się w SCK Zameczek: 32/204 11 27 Zapraszamy do rejestrowania się w systemie zajęciowym https://sck.systemzajeciowy.pl na zajęcia artystyczne w SCK- Zameczek ul. Oświęcimska 1 w nowym roku szkolnym. Wszystkich, chcących rozpocząć lub kontynuować udział w zajęciach, zapraszamy na pierwsze spotkanie informacyjne: Zespół taneczny [&hellip;]</p>
