{"id":24046,"date":"2023-09-27T13:55:37","date_gmt":"2023-09-27T11:55:37","guid":{"rendered":"https:\/\/www.siemck.pl\/?page_id=24046"},"modified":"2025-09-19T11:09:22","modified_gmt":"2025-09-19T09:09:22","slug":"zajecia-sck-bytkow","status":"publish","type":"page","link":"https:\/\/www.siemck.pl\/zajecia-sck-bytkow\/","title":{"rendered":"Zaj\u0119cia SCK &#8211; Bytk\u00f3w"},"content":{"rendered":"<p>[vc_row][vc_column][vc_gallery type=&#8221;nivo&#8221; interval=&#8221;5&#8243; images=&#8221;24096,24098,24099,24101&#8243; img_size=&#8221;1040&#215;675&#8243; onclick=&#8221;&#8221; css_animation=&#8221;fadeIn&#8221;][vc_column_text]<strong>Zapraszamy do rejestrowania si\u0119 w systemie zaj\u0119ciowym\u00a0<a role=\"link\" href=\"https:\/\/sck.systemzajeciowy.pl\/\">https:\/\/sck.systemzajeciowy.pl<\/a>\u00a0na zaj\u0119cia artystyczne planowane w SCK- Bytk\u00f3w ul. Niepodleg\u0142o\u015bci 45 w nowym roku szkolnym<\/strong><\/p>\n<p>We wrze\u015bniu organizujemy spotkania informacyjne i zaj\u0119cia pr\u00f3bne. Regularne pr\u00f3by ruszaj\u0105 od pa\u017adziernika.<\/p>\n<p>&nbsp;<\/p>\n<p>Wszystkich, chc\u0105cych \u00a0\u00a0rozpocz\u0105\u0107 \u00a0lub kontynuowa\u0107 udzia\u0142 w zaj\u0119ciach, zapraszamy na pierwsze spotkanie informacyjne:<\/p>\n<p>Zesp\u00f3\u0142 taneczny \u201eGroszki\u201d \u2013 22 wrze\u015bnia (poniedzia\u0142ek), godz. 17.00, sala baletowa<\/p>\n<p>Zesp\u00f3\u0142 taneczny \u201eFlesz Junior\u201d \u2013 19 \u00a0wrze\u015bnia (pi\u0105tek), godz. 17.00, sala baletowa<\/p>\n<p>Zesp\u00f3\u0142 taneczny \u201eFlesz\u201d \u2013 19 wrze\u015bnia (pi\u0105tek), godz. 17.00, sala baletowa<\/p>\n<p>Zesp\u00f3\u0142 taneczny \u201eAbstrakcja\u201d \u2013 10 wrze\u015bnia (\u015broda), godz. 16.30, sala baletowa<\/p>\n<p>Studium Wokalne \u2013 \u00a018 wrze\u015bnia (wtorek), godz. 16.00, sala baletowa<\/p>\n<p>Pracownia Plastyczna OKIENKO \u2013 11 wrze\u015bnia (czwartek),\u00a0 godz. 18.00, sala widowiskowa<\/p>\n<p>Zapisy i informacje: \u00a0Siemianowicka Szko\u0142a Gitary \u2013 \u00a0tel. 501 715 769, akrobatyka sportowa \u2013 tel. 733 148 999<\/p>\n<p>&nbsp;<\/p>\n<p><strong><u>Sekcje SCK- BYTK\u00d3W\u00a0 2025\/2026 \u2013 pobierz tabelk\u0119 ze szczeg\u00f3\u0142owymi informacjami:<\/u><\/strong><\/p>\n<p><a role=\"link\" href=\"https:\/\/www.siemck.pl\/wp-content\/uploads\/Sekcje-SCK-Bytkow-2025-.pdf\">Sekcje SCK \u2013 Bytk\u00f3w 2025<\/a>[\/vc_column_text][\/vc_column][\/vc_row]<\/p>\n<p><strong>Dokumenty do pobrania:<\/strong><\/p>\n<p><a href=\"https:\/\/www.siemck.pl\/wp-content\/uploads\/Cennik-oplat-sekcyjnych.pdf\">Cennik op\u0142at sekcyjnych<\/a><\/p>\n<p><a href=\"https:\/\/www.siemck.pl\/wp-content\/uploads\/deklaracja-uczestnictwa-w-zajeciach.pdf\">deklaracja uczestnictwa w zaj\u0119ciach<\/a><\/p>\n<p><a href=\"https:\/\/www.siemck.pl\/wp-content\/uploads\/Regulamin-uczestnictwa-w-zajeciach-Pracowni-Plastycznej-OKIENKO-1.pdf\">Regulamin uczestnictwa w zaj\u0119ciach Pracowni Plastycznej OKIENKO<\/a><\/p>\n<p><a href=\"https:\/\/www.siemck.pl\/wp-content\/uploads\/Regulamin-uczestnictwa-w-zajeciach-tanecznych-w-SCK-Bytkow.pdf\">Regulamin uczestnictwa w zaj\u0119ciach tanecznych w SCK Bytk\u00f3w<\/a><\/p>\n<p><a href=\"https:\/\/www.siemck.pl\/wp-content\/uploads\/Regulamin-uczestnictwa-w-zajeciach-Studium-Wokalnegp.pdf\">Regulamin uczestnictwa w zaj\u0119ciach Studium Wokalnegp<\/a><\/p>\n<p><a href=\"https:\/\/www.siemck.pl\/wp-content\/uploads\/Regulamin-uczestnictwa-w-zajeciach-Kacika-krawieckiego-.pdf\">Regulamin uczestnictwa w zaj\u0119ciach K\u0105cika krawieckiego<\/a><\/p>\n<p>&nbsp;<\/p>\n","protected":false},"excerpt":{"rendered":"<p>[vc_row][vc_column][vc_gallery type=&#8221;nivo&#8221; interval=&#8221;5&#8243; images=&#8221;24096,24098,24099,24101&#8243; img_size=&#8221;1040&#215;675&#8243; onclick=&#8221;&#8221; css_animation=&#8221;fadeIn&#8221;][vc_column_text]Zapraszamy do rejestrowania si\u0119 w systemie zaj\u0119ciowym\u00a0https:\/\/sck.systemzajeciowy.pl\u00a0na zaj\u0119cia artystyczne planowane w SCK- Bytk\u00f3w ul. Niepodleg\u0142o\u015bci 45 w nowym roku szkolnym We wrze\u015bniu organizujemy spotkania informacyjne i zaj\u0119cia pr\u00f3bne. Regularne pr\u00f3by ruszaj\u0105 od pa\u017adziernika. &nbsp; Wszystkich, chc\u0105cych \u00a0\u00a0rozpocz\u0105\u0107 \u00a0lub kontynuowa\u0107 udzia\u0142 w zaj\u0119ciach, zapraszamy na pierwsze spotkanie informacyjne: Zesp\u00f3\u0142 taneczny [&hellip;]<\/p>\n","protected":false},"author":1,"featured_media":0,"parent":0,"menu_order":0,"comment_status":"closed","ping_status":"closed","template":"page_fullwidth.php","meta":[],"_links":{"self":[{"href":"https:\/\/www.siemck.pl\/wp-json\/wp\/v2\/pages\/24046"}],"collection":[{"href":"https:\/\/www.siemck.pl\/wp-json\/wp\/v2\/pages"}],"about":[{"href":"https:\/\/www.siemck.pl\/wp-json\/wp\/v2\/types\/page"}],"author":[{"embeddable":true,"href":"https:\/\/www.siemck.pl\/wp-json\/wp\/v2\/users\/1"}],"replies":[{"embeddable":true,"href":"https:\/\/www.siemck.pl\/wp-json\/wp\/v2\/comments?post=24046"}],"version-history":[{"count":31,"href":"https:\/\/www.siemck.pl\/wp-json\/wp\/v2\/pages\/24046\/revisions"}],"predecessor-version":[{"id":29413,"href":"https:\/\/www.siemck.pl\/wp-json\/wp\/v2\/pages\/24046\/revisions\/29413"}],"wp:attachment":[{"href":"https:\/\/www.siemck.pl\/wp-json\/wp\/v2\/media?parent=24046"}],"curies":[{"name":"wp","href":"https:\/\/api.w.org\/{rel}","templated":true}]}}

Zajęcia SCK &#8211; Bytków

<p>[vc_row][vc_column][vc_gallery type=&#8221;nivo&#8221; interval=&#8221;5&#8243; images=&#8221;24096,24098,24099,24101&#8243; img_size=&#8221;1040&#215;675&#8243; onclick=&#8221;&#8221; css_animation=&#8221;fadeIn&#8221;][vc_column_text]<strong>Zapraszamy do rejestrowania się w systemie zajęciowym <a role="link" href="https://sck.systemzajeciowy.pl/">https://sck.systemzajeciowy.pl</a> na zajęcia artystyczne planowane w SCK- Bytków ul. Niepodległości 45 w nowym roku szkolnym</strong></p>
<p>We wrześniu organizujemy spotkania informacyjne i zajęcia próbne. Regularne próby ruszają od października.</p>
<p>&nbsp;</p>
<p>Wszystkich, chcących   rozpocząć  lub kontynuować udział w zajęciach, zapraszamy na pierwsze spotkanie informacyjne:</p>
<p>Zespół taneczny „Groszki” – 22 września (poniedziałek), godz. 17.00, sala baletowa</p>
<p>Zespół taneczny „Flesz Junior” – 19  września (piątek), godz. 17.00, sala baletowa</p>
<p>Zespół taneczny „Flesz” – 19 września (piątek), godz. 17.00, sala baletowa</p>
<p>Zespół taneczny „Abstrakcja” – 10 września (środa), godz. 16.30, sala baletowa</p>
<p>Studium Wokalne –  18 września (wtorek), godz. 16.00, sala baletowa</p>
<p>Pracownia Plastyczna OKIENKO – 11 września (czwartek),  godz. 18.00, sala widowiskowa</p>
<p>Zapisy i informacje:  Siemianowicka Szkoła Gitary –  tel. 501 715 769, akrobatyka sportowa – tel. 733 148 999</p>
<p>&nbsp;</p>
<p><strong><u>Sekcje SCK- BYTKÓW  2025/2026 – pobierz tabelkę ze szczegółowymi informacjami:</u></strong></p>
<p><a role="link" href="https://www.siemck.pl/wp-content/uploads/Sekcje-SCK-Bytkow-2025-.pdf">Sekcje SCK – Bytków 2025</a>[/vc_column_text][/vc_column][/vc_row]</p>
<p><strong>Dokumenty do pobrania:</strong></p>
<p><a href="https://www.siemck.pl/wp-content/uploads/Cennik-oplat-sekcyjnych.pdf">Cennik opłat sekcyjnych</a></p>
<p><a href="https://www.siemck.pl/wp-content/uploads/deklaracja-uczestnictwa-w-zajeciach.pdf">deklaracja uczestnictwa w zajęciach</a></p>
<p><a href="https://www.siemck.pl/wp-content/uploads/Regulamin-uczestnictwa-w-zajeciach-Pracowni-Plastycznej-OKIENKO-1.pdf">Regulamin uczestnictwa w zajęciach Pracowni Plastycznej OKIENKO</a></p>
<p><a href="https://www.siemck.pl/wp-content/uploads/Regulamin-uczestnictwa-w-zajeciach-tanecznych-w-SCK-Bytkow.pdf">Regulamin uczestnictwa w zajęciach tanecznych w SCK Bytków</a></p>
<p><a href="https://www.siemck.pl/wp-content/uploads/Regulamin-uczestnictwa-w-zajeciach-Studium-Wokalnegp.pdf">Regulamin uczestnictwa w zajęciach Studium Wokalnegp</a></p>
<p><a href="https://www.siemck.pl/wp-content/uploads/Regulamin-uczestnictwa-w-zajeciach-Kacika-krawieckiego-.pdf">Regulamin uczestnictwa w zajęciach Kącika krawieckiego</a></p>
<p>&nbsp;</p>

<p>[vc_row][vc_column][vc_gallery type=&#8221;nivo&#8221; interval=&#8221;5&#8243; images=&#8221;24096,24098,24099,24101&#8243; img_size=&#8221;1040&#215;675&#8243; onclick=&#8221;&#8221; css_animation=&#8221;fadeIn&#8221;][vc_column_text]Zapraszamy do rejestrowania się w systemie zajęciowym https://sck.systemzajeciowy.pl na zajęcia artystyczne planowane w SCK- Bytków ul. Niepodległości 45 w nowym roku szkolnym We wrześniu organizujemy spotkania informacyjne i zajęcia próbne. Regularne próby ruszają od października. &nbsp; Wszystkich, chcących   rozpocząć  lub kontynuować udział w zajęciach, zapraszamy na pierwsze spotkanie informacyjne: Zespół taneczny [&hellip;]</p>
