{"id":2293,"date":"2017-03-19T18:52:19","date_gmt":"2017-03-19T17:52:19","guid":{"rendered":"http:\/\/siemck.sac.pl\/?page_id=2293"},"modified":"2017-03-31T02:26:10","modified_gmt":"2017-03-31T00:26:10","slug":"organizacja-eventow","status":"publish","type":"page","link":"https:\/\/www.siemck.pl\/organizacja-eventow\/","title":{"rendered":"Organizacja event\u00f3w"},"content":{"rendered":"<h3>Siemianowickie Centrum Kultury to najwi\u0119ksza i najwa\u017cniejsza instytucja kultury w mie\u015bcie<\/h3>\n<p>W swoich zasobach posiadamy nie tylko sale widowiskowe w r\u00f3\u017cnych cz\u0119\u015bciach miasta, ale r\u00f3wnie\u017c sztab profesjonalist\u00f3w, potrzebny do przygotowania imprez o r\u00f3\u017cnym charakterze na najwy\u017cszym poziomie. Je\u017celi jeste\u015bcie Pa\u0144stwo zainteresowani zorganizowaniem imprezy, b\u0105d\u017a wynaj\u0119ciem sali i sprz\u0119tu serdecznie zapraszamy do wsp\u00f3\u0142pracy.<\/p>\n<p>Kontakt w sprawie event\u00f3w:\u00a0<a href=\"mailto:biuro@siemck.pl\">biuro@siemck.pl<\/a><strong><br \/>\n<\/strong><\/p>\n","protected":false},"excerpt":{"rendered":"<p>Siemianowickie Centrum Kultury to najwi\u0119ksza i najwa\u017cniejsza instytucja kultury w mie\u015bcie W swoich zasobach posiadamy nie tylko sale widowiskowe w r\u00f3\u017cnych cz\u0119\u015bciach miasta, ale r\u00f3wnie\u017c sztab profesjonalist\u00f3w, potrzebny do przygotowania imprez o r\u00f3\u017cnym charakterze na najwy\u017cszym poziomie. Je\u017celi jeste\u015bcie Pa\u0144stwo zainteresowani zorganizowaniem imprezy, b\u0105d\u017a wynaj\u0119ciem sali i sprz\u0119tu serdecznie zapraszamy do wsp\u00f3\u0142pracy. Kontakt w sprawie [&hellip;]<\/p>\n","protected":false},"author":1,"featured_media":0,"parent":0,"menu_order":0,"comment_status":"closed","ping_status":"closed","template":"page_fullwidth.php","meta":[],"_links":{"self":[{"href":"https:\/\/www.siemck.pl\/wp-json\/wp\/v2\/pages\/2293"}],"collection":[{"href":"https:\/\/www.siemck.pl\/wp-json\/wp\/v2\/pages"}],"about":[{"href":"https:\/\/www.siemck.pl\/wp-json\/wp\/v2\/types\/page"}],"author":[{"embeddable":true,"href":"https:\/\/www.siemck.pl\/wp-json\/wp\/v2\/users\/1"}],"replies":[{"embeddable":true,"href":"https:\/\/www.siemck.pl\/wp-json\/wp\/v2\/comments?post=2293"}],"version-history":[{"count":14,"href":"https:\/\/www.siemck.pl\/wp-json\/wp\/v2\/pages\/2293\/revisions"}],"predecessor-version":[{"id":4791,"href":"https:\/\/www.siemck.pl\/wp-json\/wp\/v2\/pages\/2293\/revisions\/4791"}],"wp:attachment":[{"href":"https:\/\/www.siemck.pl\/wp-json\/wp\/v2\/media?parent=2293"}],"curies":[{"name":"wp","href":"https:\/\/api.w.org\/{rel}","templated":true}]}}

Organizacja eventów

<h3>Siemianowickie Centrum Kultury to największa i najważniejsza instytucja kultury w mieście</h3>
<p>W swoich zasobach posiadamy nie tylko sale widowiskowe w różnych częściach miasta, ale również sztab profesjonalistów, potrzebny do przygotowania imprez o różnym charakterze na najwyższym poziomie. Jeżeli jesteście Państwo zainteresowani zorganizowaniem imprezy, bądź wynajęciem sali i sprzętu serdecznie zapraszamy do współpracy.</p>
<p>Kontakt w sprawie eventów: <a href="mailto:biuro@siemck.pl">biuro@siemck.pl</a><strong><br />
</strong></p>

<p>Siemianowickie Centrum Kultury to największa i najważniejsza instytucja kultury w mieście W swoich zasobach posiadamy nie tylko sale widowiskowe w różnych częściach miasta, ale również sztab profesjonalistów, potrzebny do przygotowania imprez o różnym charakterze na najwyższym poziomie. Jeżeli jesteście Państwo zainteresowani zorganizowaniem imprezy, bądź wynajęciem sali i sprzętu serdecznie zapraszamy do współpracy. Kontakt w sprawie [&hellip;]</p>
