{"id":2289,"date":"2017-03-19T18:51:26","date_gmt":"2017-03-19T17:51:26","guid":{"rendered":"http:\/\/siemck.sac.pl\/?page_id=2289"},"modified":"2026-01-14T12:30:33","modified_gmt":"2026-01-14T11:30:33","slug":"wynajem-obiektow","status":"publish","type":"page","link":"https:\/\/www.siemck.pl\/wynajem-obiektow\/","title":{"rendered":"Wynajem obiekt\u00f3w"},"content":{"rendered":"<p>[vc_row][vc_column][vc_column_text]Siemianowickie Centrum Kultury oferuje do wynaj\u0119cia pomieszczenia w swoich o\u015brodkach. Istnieje r\u00f3wnie\u017c\u00a0mo\u017cliwo\u015b\u0107 zam\u00f3wienia us\u0142ugi gastronomicznej\u00a0oraz\u00a0wynaj\u0119cia sprz\u0119tu nag\u0142a\u015bniaj\u0105cego wraz z akustykiem.[\/vc_column_text][vc_empty_space height=&#8221;15px&#8221;][\/vc_column][\/vc_row][vc_row][vc_column width=&#8221;1\/2&#8243;][vc_column_text]<\/p>\n<h3><a href=\"\/bytkow\/#oferta-wynajmu\">SCK &#8211; Bytk\u00f3w ul. Niepodleg\u0142o\u015bci 45, tel,\u00a0<strong>32 228 72 80<\/strong><\/a><\/h3>\n<ul>\n<li>Sala widowiskowa na 300 os\u00f3b (w uk\u0142adzie siedz\u0105cym), 350 (w uk\u0142adzie stoj\u0105cym)<\/li>\n<li>Sala baletowa na 50 os\u00f3b<\/li>\n<\/ul>\n<p>[\/vc_column_text][vc_separator][vc_column_text]<\/p>\n<h3><a href=\"\/willa-fitznera\/#oferta-wynajmu\">SCK &#8211; Willa Fitznera, ul. 27 Stycznia 3, tel. 32 763 27 34<\/a><\/h3>\n<ul>\n<li>Sala balowa (widowiskowa) na 50 \u2013 70 os\u00f3b<\/li>\n<li>Ogr\u00f3d zimowy na 20 os\u00f3b<\/li>\n<\/ul>\n<p>[\/vc_column_text][vc_separator][vc_column_text]<\/p>\n<h3><a href=\"\/jarzebina\/#oferta-wynajmu\">SCK &#8211; Jarz\u0119bina, ul. Wierzbowa 2, tel. 32 228 48 46<\/a><\/h3>\n<ul>\n<li>Sala na 90 os\u00f3b<\/li>\n<\/ul>\n<p>[\/vc_column_text][\/vc_column][vc_column width=&#8221;1\/2&#8243;][vc_column_text]<\/p>\n<h3><a href=\"\/park-tradycji\/#oferta-wynajmu\">SCK &#8211; Park Tradycji, ul. Orzeszkowej 12, tel. 32 765 27 40<\/a><\/h3>\n<ul>\n<li>Sala widowiskowa na 160 os\u00f3b<\/li>\n<li>Ca\u0142y budynek<\/li>\n<\/ul>\n<p>[\/vc_column_text][vc_separator][vc_column_text]<\/p>\n<h3><a href=\"\/zameczek\/#oferta-wynajmu\">SCK &#8211; Zameczek, ul. O\u015bwi\u0119cimska 1, tel. 32 204 11 27<\/a><\/h3>\n<ul>\n<li>Sala lustrzana na 120 os\u00f3b<\/li>\n<li>Sala konferencyjna na 30 os\u00f3b<\/li>\n<\/ul>\n<p>[\/vc_column_text][\/vc_column][\/vc_row][vc_row][vc_column][vc_column_text]<\/p>\n<h3><a href=\"https:\/\/www.siemck.pl\/amfiteatr\/\">SCK &#8211; Amfiteatr w Parku Miejskim ul. Chopina 1, tel,\u00a0<strong>32 228 72 80<\/strong><\/a><\/h3>\n<p>&nbsp;<\/p>\n<h3>Oferta wynajmu sal we wszystkich obiektach Siemianowickiego Centrum Kultury<\/h3>\n<ul>\n<li><a href=\"https:\/\/www.siemck.pl\/wp-content\/uploads\/11.Z.25-cennik-najmu.pdf\">Cennik wynajmu pomieszcze\u0144 i sprz\u0119tu Siemianowickiego Centrum Kultury od 01.01.2026 r.<\/a><\/li>\n<\/ul>\n<p>[\/vc_column_text][\/vc_column][\/vc_row]<\/p>\n","protected":false},"excerpt":{"rendered":"<p>[vc_row][vc_column][vc_column_text]Siemianowickie Centrum Kultury oferuje do wynaj\u0119cia pomieszczenia w swoich o\u015brodkach. Istnieje r\u00f3wnie\u017c\u00a0mo\u017cliwo\u015b\u0107 zam\u00f3wienia us\u0142ugi gastronomicznej\u00a0oraz\u00a0wynaj\u0119cia sprz\u0119tu nag\u0142a\u015bniaj\u0105cego wraz z akustykiem.[\/vc_column_text][vc_empty_space height=&#8221;15px&#8221;][\/vc_column][\/vc_row][vc_row][vc_column width=&#8221;1\/2&#8243;][vc_column_text] SCK &#8211; Bytk\u00f3w ul. Niepodleg\u0142o\u015bci 45, tel,\u00a032 228 72 80 Sala widowiskowa na 300 os\u00f3b (w uk\u0142adzie siedz\u0105cym), 350 (w uk\u0142adzie stoj\u0105cym) Sala baletowa na 50 os\u00f3b [\/vc_column_text][vc_separator][vc_column_text] SCK &#8211; Willa Fitznera, ul. [&hellip;]<\/p>\n","protected":false},"author":1,"featured_media":0,"parent":0,"menu_order":0,"comment_status":"closed","ping_status":"closed","template":"page_fullwidth.php","meta":[],"_links":{"self":[{"href":"https:\/\/www.siemck.pl\/wp-json\/wp\/v2\/pages\/2289"}],"collection":[{"href":"https:\/\/www.siemck.pl\/wp-json\/wp\/v2\/pages"}],"about":[{"href":"https:\/\/www.siemck.pl\/wp-json\/wp\/v2\/types\/page"}],"author":[{"embeddable":true,"href":"https:\/\/www.siemck.pl\/wp-json\/wp\/v2\/users\/1"}],"replies":[{"embeddable":true,"href":"https:\/\/www.siemck.pl\/wp-json\/wp\/v2\/comments?post=2289"}],"version-history":[{"count":89,"href":"https:\/\/www.siemck.pl\/wp-json\/wp\/v2\/pages\/2289\/revisions"}],"predecessor-version":[{"id":30087,"href":"https:\/\/www.siemck.pl\/wp-json\/wp\/v2\/pages\/2289\/revisions\/30087"}],"wp:attachment":[{"href":"https:\/\/www.siemck.pl\/wp-json\/wp\/v2\/media?parent=2289"}],"curies":[{"name":"wp","href":"https:\/\/api.w.org\/{rel}","templated":true}]}}

Wynajem obiektów

<p>[vc_row][vc_column][vc_column_text]Siemianowickie Centrum Kultury oferuje do wynajęcia pomieszczenia w swoich ośrodkach. Istnieje również możliwość zamówienia usługi gastronomicznej oraz wynajęcia sprzętu nagłaśniającego wraz z akustykiem.[/vc_column_text][vc_empty_space height=&#8221;15px&#8221;][/vc_column][/vc_row][vc_row][vc_column width=&#8221;1/2&#8243;][vc_column_text]</p>
<h3><a href="/bytkow/#oferta-wynajmu">SCK &#8211; Bytków ul. Niepodległości 45, tel, <strong>32 228 72 80</strong></a></h3>
<ul>
<li>Sala widowiskowa na 300 osób (w układzie siedzącym), 350 (w układzie stojącym)</li>
<li>Sala baletowa na 50 osób</li>
</ul>
<p>[/vc_column_text][vc_separator][vc_column_text]</p>
<h3><a href="/willa-fitznera/#oferta-wynajmu">SCK &#8211; Willa Fitznera, ul. 27 Stycznia 3, tel. 32 763 27 34</a></h3>
<ul>
<li>Sala balowa (widowiskowa) na 50 – 70 osób</li>
<li>Ogród zimowy na 20 osób</li>
</ul>
<p>[/vc_column_text][vc_separator][vc_column_text]</p>
<h3><a href="/jarzebina/#oferta-wynajmu">SCK &#8211; Jarzębina, ul. Wierzbowa 2, tel. 32 228 48 46</a></h3>
<ul>
<li>Sala na 90 osób</li>
</ul>
<p>[/vc_column_text][/vc_column][vc_column width=&#8221;1/2&#8243;][vc_column_text]</p>
<h3><a href="/park-tradycji/#oferta-wynajmu">SCK &#8211; Park Tradycji, ul. Orzeszkowej 12, tel. 32 765 27 40</a></h3>
<ul>
<li>Sala widowiskowa na 160 osób</li>
<li>Cały budynek</li>
</ul>
<p>[/vc_column_text][vc_separator][vc_column_text]</p>
<h3><a href="/zameczek/#oferta-wynajmu">SCK &#8211; Zameczek, ul. Oświęcimska 1, tel. 32 204 11 27</a></h3>
<ul>
<li>Sala lustrzana na 120 osób</li>
<li>Sala konferencyjna na 30 osób</li>
</ul>
<p>[/vc_column_text][/vc_column][/vc_row][vc_row][vc_column][vc_column_text]</p>
<h3><a href="https://www.siemck.pl/amfiteatr/">SCK &#8211; Amfiteatr w Parku Miejskim ul. Chopina 1, tel, <strong>32 228 72 80</strong></a></h3>
<p>&nbsp;</p>
<h3>Oferta wynajmu sal we wszystkich obiektach Siemianowickiego Centrum Kultury</h3>
<ul>
<li><a href="https://www.siemck.pl/wp-content/uploads/11.Z.25-cennik-najmu.pdf">Cennik wynajmu pomieszczeń i sprzętu Siemianowickiego Centrum Kultury od 01.01.2026 r.</a></li>
</ul>
<p>[/vc_column_text][/vc_column][/vc_row]</p>

<p>[vc_row][vc_column][vc_column_text]Siemianowickie Centrum Kultury oferuje do wynajęcia pomieszczenia w swoich ośrodkach. Istnieje również możliwość zamówienia usługi gastronomicznej oraz wynajęcia sprzętu nagłaśniającego wraz z akustykiem.[/vc_column_text][vc_empty_space height=&#8221;15px&#8221;][/vc_column][/vc_row][vc_row][vc_column width=&#8221;1/2&#8243;][vc_column_text] SCK &#8211; Bytków ul. Niepodległości 45, tel, 32 228 72 80 Sala widowiskowa na 300 osób (w układzie siedzącym), 350 (w układzie stojącym) Sala baletowa na 50 osób [/vc_column_text][vc_separator][vc_column_text] SCK &#8211; Willa Fitznera, ul. [&hellip;]</p>
