{"id":10749,"date":"2019-01-18T14:13:34","date_gmt":"2019-01-18T13:13:34","guid":{"rendered":"https:\/\/siemck.pl\/?page_id=10749"},"modified":"2025-03-10T11:10:10","modified_gmt":"2025-03-10T10:10:10","slug":"kup-bilet","status":"publish","type":"page","link":"https:\/\/www.siemck.pl\/kup-bilet\/","title":{"rendered":"Kup bilet"},"content":{"rendered":"<p><strong>Przedszkola i szko\u0142y <\/strong><\/p>\n<p>Koszt bilet\u00f3w dla przedszkoli i szk\u00f3\u0142\u00a0 wynosi 25 z\u0142.<\/p>\n<p>Bilety mo\u017cna naby\u0107 w oddziale SCK \u2013 Bytk\u00f3w, ul. Niepodleg\u0142o\u015bci 45 w Siemianowicach \u015al\u0105skich lub dokonuj\u0105c przelewu na konto: 33 1050 1214 1000 0023 4123 1187.<\/p>\n<p>&nbsp;<\/p>\n<p><strong>Zaj\u0119cia indywidualne<\/strong><\/p>\n<p>Koszt bilet\u00f3w na zaj\u0119cia indywidualne wynosi 25 z\u0142.<\/p>\n<p>Bilety mo\u017cna naby\u0107 we wszystkich oddzia\u0142ach SCK oraz za pomoc\u0105 systemu biletowego <a href=\"https:\/\/sck.systembiletowy.pl\/\">kup bilet<\/a><\/p>\n<p><strong>UWAGA! KA\u017bDA OSOBA WCHODZ\u0104CA NA ZAJ\u0118CIA MUSI POSIADA\u0106 BILET WST\u0118PU.<\/strong><\/p>\n<p>&nbsp;<\/p>\n<p><strong>Urodziny<\/strong><\/p>\n<p>Zorganizowanie urodzin w Pracowni Kreatywnej H2O to koszt 450 z\u0142 do 10 uczestnik\u00f3w.<\/p>\n<p>Op\u0142ata za urodziny na podstawie umowy, p\u0142atna przelewem lub w kasie SCK<\/p>\n<p>Informacje \/ rezerwacje:<\/p>\n<p>Celina Bagi\u0144ska-W\u0142odarek, tel.: 789 046 775<\/p>\n","protected":false},"excerpt":{"rendered":"<p>Przedszkola i szko\u0142y Koszt bilet\u00f3w dla przedszkoli i szk\u00f3\u0142\u00a0 wynosi 25 z\u0142. Bilety mo\u017cna naby\u0107 w oddziale SCK \u2013 Bytk\u00f3w, ul. Niepodleg\u0142o\u015bci 45 w Siemianowicach \u015al\u0105skich lub dokonuj\u0105c przelewu na konto: 33 1050 1214 1000 0023 4123 1187. &nbsp; Zaj\u0119cia indywidualne Koszt bilet\u00f3w na zaj\u0119cia indywidualne wynosi 25 z\u0142. Bilety mo\u017cna naby\u0107 we wszystkich oddzia\u0142ach [&hellip;]<\/p>\n","protected":false},"author":1,"featured_media":0,"parent":0,"menu_order":0,"comment_status":"closed","ping_status":"closed","template":"page_fullwidth.php","meta":[],"_links":{"self":[{"href":"https:\/\/www.siemck.pl\/wp-json\/wp\/v2\/pages\/10749"}],"collection":[{"href":"https:\/\/www.siemck.pl\/wp-json\/wp\/v2\/pages"}],"about":[{"href":"https:\/\/www.siemck.pl\/wp-json\/wp\/v2\/types\/page"}],"author":[{"embeddable":true,"href":"https:\/\/www.siemck.pl\/wp-json\/wp\/v2\/users\/1"}],"replies":[{"embeddable":true,"href":"https:\/\/www.siemck.pl\/wp-json\/wp\/v2\/comments?post=10749"}],"version-history":[{"count":23,"href":"https:\/\/www.siemck.pl\/wp-json\/wp\/v2\/pages\/10749\/revisions"}],"predecessor-version":[{"id":27994,"href":"https:\/\/www.siemck.pl\/wp-json\/wp\/v2\/pages\/10749\/revisions\/27994"}],"wp:attachment":[{"href":"https:\/\/www.siemck.pl\/wp-json\/wp\/v2\/media?parent=10749"}],"curies":[{"name":"wp","href":"https:\/\/api.w.org\/{rel}","templated":true}]}}