{"id":10747,"date":"2019-01-18T14:13:06","date_gmt":"2019-01-18T13:13:06","guid":{"rendered":"https:\/\/siemck.pl\/?page_id=10747"},"modified":"2026-01-27T10:59:30","modified_gmt":"2026-01-27T09:59:30","slug":"organizacja-urodzin","status":"publish","type":"page","link":"https:\/\/www.siemck.pl\/organizacja-urodzin\/","title":{"rendered":"Organizacja urodzin"},"content":{"rendered":"<p>Je\u015bli brakuje Pa\u0144stwu pomys\u0142u na zorganizowanie nietuzinkowych urodzin dla swoich pociech, zapraszamy do odwiedzenia Pracowni Zaj\u0119\u0107 Kreatywnych H20.<\/p>\n<p><strong>Dwie godziny niesamowitej zabawy pod okiem Pana Majsterklepki!<\/strong><\/p>\n<p>7 stanowisk przystosowanych do eksperymentowania i poznawania \u015bwiata fizyki poprzez zabaw\u0119!<br \/>\nUrodziny mo\u017cna zorganizowa\u0107 od poniedzia\u0142ku do soboty w godzinach popo\u0142udniowych (do uzgodnienia).<\/p>\n<p><strong>W Pracowni nie ma mo\u017cliwo\u015bci zorganizowania pocz\u0119stunku &#8211; zgodnie z regulaminem obowi\u0105zuje zakaz wnoszenia i spo\u017cywania artyku\u0142\u00f3w spo\u017cywczych i napoj\u00f3w. Pocz\u0119stunek mo\u017ce zorganizowa\u0107 obs\u0142uga Kawiarenki w Willi Fitznera &#8211; tel. 796 888 625<\/strong><\/p>\n<p>Koszt urodzin: 500 z\u0142\/10 os.<\/p>\n<p>Czas trwania zabawy: 2 h<\/p>\n<p>Maksymalna liczba os\u00f3b: 10 os\u00f3b<\/p>\n<p>Informacje \/ rezerwacje:<br \/>\nCelina Bagi\u0144ska-W\u0142odarek, tel. 789-046-775<\/p>\n<p>Adres Pracowni:<\/p>\n<p><span class=\"s2\">I Liceum Og\u00f3lnokszta\u0142c\u0105ce im. J.\u015aniadeckiego<\/span><br \/>\nul. Stanis\u0142awa Wyspia\u0144skiego 5<br \/>\n41-100 Siemianowice \u015al\u0105skie<\/p>\n","protected":false},"excerpt":{"rendered":"<p>Je\u015bli brakuje Pa\u0144stwu pomys\u0142u na zorganizowanie nietuzinkowych urodzin dla swoich pociech, zapraszamy do odwiedzenia Pracowni Zaj\u0119\u0107 Kreatywnych H20. Dwie godziny niesamowitej zabawy pod okiem Pana Majsterklepki! 7 stanowisk przystosowanych do eksperymentowania i poznawania \u015bwiata fizyki poprzez zabaw\u0119! Urodziny mo\u017cna zorganizowa\u0107 od poniedzia\u0142ku do soboty w godzinach popo\u0142udniowych (do uzgodnienia). W Pracowni nie ma mo\u017cliwo\u015bci zorganizowania [&hellip;]<\/p>\n","protected":false},"author":1,"featured_media":12881,"parent":0,"menu_order":0,"comment_status":"closed","ping_status":"closed","template":"page_fullwidth.php","meta":[],"_links":{"self":[{"href":"https:\/\/www.siemck.pl\/wp-json\/wp\/v2\/pages\/10747"}],"collection":[{"href":"https:\/\/www.siemck.pl\/wp-json\/wp\/v2\/pages"}],"about":[{"href":"https:\/\/www.siemck.pl\/wp-json\/wp\/v2\/types\/page"}],"author":[{"embeddable":true,"href":"https:\/\/www.siemck.pl\/wp-json\/wp\/v2\/users\/1"}],"replies":[{"embeddable":true,"href":"https:\/\/www.siemck.pl\/wp-json\/wp\/v2\/comments?post=10747"}],"version-history":[{"count":17,"href":"https:\/\/www.siemck.pl\/wp-json\/wp\/v2\/pages\/10747\/revisions"}],"predecessor-version":[{"id":30161,"href":"https:\/\/www.siemck.pl\/wp-json\/wp\/v2\/pages\/10747\/revisions\/30161"}],"wp:featuredmedia":[{"embeddable":true,"href":"https:\/\/www.siemck.pl\/wp-json\/wp\/v2\/media\/12881"}],"wp:attachment":[{"href":"https:\/\/www.siemck.pl\/wp-json\/wp\/v2\/media?parent=10747"}],"curies":[{"name":"wp","href":"https:\/\/api.w.org\/{rel}","templated":true}]}}

<p>Jeśli brakuje Państwu pomysłu na zorganizowanie nietuzinkowych urodzin dla swoich pociech, zapraszamy do odwiedzenia Pracowni Zajęć Kreatywnych H20.</p>
<p><strong>Dwie godziny niesamowitej zabawy pod okiem Pana Majsterklepki!</strong></p>
<p>7 stanowisk przystosowanych do eksperymentowania i poznawania świata fizyki poprzez zabawę!<br />
Urodziny można zorganizować od poniedziałku do soboty w godzinach popołudniowych (do uzgodnienia).</p>
<p><strong>W Pracowni nie ma możliwości zorganizowania poczęstunku &#8211; zgodnie z regulaminem obowiązuje zakaz wnoszenia i spożywania artykułów spożywczych i napojów. Poczęstunek może zorganizować obsługa Kawiarenki w Willi Fitznera &#8211; tel. 796 888 625</strong></p>
<p>Koszt urodzin: 500 zł/10 os.</p>
<p>Czas trwania zabawy: 2 h</p>
<p>Maksymalna liczba osób: 10 osób</p>
<p>Informacje / rezerwacje:<br />
Celina Bagińska-Włodarek, tel. 789-046-775</p>
<p>Adres Pracowni:</p>
<p><span class="s2">I Liceum Ogólnokształcące im. J.Śniadeckiego</span><br />
ul. Stanisława Wyspiańskiego 5<br />
41-100 Siemianowice Śląskie</p>

<p>Jeśli brakuje Państwu pomysłu na zorganizowanie nietuzinkowych urodzin dla swoich pociech, zapraszamy do odwiedzenia Pracowni Zajęć Kreatywnych H20. Dwie godziny niesamowitej zabawy pod okiem Pana Majsterklepki! 7 stanowisk przystosowanych do eksperymentowania i poznawania świata fizyki poprzez zabawę! Urodziny można zorganizować od poniedziałku do soboty w godzinach popołudniowych (do uzgodnienia). W Pracowni nie ma możliwości zorganizowania [&hellip;]</p>
