{"id":10740,"date":"2019-01-18T14:10:04","date_gmt":"2019-01-18T13:10:04","guid":{"rendered":"https:\/\/siemck.pl\/?page_id=10740"},"modified":"2025-05-06T10:01:55","modified_gmt":"2025-05-06T08:01:55","slug":"o-pracowni-kontakt","status":"publish","type":"page","link":"https:\/\/www.siemck.pl\/o-pracowni-kontakt\/","title":{"rendered":"O pracowni \/ Kontakt"},"content":{"rendered":"<p>[vc_row][vc_column][vc_row_inner][vc_column_inner width=&#8221;1\/2&#8243;][vc_column_text]<\/p>\n<p class=\"p1\"><span class=\"s1\"><b>Kontakt<\/b><\/span><\/p>\n<p class=\"p2\"><span class=\"s2\">Informacje \/ rezerwacje:<br \/>\n<strong>Celina Bagi\u0144ska-W\u0142odarek<br \/>\ntel.\u00a0 789 046 775<\/strong><\/span><\/p>\n<p>[\/vc_column_text][\/vc_column_inner][vc_column_inner width=&#8221;1\/2&#8243;][vc_column_text]<strong><span class=\"s2\">Adres Pracowni<\/span><\/strong><\/p>\n<p><span class=\"s2\">I Liceum Og\u00f3lnokszta\u0142c\u0105ce im. J.\u015aniadeckiego<br \/>\nul. Stanis\u0142awa Wyspia\u0144skiego 5<br \/>\n41-100 Siemianowice \u015al\u0105skie<\/span>[\/vc_column_text][\/vc_column_inner][\/vc_row_inner][vc_row_inner][vc_column_inner][vc_gmaps link=&#8221;#E-8_JTNDaWZyYW1lJTIwc3JjJTNEJTIyaHR0cHMlM0ElMkYlMkZ3d3cuZ29vZ2xlLmNvbSUyRm1hcHMlMkZlbWJlZCUzRnBiJTNEJTIxMW0xOCUyMTFtMTIlMjExbTMlMjExZDI1NDguNDA3MDYyMDc3NTYwNiUyMTJkMTkuMDI1OTIyNzc2MjQ3MDA4JTIxM2Q1MC4zMDI5OTUxOTc5NzAzMyUyMTJtMyUyMTFmMCUyMTJmMCUyMTNmMCUyMTNtMiUyMTFpMTAyNCUyMTJpNzY4JTIxNGYxMy4xJTIxM20zJTIxMW0yJTIxMXMweDQ3MTZkMWQ0M2ZiNzNkMWQlMjUzQTB4ZGY0MjI1YzQwZWM0YmEyMyUyMTJzUHJhY293bmlhJTI1MjBrcmVhdHl3bmElMjUyMEgyTyUyMTVlMCUyMTNtMiUyMTFzcGwlMjEyc3BsJTIxNHYxNzE0MTI5ODIxNDkyJTIxNW0yJTIxMXNwbCUyMTJzcGwlMjIlMjB3aWR0aCUzRCUyMjYwMCUyMiUyMGhlaWdodCUzRCUyMjQ1MCUyMiUyMHN0eWxlJTNEJTIyYm9yZGVyJTNBMCUzQiUyMiUyMGFsbG93ZnVsbHNjcmVlbiUzRCUyMiUyMiUyMGxvYWRpbmclM0QlMjJsYXp5JTIyJTIwcmVmZXJyZXJwb2xpY3klM0QlMjJuby1yZWZlcnJlci13aGVuLWRvd25ncmFkZSUyMiUzRSUzQyUyRmlmcmFtZSUzRQ==&#8221;][\/vc_column_inner][\/vc_row_inner][vc_row_inner][vc_column_inner][vc_custom_heading text=&#8221;O pracowni&#8221; google_fonts=&#8221;font_family:Noto%20Sans%3Aregular%2Citalic%2C700%2C700italic|font_style:700%20bold%20regular%3A700%3Anormal&#8221;][vc_column_text]<\/p>\n<p class=\"p1\"><span class=\"s1\">W Pracowni Zaj\u0119\u0107 Kreatywnych H2O, na 7 specjalistycznych stanowiskach, uczestnicy mog\u0105 bawi\u0107 si\u0119 i eksperymentowa\u0107:<\/span><\/p>\n<ul>\n<li class=\"p1\"><span class=\"s1\">Wod\u0105<\/span><\/li>\n<li class=\"p1\"><span class=\"s1\">Par\u0105 wodn\u0105 (o temperaturze pokojowej)<\/span><\/li>\n<li class=\"p1\"><span class=\"s1\">Powietrzem spr\u0119\u017conym (o bezpiecznych parametrach)<\/span><\/li>\n<li class=\"p1\"><span class=\"s1\">Pr\u0105dem elektrycznym (o niskim napi\u0119ciu)<\/span><\/li>\n<li class=\"p1\"><span class=\"s1\">\u015awiat\u0142em<\/span><\/li>\n<\/ul>\n<p class=\"p3\"><span class=\"s1\">Pracownia H<\/span><span class=\"s2\"><sub>2<\/sub><\/span><span class=\"s1\">O, to ciekawa przygoda z fizyk\u0105, kt\u00f3ra jest niepowtarzalnym prze\u017cyciem dla dzieci! W zale\u017cno\u015bci od wieku i potrzeb m\u0142odych eksperymentator\u00f3w k\u0142adziemy g\u0142\u00f3wny nacisk na ZABAW\u0118 (makiety modelarskie, mechaniczne zabawy zr\u0119czno\u015bciowe, pneumatyczne Lego) lub przesuwamy akcent na WALOR EDUKACYJNY (do\u015bwiadczenia z barw\u0105, \u015bwiat\u0142em, optyk\u0105, prostymi maszynami). Zaj\u0119cia w Pracowni H<\/span><span class=\"s2\"><sub>2<\/sub><\/span><span class=\"s1\">O prowadzi znakomity Pan Majsterklepka, kt\u00f3ry wprowadza w spos\u00f3b niespotykany w \u015bwiat nauk \u015bcis\u0142ych.<\/span><\/p>\n<p class=\"p4\"><span class=\"s1\">Andrzej Lebek (Pan Majsterklepka) \u2013 pomys\u0142odawca pracowni \u2013 dotychczasowo prowadzi\u0142 swoje zaj\u0119cia w wielu plac\u00f3wkach o\u015bwiatowych oraz instytucjach kultury na terenie \u015al\u0105ska i Polski. Realizator 4-letniego kontraktu z Ambasad\u0105 USA na prowadzenie warsztat\u00f3w dla dzieci \u201eMakerspace\u201d w o\u015brodkach informacji i kultury ameryka\u0144skiej \u201eAmerican Corner\u201d. Trener inicjatywy \u201eTatoNet\u201d pracuj\u0105cej na rzecz ojc\u00f3w pragn\u0105cych rozwija\u0107 swoje umiej\u0119tno\u015bci rodzicielskie. Bohater reporta\u017cu Barbary Jendrzejczyk: \u201eInspiruj\u0105cy tata\u201d,<br \/>\nw kt\u00f3rym przybli\u017cy\u0142 szczeg\u00f3\u0142y w\u0142asnego dzieci\u0144stwa oraz swoich dzieci.<\/span><\/p>\n<p class=\"p4\"><span class=\"s1\">Jeste\u015bmy do Pa\u0144stwa dyspozycji w innowacyjnej Pracowni, kt\u00f3ra stanowi cz\u0119\u015b\u0107 oferty edukacyjnej Siemianowickiego Centrum Kultury i mie\u015bci si\u0119 w\u00a0<b>budynku Zespo\u0142u Szk\u00f3\u0142 nr 2 przy ul. Stanis\u0142awa Wyspia\u0144skiego 5 w Siemianowicach \u015al\u0105skich.<\/b><\/span><\/p>\n<p>[\/vc_column_text][\/vc_column_inner][\/vc_row_inner][vc_row_inner][vc_column_inner][vc_gallery type=&#8221;nivo&#8221; interval=&#8221;10&#8243; images=&#8221;25155,25154,25153,25152,25151,25150,25149,25148&#8243; img_size=&#8221;1906&#215;1138&#8243; onclick=&#8221;&#8221; css_animation=&#8221;fadeIn&#8221; title=&#8221;Galeria&#8221;][\/vc_column_inner][\/vc_row_inner][vc_row_inner][vc_column_inner][vc_custom_heading text=&#8221;Najcz\u0119\u015bciej zadawane pytania&#8221; google_fonts=&#8221;font_family:Noto%20Sans%3Aregular%2Citalic%2C700%2C700italic|font_style:700%20bold%20regular%3A700%3Anormal&#8221;][vc_column_text][\/vc_column_text][vc_column_text]<strong>Kiedy Pracownia jest czynna?<\/strong><\/p>\n<p>Pracownia jest otwarta w czasie sta\u0142ych zaj\u0119\u0107: w pi\u0105tki o godz. 17.00 oraz w soboty o godz. 11.00.<\/p>\n<p><strong>Czy opiekun te\u017c musi mie\u0107 bilet?<\/strong><\/p>\n<p>Ka\u017cda osoba pozostaj\u0105ca w Pracowni powinna posiada\u0107 bilet.<\/p>\n<p><strong>Czy mog\u0119 zostawi\u0107 dziecko samo na zaj\u0119ciach?<\/strong><\/p>\n<p>Je\u015bli dziecko jest samodzielne w zakresie podstawowych czynno\u015bci.<\/p>\n<p><strong>Czy mog\u0119 kupi\u0107 bilet na miejscu?<\/strong><\/p>\n<p>Nie ma mo\u017cliwo\u015bci zakupu bilet\u00f3w na miejscu. Mo\u017cna jednak zakupi\u0107 bilety online tak\u017ce tu\u017c przed zaj\u0119ciami, na stronie: bilety.siemck.pl<\/p>\n<p><strong>Czy musz\u0119 zapisywa\u0107 si\u0119 na zaj\u0119cia?<\/strong><\/p>\n<p>Nie prowadzimy zapis\u00f3w na zaj\u0119cia indywidualne. Wystarczy zakupi\u0107 bilet. Mo\u017cna to zrobi\u0107 online, tak\u017ce tu\u017c przed zaj\u0119ciami, je\u015bli b\u0119d\u0105 dost\u0119pne.<\/p>\n<p><strong>Chc\u0119 przyj\u015b\u0107 do Pracowni z klas\u0105, co musz\u0119 zrobi\u0107?<\/strong><\/p>\n<p>Ka\u017cda grupa zorganizowana mo\u017ce zarezerwowa\u0107 termin zaj\u0119\u0107 pod nr telefonu: 789 046\u00a0775.<\/p>\n<p><strong>Czy przedszkolaki mog\u0105 przyj\u015b\u0107 do H2O?<\/strong><\/p>\n<p>Zapraszamy dzieci od 5 roku \u017cycia.<\/p>\n<p><strong>Gdzie znajduje si\u0119 Pracownia Kreatywna H2O?<\/strong><\/p>\n<p>Zesp\u00f3\u0142 Szk\u00f3\u0142 nr 2 (powszechnie znany jako &#8222;\u015aniadek&#8221;)<\/p>\n<p>Stanis\u0142awa Wyspia\u0144skiego 5, 41-100 Siemianowice \u015al\u0105skie<\/p>\n<p><strong>Gdzie mo\u017cna kupi\u0107 bilety?<\/strong><\/p>\n<p>Online, na stronie: bilety.siemck.pl lub w oddzia\u0142ach Siemianowickiego Centrum Kultury: SCK Bytk\u00f3w, SCK Park Tradycji, SCK Willa Fitznera, SCK Zameczek, SCK Jarz\u0119bina.[\/vc_column_text][\/vc_column_inner][\/vc_row_inner][\/vc_column][\/vc_row]<\/p>\n","protected":false},"excerpt":{"rendered":"<p>[vc_row][vc_column][vc_row_inner][vc_column_inner width=&#8221;1\/2&#8243;][vc_column_text] Kontakt Informacje \/ rezerwacje: Celina Bagi\u0144ska-W\u0142odarek tel.\u00a0 789 046 775 [\/vc_column_text][\/vc_column_inner][vc_column_inner width=&#8221;1\/2&#8243;][vc_column_text]Adres Pracowni I Liceum Og\u00f3lnokszta\u0142c\u0105ce im. J.\u015aniadeckiego ul. Stanis\u0142awa Wyspia\u0144skiego 5 41-100 Siemianowice \u015al\u0105skie[\/vc_column_text][\/vc_column_inner][\/vc_row_inner][vc_row_inner][vc_column_inner][vc_gmaps link=&#8221;#E-8_JTNDaWZyYW1lJTIwc3JjJTNEJTIyaHR0cHMlM0ElMkYlMkZ3d3cuZ29vZ2xlLmNvbSUyRm1hcHMlMkZlbWJlZCUzRnBiJTNEJTIxMW0xOCUyMTFtMTIlMjExbTMlMjExZDI1NDguNDA3MDYyMDc3NTYwNiUyMTJkMTkuMDI1OTIyNzc2MjQ3MDA4JTIxM2Q1MC4zMDI5OTUxOTc5NzAzMyUyMTJtMyUyMTFmMCUyMTJmMCUyMTNmMCUyMTNtMiUyMTFpMTAyNCUyMTJpNzY4JTIxNGYxMy4xJTIxM20zJTIxMW0yJTIxMXMweDQ3MTZkMWQ0M2ZiNzNkMWQlMjUzQTB4ZGY0MjI1YzQwZWM0YmEyMyUyMTJzUHJhY293bmlhJTI1MjBrcmVhdHl3bmElMjUyMEgyTyUyMTVlMCUyMTNtMiUyMTFzcGwlMjEyc3BsJTIxNHYxNzE0MTI5ODIxNDkyJTIxNW0yJTIxMXNwbCUyMTJzcGwlMjIlMjB3aWR0aCUzRCUyMjYwMCUyMiUyMGhlaWdodCUzRCUyMjQ1MCUyMiUyMHN0eWxlJTNEJTIyYm9yZGVyJTNBMCUzQiUyMiUyMGFsbG93ZnVsbHNjcmVlbiUzRCUyMiUyMiUyMGxvYWRpbmclM0QlMjJsYXp5JTIyJTIwcmVmZXJyZXJwb2xpY3klM0QlMjJuby1yZWZlcnJlci13aGVuLWRvd25ncmFkZSUyMiUzRSUzQyUyRmlmcmFtZSUzRQ==&#8221;][\/vc_column_inner][\/vc_row_inner][vc_row_inner][vc_column_inner][vc_custom_heading text=&#8221;O pracowni&#8221; google_fonts=&#8221;font_family:Noto%20Sans%3Aregular%2Citalic%2C700%2C700italic|font_style:700%20bold%20regular%3A700%3Anormal&#8221;][vc_column_text] W Pracowni Zaj\u0119\u0107 Kreatywnych H2O, na 7 specjalistycznych stanowiskach, uczestnicy mog\u0105 bawi\u0107 si\u0119 i eksperymentowa\u0107: Wod\u0105 Par\u0105 wodn\u0105 (o temperaturze pokojowej) Powietrzem spr\u0119\u017conym (o [&hellip;]<\/p>\n","protected":false},"author":1,"featured_media":0,"parent":0,"menu_order":0,"comment_status":"closed","ping_status":"closed","template":"page_fullwidth.php","meta":[],"_links":{"self":[{"href":"https:\/\/www.siemck.pl\/wp-json\/wp\/v2\/pages\/10740"}],"collection":[{"href":"https:\/\/www.siemck.pl\/wp-json\/wp\/v2\/pages"}],"about":[{"href":"https:\/\/www.siemck.pl\/wp-json\/wp\/v2\/types\/page"}],"author":[{"embeddable":true,"href":"https:\/\/www.siemck.pl\/wp-json\/wp\/v2\/users\/1"}],"replies":[{"embeddable":true,"href":"https:\/\/www.siemck.pl\/wp-json\/wp\/v2\/comments?post=10740"}],"version-history":[{"count":54,"href":"https:\/\/www.siemck.pl\/wp-json\/wp\/v2\/pages\/10740\/revisions"}],"predecessor-version":[{"id":28399,"href":"https:\/\/www.siemck.pl\/wp-json\/wp\/v2\/pages\/10740\/revisions\/28399"}],"wp:attachment":[{"href":"https:\/\/www.siemck.pl\/wp-json\/wp\/v2\/media?parent=10740"}],"curies":[{"name":"wp","href":"https:\/\/api.w.org\/{rel}","templated":true}]}}

<p>[vc_row][vc_column][vc_row_inner][vc_column_inner width=&#8221;1/2&#8243;][vc_column_text]</p>
<p class="p1"><span class="s1"><b>Kontakt</b></span></p>
<p class="p2"><span class="s2">Informacje / rezerwacje:<br />
<strong>Celina Bagińska-Włodarek<br />
tel.  789 046 775</strong></span></p>
<p>[/vc_column_text][/vc_column_inner][vc_column_inner width=&#8221;1/2&#8243;][vc_column_text]<strong><span class="s2">Adres Pracowni</span></strong></p>
<p><span class="s2">I Liceum Ogólnokształcące im. J.Śniadeckiego<br />
ul. Stanisława Wyspiańskiego 5<br />
41-100 Siemianowice Śląskie</span>[/vc_column_text][/vc_column_inner][/vc_row_inner][vc_row_inner][vc_column_inner][vc_gmaps link=&#8221;#E-8_JTNDaWZyYW1lJTIwc3JjJTNEJTIyaHR0cHMlM0ElMkYlMkZ3d3cuZ29vZ2xlLmNvbSUyRm1hcHMlMkZlbWJlZCUzRnBiJTNEJTIxMW0xOCUyMTFtMTIlMjExbTMlMjExZDI1NDguNDA3MDYyMDc3NTYwNiUyMTJkMTkuMDI1OTIyNzc2MjQ3MDA4JTIxM2Q1MC4zMDI5OTUxOTc5NzAzMyUyMTJtMyUyMTFmMCUyMTJmMCUyMTNmMCUyMTNtMiUyMTFpMTAyNCUyMTJpNzY4JTIxNGYxMy4xJTIxM20zJTIxMW0yJTIxMXMweDQ3MTZkMWQ0M2ZiNzNkMWQlMjUzQTB4ZGY0MjI1YzQwZWM0YmEyMyUyMTJzUHJhY293bmlhJTI1MjBrcmVhdHl3bmElMjUyMEgyTyUyMTVlMCUyMTNtMiUyMTFzcGwlMjEyc3BsJTIxNHYxNzE0MTI5ODIxNDkyJTIxNW0yJTIxMXNwbCUyMTJzcGwlMjIlMjB3aWR0aCUzRCUyMjYwMCUyMiUyMGhlaWdodCUzRCUyMjQ1MCUyMiUyMHN0eWxlJTNEJTIyYm9yZGVyJTNBMCUzQiUyMiUyMGFsbG93ZnVsbHNjcmVlbiUzRCUyMiUyMiUyMGxvYWRpbmclM0QlMjJsYXp5JTIyJTIwcmVmZXJyZXJwb2xpY3klM0QlMjJuby1yZWZlcnJlci13aGVuLWRvd25ncmFkZSUyMiUzRSUzQyUyRmlmcmFtZSUzRQ==&#8221;][/vc_column_inner][/vc_row_inner][vc_row_inner][vc_column_inner][vc_custom_heading text=&#8221;O pracowni&#8221; google_fonts=&#8221;font_family:Noto%20Sans%3Aregular%2Citalic%2C700%2C700italic|font_style:700%20bold%20regular%3A700%3Anormal&#8221;][vc_column_text]</p>
<p class="p1"><span class="s1">W Pracowni Zajęć Kreatywnych H2O, na 7 specjalistycznych stanowiskach, uczestnicy mogą bawić się i eksperymentować:</span></p>
<ul>
<li class="p1"><span class="s1">Wodą</span></li>
<li class="p1"><span class="s1">Parą wodną (o temperaturze pokojowej)</span></li>
<li class="p1"><span class="s1">Powietrzem sprężonym (o bezpiecznych parametrach)</span></li>
<li class="p1"><span class="s1">Prądem elektrycznym (o niskim napięciu)</span></li>
<li class="p1"><span class="s1">Światłem</span></li>
</ul>
<p class="p3"><span class="s1">Pracownia H</span><span class="s2"><sub>2</sub></span><span class="s1">O, to ciekawa przygoda z fizyką, która jest niepowtarzalnym przeżyciem dla dzieci! W zależności od wieku i potrzeb młodych eksperymentatorów kładziemy główny nacisk na ZABAWĘ (makiety modelarskie, mechaniczne zabawy zręcznościowe, pneumatyczne Lego) lub przesuwamy akcent na WALOR EDUKACYJNY (doświadczenia z barwą, światłem, optyką, prostymi maszynami). Zajęcia w Pracowni H</span><span class="s2"><sub>2</sub></span><span class="s1">O prowadzi znakomity Pan Majsterklepka, który wprowadza w sposób niespotykany w świat nauk ścisłych.</span></p>
<p class="p4"><span class="s1">Andrzej Lebek (Pan Majsterklepka) – pomysłodawca pracowni – dotychczasowo prowadził swoje zajęcia w wielu placówkach oświatowych oraz instytucjach kultury na terenie Śląska i Polski. Realizator 4-letniego kontraktu z Ambasadą USA na prowadzenie warsztatów dla dzieci „Makerspace” w ośrodkach informacji i kultury amerykańskiej „American Corner”. Trener inicjatywy „TatoNet” pracującej na rzecz ojców pragnących rozwijać swoje umiejętności rodzicielskie. Bohater reportażu Barbary Jendrzejczyk: „Inspirujący tata”,<br />
w którym przybliżył szczegóły własnego dzieciństwa oraz swoich dzieci.</span></p>
<p class="p4"><span class="s1">Jesteśmy do Państwa dyspozycji w innowacyjnej Pracowni, która stanowi część oferty edukacyjnej Siemianowickiego Centrum Kultury i mieści się w <b>budynku Zespołu Szkół nr 2 przy ul. Stanisława Wyspiańskiego 5 w Siemianowicach Śląskich.</b></span></p>
<p>[/vc_column_text][/vc_column_inner][/vc_row_inner][vc_row_inner][vc_column_inner][vc_gallery type=&#8221;nivo&#8221; interval=&#8221;10&#8243; images=&#8221;25155,25154,25153,25152,25151,25150,25149,25148&#8243; img_size=&#8221;1906&#215;1138&#8243; onclick=&#8221;&#8221; css_animation=&#8221;fadeIn&#8221; title=&#8221;Galeria&#8221;][/vc_column_inner][/vc_row_inner][vc_row_inner][vc_column_inner][vc_custom_heading text=&#8221;Najczęściej zadawane pytania&#8221; google_fonts=&#8221;font_family:Noto%20Sans%3Aregular%2Citalic%2C700%2C700italic|font_style:700%20bold%20regular%3A700%3Anormal&#8221;][vc_column_text][/vc_column_text][vc_column_text]<strong>Kiedy Pracownia jest czynna?</strong></p>
<p>Pracownia jest otwarta w czasie stałych zajęć: w piątki o godz. 17.00 oraz w soboty o godz. 11.00.</p>
<p><strong>Czy opiekun też musi mieć bilet?</strong></p>
<p>Każda osoba pozostająca w Pracowni powinna posiadać bilet.</p>
<p><strong>Czy mogę zostawić dziecko samo na zajęciach?</strong></p>
<p>Jeśli dziecko jest samodzielne w zakresie podstawowych czynności.</p>
<p><strong>Czy mogę kupić bilet na miejscu?</strong></p>
<p>Nie ma możliwości zakupu biletów na miejscu. Można jednak zakupić bilety online także tuż przed zajęciami, na stronie: bilety.siemck.pl</p>
<p><strong>Czy muszę zapisywać się na zajęcia?</strong></p>
<p>Nie prowadzimy zapisów na zajęcia indywidualne. Wystarczy zakupić bilet. Można to zrobić online, także tuż przed zajęciami, jeśli będą dostępne.</p>
<p><strong>Chcę przyjść do Pracowni z klasą, co muszę zrobić?</strong></p>
<p>Każda grupa zorganizowana może zarezerwować termin zajęć pod nr telefonu: 789 046 775.</p>
<p><strong>Czy przedszkolaki mogą przyjść do H2O?</strong></p>
<p>Zapraszamy dzieci od 5 roku życia.</p>
<p><strong>Gdzie znajduje się Pracownia Kreatywna H2O?</strong></p>
<p>Zespół Szkół nr 2 (powszechnie znany jako &#8222;Śniadek&#8221;)</p>
<p>Stanisława Wyspiańskiego 5, 41-100 Siemianowice Śląskie</p>
<p><strong>Gdzie można kupić bilety?</strong></p>
<p>Online, na stronie: bilety.siemck.pl lub w oddziałach Siemianowickiego Centrum Kultury: SCK Bytków, SCK Park Tradycji, SCK Willa Fitznera, SCK Zameczek, SCK Jarzębina.[/vc_column_text][/vc_column_inner][/vc_row_inner][/vc_column][/vc_row]</p>

<p>[vc_row][vc_column][vc_row_inner][vc_column_inner width=&#8221;1/2&#8243;][vc_column_text] Kontakt Informacje / rezerwacje: Celina Bagińska-Włodarek tel.  789 046 775 [/vc_column_text][/vc_column_inner][vc_column_inner width=&#8221;1/2&#8243;][vc_column_text]Adres Pracowni I Liceum Ogólnokształcące im. J.Śniadeckiego ul. Stanisława Wyspiańskiego 5 41-100 Siemianowice Śląskie[/vc_column_text][/vc_column_inner][/vc_row_inner][vc_row_inner][vc_column_inner][vc_gmaps link=&#8221;#E-8_JTNDaWZyYW1lJTIwc3JjJTNEJTIyaHR0cHMlM0ElMkYlMkZ3d3cuZ29vZ2xlLmNvbSUyRm1hcHMlMkZlbWJlZCUzRnBiJTNEJTIxMW0xOCUyMTFtMTIlMjExbTMlMjExZDI1NDguNDA3MDYyMDc3NTYwNiUyMTJkMTkuMDI1OTIyNzc2MjQ3MDA4JTIxM2Q1MC4zMDI5OTUxOTc5NzAzMyUyMTJtMyUyMTFmMCUyMTJmMCUyMTNmMCUyMTNtMiUyMTFpMTAyNCUyMTJpNzY4JTIxNGYxMy4xJTIxM20zJTIxMW0yJTIxMXMweDQ3MTZkMWQ0M2ZiNzNkMWQlMjUzQTB4ZGY0MjI1YzQwZWM0YmEyMyUyMTJzUHJhY293bmlhJTI1MjBrcmVhdHl3bmElMjUyMEgyTyUyMTVlMCUyMTNtMiUyMTFzcGwlMjEyc3BsJTIxNHYxNzE0MTI5ODIxNDkyJTIxNW0yJTIxMXNwbCUyMTJzcGwlMjIlMjB3aWR0aCUzRCUyMjYwMCUyMiUyMGhlaWdodCUzRCUyMjQ1MCUyMiUyMHN0eWxlJTNEJTIyYm9yZGVyJTNBMCUzQiUyMiUyMGFsbG93ZnVsbHNjcmVlbiUzRCUyMiUyMiUyMGxvYWRpbmclM0QlMjJsYXp5JTIyJTIwcmVmZXJyZXJwb2xpY3klM0QlMjJuby1yZWZlcnJlci13aGVuLWRvd25ncmFkZSUyMiUzRSUzQyUyRmlmcmFtZSUzRQ==&#8221;][/vc_column_inner][/vc_row_inner][vc_row_inner][vc_column_inner][vc_custom_heading text=&#8221;O pracowni&#8221; google_fonts=&#8221;font_family:Noto%20Sans%3Aregular%2Citalic%2C700%2C700italic|font_style:700%20bold%20regular%3A700%3Anormal&#8221;][vc_column_text] W Pracowni Zajęć Kreatywnych H2O, na 7 specjalistycznych stanowiskach, uczestnicy mogą bawić się i eksperymentować: Wodą Parą wodną (o temperaturze pokojowej) Powietrzem sprężonym (o [&hellip;]</p>
